Back to Multiple platform build/check report for BioC 3.13 experimental data |
|
This page was generated on 2021-01-21 16:01:09 -0500 (Thu, 21 Jan 2021).
TO THE DEVELOPERS/MAINTAINERS OF THE facsDorit PACKAGE: Please make sure to use the following settings in order to reproduce any error or warning you see on this page. |
Package 116/386 | Hostname | OS / Arch | INSTALL | BUILD | CHECK | ||||||
Florian Hahne
| malbec2 | Linux (Ubuntu 20.04.1 LTS) / x86_64 | ERROR | OK | [ ERROR ] | ||||||
riesling1 | Windows Server 2019 Standard / x64 | ERROR | OK | ERROR |
Package: facsDorit |
Version: 1.33.1 |
Command: /home/biocbuild/bbs-3.13-bioc/R/bin/R CMD check --install=check:facsDorit.install-out.txt --library=/home/biocbuild/bbs-3.13-bioc/R/library --no-vignettes --timings facsDorit_1.33.1.tar.gz |
StartedAt: 2021-01-21 12:01:25 -0500 (Thu, 21 Jan 2021) |
EndedAt: 2021-01-21 12:01:32 -0500 (Thu, 21 Jan 2021) |
EllapsedTime: 6.4 seconds |
RetCode: 1 |
Status: ERROR |
CheckDir: facsDorit.Rcheck |
Warnings: NA |
############################################################################## ############################################################################## ### ### Running command: ### ### /home/biocbuild/bbs-3.13-bioc/R/bin/R CMD check --install=check:facsDorit.install-out.txt --library=/home/biocbuild/bbs-3.13-bioc/R/library --no-vignettes --timings facsDorit_1.33.1.tar.gz ### ############################################################################## ############################################################################## * using log directory ‘/home/biocbuild/bbs-3.13-data-experiment/meat/facsDorit.Rcheck’ * using R Under development (unstable) (2021-01-05 r79797) * using platform: x86_64-pc-linux-gnu (64-bit) * using session charset: UTF-8 * using option ‘--no-vignettes’ * checking for file ‘facsDorit/DESCRIPTION’ ... OK * this is package ‘facsDorit’ version ‘1.33.1’ * checking package namespace information ... OK * checking package dependencies ... ERROR Package required but not available: ‘prada’ See section ‘The DESCRIPTION file’ in the ‘Writing R Extensions’ manual. * DONE Status: 1 ERROR See ‘/home/biocbuild/bbs-3.13-data-experiment/meat/facsDorit.Rcheck/00check.log’ for details.