Back to Multiple platform build/check report for BioC 3.13 experimental data
AB[C]DEFGHIJKLMNOPQRSTUVWXYZ

CHECK report for ChIPXpressData on malbec2

This page was generated on 2021-01-14 15:58:58 -0500 (Thu, 14 Jan 2021).

TO THE DEVELOPERS/MAINTAINERS OF THE ChIPXpressData PACKAGE: Please make sure to use the following settings in order to reproduce any error or warning you see on this page.
Package 62/385HostnameOS / ArchINSTALLBUILDCHECK
ChIPXpressData 1.29.0
George Wu
Snapshot Date: 2021-01-14 09:00:13 -0500 (Thu, 14 Jan 2021)
URL: https://git.bioconductor.org/packages/ChIPXpressData
Branch: master
Last Commit: 761a41d
Last Changed Date: 2020-10-27 09:57:08 -0500 (Tue, 27 Oct 2020)
malbec2 Linux (Ubuntu 20.04.1 LTS) / x86_64  OK  OK [ WARNINGS ]UNNEEDED, same version exists in internal repository
riesling1 Windows Server 2019 Standard / x64 ...NOT SUPPORTED...

Summary

Package: ChIPXpressData
Version: 1.29.0
Command: /home/biocbuild/bbs-3.13-bioc/R/bin/R CMD check --install=check:ChIPXpressData.install-out.txt --library=/home/biocbuild/bbs-3.13-bioc/R/library --no-vignettes --timings ChIPXpressData_1.29.0.tar.gz
StartedAt: 2021-01-14 11:50:48 -0500 (Thu, 14 Jan 2021)
EndedAt: 2021-01-14 11:54:32 -0500 (Thu, 14 Jan 2021)
EllapsedTime: 224.1 seconds
RetCode: 0
Status:  WARNINGS 
CheckDir: ChIPXpressData.Rcheck
Warnings: 1

Command output

##############################################################################
##############################################################################
###
### Running command:
###
###   /home/biocbuild/bbs-3.13-bioc/R/bin/R CMD check --install=check:ChIPXpressData.install-out.txt --library=/home/biocbuild/bbs-3.13-bioc/R/library --no-vignettes --timings ChIPXpressData_1.29.0.tar.gz
###
##############################################################################
##############################################################################


* using log directory ‘/home/biocbuild/bbs-3.13-data-experiment/meat/ChIPXpressData.Rcheck’
* using R Under development (unstable) (2021-01-05 r79797)
* using platform: x86_64-pc-linux-gnu (64-bit)
* using session charset: UTF-8
* using option ‘--no-vignettes’
* checking for file ‘ChIPXpressData/DESCRIPTION’ ... OK
* checking extension type ... Package
* this is package ‘ChIPXpressData’ version ‘1.29.0’
* checking package namespace information ... OK
* checking package dependencies ... OK
* checking if this is a source package ... OK
* checking if there is a namespace ... OK
* checking for hidden files and directories ... NOTE
Found the following hidden files and directories:
  .BBSoptions
  .git_fetch_output.txt
  .git_merge_output.txt
These were most likely included in error. See section ‘Package
structure’ in the ‘Writing R Extensions’ manual.
* checking for portable file names ... OK
* checking for sufficient/correct file permissions ... OK
* checking whether package ‘ChIPXpressData’ can be installed ... OK
* checking installed package size ... NOTE
  installed size is 4306.8Mb
  sub-directories of 1Mb or more:
    extdata  4305.9Mb
* checking package directory ... OK
* checking DESCRIPTION meta-information ... OK
* checking top-level files ... OK
* checking for left-over files ... OK
* checking index information ... OK
* checking package subdirectories ... OK
* checking whether the package can be loaded ... OK
* checking whether the package can be loaded with stated dependencies ... OK
* checking whether the package can be unloaded cleanly ... OK
* checking whether the namespace can be loaded with stated dependencies ... OK
* checking whether the namespace can be unloaded cleanly ... OK
* checking Rd files ... OK
* checking Rd metadata ... OK
* checking Rd cross-references ... OK
* checking for missing documentation entries ... OK
* checking for code/documentation mismatches ... OK
* checking Rd \usage sections ... OK
* checking Rd contents ... OK
* checking for unstated dependencies in examples ... OK
* checking contents of ‘data’ directory ... OK
* checking data for non-ASCII characters ... OK
* checking data for ASCII and uncompressed saves ... WARNING
  
  Note: significantly better compression could be obtained
        by using R CMD build --resave-data
                  old_size new_size compress
  GPL1261mean.rda    215Kb    181Kb       xz
  GPL1261var.rda     216Kb    189Kb       xz
  GPL570mean.rda     198Kb    159Kb       xz
  GPL570var.rda      209Kb    181Kb       xz
* checking examples ... OK
* checking PDF version of manual ... OK
* DONE

Status: 1 WARNING, 2 NOTEs
See
  ‘/home/biocbuild/bbs-3.13-data-experiment/meat/ChIPXpressData.Rcheck/00check.log’
for details.



Installation output

ChIPXpressData.Rcheck/00install.out

##############################################################################
##############################################################################
###
### Running command:
###
###   /home/biocbuild/bbs-3.13-bioc/R/bin/R CMD INSTALL ChIPXpressData
###
##############################################################################
##############################################################################


* installing to library ‘/home/biocbuild/bbs-3.13-bioc/R/library’
* installing *source* package ‘ChIPXpressData’ ...
** using staged installation
** data
** inst
** help
*** installing help indices
** building package indices
** testing if installed package can be loaded from temporary location
** testing if installed package can be loaded from final location
** testing if installed package keeps a record of temporary installation path
* DONE (ChIPXpressData)

Tests output


Example timings

ChIPXpressData.Rcheck/ChIPXpressData-Ex.timings

nameusersystemelapsed
DB_GPL1261.bigmemory0.0810.0320.125
DB_GPL570.bigmemory0.2420.0640.314
GPL1261mean0.0250.0000.026
GPL1261var0.0130.0000.013
GPL570mean0.0110.0030.014
GPL570var0.0120.0000.012