Back to Multiple platform build/check report for BioC 3.12
A[B]CDEFGHIJKLMNOPQRSTUVWXYZ

CHECK report for bridge on malbec1

This page was generated on 2020-08-07 11:15:22 -0400 (Fri, 07 Aug 2020).

TO THE DEVELOPERS/MAINTAINERS OF THE bridge PACKAGE: Please make sure to use the following settings in order to reproduce any error or warning you see on this page.
Package 199/1882HostnameOS / ArchINSTALLBUILDCHECKBUILD BIN
bridge 1.53.0
Raphael Gottardo
Snapshot Date: 2020-08-06 14:50:46 -0400 (Thu, 06 Aug 2020)
URL: https://git.bioconductor.org/packages/bridge
Branch: master
Last Commit: 4f3dcc9
Last Changed Date: 2020-04-27 14:11:24 -0400 (Mon, 27 Apr 2020)
malbec1 Linux (Ubuntu 18.04.4 LTS) / x86_64  OK  OK [ WARNINGS ]UNNEEDED, same version exists in internal repository
tokay1 Windows Server 2012 R2 Standard / x64  OK  OK  WARNINGS  OK UNNEEDED, same version exists in internal repository
merida1 macOS 10.14.6 Mojave / x86_64  OK  OK  OK  OK UNNEEDED, same version exists in internal repository

Summary

Package: bridge
Version: 1.53.0
Command: /home/biocbuild/bbs-3.12-bioc/R/bin/R CMD check --install=check:bridge.install-out.txt --library=/home/biocbuild/bbs-3.12-bioc/R/library --no-vignettes --timings bridge_1.53.0.tar.gz
StartedAt: 2020-08-06 22:38:10 -0400 (Thu, 06 Aug 2020)
EndedAt: 2020-08-06 22:38:27 -0400 (Thu, 06 Aug 2020)
EllapsedTime: 16.6 seconds
RetCode: 0
Status:  WARNINGS 
CheckDir: bridge.Rcheck
Warnings: 1

Command output

##############################################################################
##############################################################################
###
### Running command:
###
###   /home/biocbuild/bbs-3.12-bioc/R/bin/R CMD check --install=check:bridge.install-out.txt --library=/home/biocbuild/bbs-3.12-bioc/R/library --no-vignettes --timings bridge_1.53.0.tar.gz
###
##############################################################################
##############################################################################


* using log directory ‘/home/biocbuild/bbs-3.12-bioc/meat/bridge.Rcheck’
* using R version 4.0.2 (2020-06-22)
* using platform: x86_64-pc-linux-gnu (64-bit)
* using session charset: UTF-8
* using option ‘--no-vignettes’
* checking for file ‘bridge/DESCRIPTION’ ... OK
* this is package ‘bridge’ version ‘1.53.0’
* checking package namespace information ... OK
* checking package dependencies ... OK
* checking if this is a source package ... OK
* checking if there is a namespace ... OK
* checking for hidden files and directories ... OK
* checking for portable file names ... OK
* checking for sufficient/correct file permissions ... OK
* checking whether package ‘bridge’ can be installed ... WARNING
Found the following significant warnings:
  bridge2_util.c:763:10: warning: suggest parentheses around comparison in operand of ‘&’ [-Wparentheses]
  bridge2_util.c:771:10: warning: suggest parentheses around comparison in operand of ‘&’ [-Wparentheses]
  bridge2_util.c:818:10: warning: suggest parentheses around comparison in operand of ‘&’ [-Wparentheses]
  bridge2_util.c:826:10: warning: suggest parentheses around comparison in operand of ‘&’ [-Wparentheses]
  bridge2_util.c:875:10: warning: suggest parentheses around comparison in operand of ‘&’ [-Wparentheses]
  bridge2_util.c:884:10: warning: suggest parentheses around comparison in operand of ‘&’ [-Wparentheses]
  bridge2_util.c:961:10: warning: suggest parentheses around comparison in operand of ‘&’ [-Wparentheses]
  bridge2_util.c:969:10: warning: suggest parentheses around comparison in operand of ‘&’ [-Wparentheses]
  bridge3.c:332:28: warning: suggest parentheses around comparison in operand of ‘&’ [-Wparentheses]
See ‘/home/biocbuild/bbs-3.12-bioc/meat/bridge.Rcheck/00install.out’ for details.
* checking installed package size ... OK
* checking package directory ... OK
* checking ‘build’ directory ... OK
* checking DESCRIPTION meta-information ... OK
* checking top-level files ... OK
* checking for left-over files ... OK
* checking index information ... OK
* checking package subdirectories ... OK
* checking R files for non-ASCII characters ... OK
* checking R files for syntax errors ... OK
* checking whether the package can be loaded ... OK
* checking whether the package can be loaded with stated dependencies ... OK
* checking whether the package can be unloaded cleanly ... OK
* checking whether the namespace can be loaded with stated dependencies ... OK
* checking whether the namespace can be unloaded cleanly ... OK
* checking dependencies in R code ... NOTE
'library' or 'require' call to ‘rama’ which was already attached by Depends.
  Please remove these calls from your code.
Package in Depends field not imported from: ‘rama’
  These packages need to be imported from (in the NAMESPACE file)
  for when this namespace is loaded but not attached.
* checking S3 generic/method consistency ... OK
* checking replacement functions ... OK
* checking foreign function calls ... OK
* checking R code for possible problems ... NOTE
File ‘bridge/R/zzz.R’:
  .onLoad calls:
    require("rama", quietly = TRUE)

Package startup functions should not change the search path.
See section ‘Good practice’ in '?.onAttach'.

bridge.2samples: no visible global function definition for ‘var’
bridge.2samples: no visible global function definition for ‘median’
bridge.2samples: no visible global function definition for ‘mad’
bridge.3samples: no visible global function definition for ‘median’
bridge.3samples: no visible global function definition for ‘mad’
Undefined global functions or variables:
  mad median var
Consider adding
  importFrom("stats", "mad", "median", "var")
to your NAMESPACE file.
* checking Rd files ... OK
* checking Rd metadata ... OK
* checking Rd cross-references ... OK
* checking for missing documentation entries ... OK
* checking for code/documentation mismatches ... OK
* checking Rd \usage sections ... OK
* checking Rd contents ... OK
* checking for unstated dependencies in examples ... OK
* checking contents of ‘data’ directory ... OK
* checking data for non-ASCII characters ... OK
* checking data for ASCII and uncompressed saves ... OK
* checking line endings in C/C++/Fortran sources/headers ... OK
* checking compiled code ... NOTE
Note: information on .o files is not available
File ‘/home/biocbuild/bbs-3.12-bioc/R/library/bridge/libs/bridge.so’:
  Found ‘__printf_chk’, possibly from ‘printf’ (C)

Compiled code should not call entry points which might terminate R nor
write to stdout/stderr instead of to the console, nor use Fortran I/O
nor system RNGs. The detected symbols are linked into the code but
might come from libraries and not actually be called.

See ‘Writing portable packages’ in the ‘Writing R Extensions’ manual.
* checking files in ‘vignettes’ ... OK
* checking examples ... OK
* checking for unstated dependencies in vignettes ... OK
* checking package vignettes in ‘inst/doc’ ... OK
* checking running R code from vignettes ... SKIPPED
* checking re-building of vignette outputs ... SKIPPED
* checking PDF version of manual ... OK
* DONE

Status: 1 WARNING, 3 NOTEs
See
  ‘/home/biocbuild/bbs-3.12-bioc/meat/bridge.Rcheck/00check.log’
for details.



Installation output

bridge.Rcheck/00install.out

##############################################################################
##############################################################################
###
### Running command:
###
###   /home/biocbuild/bbs-3.12-bioc/R/bin/R CMD INSTALL bridge
###
##############################################################################
##############################################################################


* installing to library ‘/home/biocbuild/bbs-3.12-bioc/R/library’
* installing *source* package ‘bridge’ ...
** using staged installation
** libs
gcc -I"/home/biocbuild/bbs-3.12-bioc/R/include" -DNDEBUG   -I/usr/local/include   -fpic  -g -O2  -Wall -c bridge2.affy.c -o bridge2.affy.o
bridge2.affy.c: In function ‘gene_express_2s’:
bridge2.affy.c:37:7: warning: unused variable ‘count_model’ [-Wunused-variable]
   int count_model=0;
       ^~~~~~~~~~~
bridge2.affy.c:36:7: warning: unused variable ‘old_model’ [-Wunused-variable]
   int old_model;
       ^~~~~~~~~
bridge2.affy.c: In function ‘up_date_w2’:
bridge2.affy.c:302:3: warning: implicit declaration of function ‘dirichlet’; did you mean ‘dirichlet2’? [-Wimplicit-function-declaration]
   dirichlet(gamma, 2, w);
   ^~~~~~~~~
   dirichlet2
bridge2.affy.c:282:10: warning: unused variable ‘w_new’ [-Wunused-variable]
   double w_new[2];
          ^~~~~
gcc -I"/home/biocbuild/bbs-3.12-bioc/R/include" -DNDEBUG   -I/usr/local/include   -fpic  -g -O2  -Wall -c bridge2.c -o bridge2.o
bridge2.c: In function ‘mcmc’:
bridge2.c:199:18: warning: unused variable ‘width_a’ [-Wunused-variable]
   double old_a=0,width_a=5;
                  ^~~~~~~
bridge2.c:199:10: warning: unused variable ‘old_a’ [-Wunused-variable]
   double old_a=0,width_a=5;
          ^~~~~
bridge2.c:198:18: warning: unused variable ‘width_b’ [-Wunused-variable]
   double old_b=0,width_b=5;
                  ^~~~~~~
bridge2.c:198:10: warning: unused variable ‘old_b’ [-Wunused-variable]
   double old_b=0,width_b=5;
          ^~~~~
bridge2.c:192:10: warning: unused variable ‘sum_res2’ [-Wunused-variable]
   double sum_res2;
          ^~~~~~~~
bridge2.c:191:10: warning: unused variable ‘sum_res1’ [-Wunused-variable]
   double sum_res1;
          ^~~~~~~~
bridge2.c:177:7: warning: unused variable ‘countp’ [-Wunused-variable]
   int countp=0;
       ^~~~~~
bridge2.c:175:7: warning: unused variable ‘countb_eps’ [-Wunused-variable]
   int countb_eps=0;
       ^~~~~~~~~~
bridge2.c:174:7: warning: unused variable ‘counta_eps’ [-Wunused-variable]
   int counta_eps=0;
       ^~~~~~~~~~
bridge2.c:173:7: warning: unused variable ‘counta’ [-Wunused-variable]
   int counta=0;
       ^~~~~~
bridge2.c:171:7: warning: unused variable ‘countrho’ [-Wunused-variable]
   int countrho=0;
       ^~~~~~~~
bridge2.c:166:22: warning: unused variable ‘b_eps_new’ [-Wunused-variable]
   double a_eps_new=0,b_eps_new=0;
                      ^~~~~~~~~
bridge2.c:166:10: warning: unused variable ‘a_eps_new’ [-Wunused-variable]
   double a_eps_new=0,b_eps_new=0;
          ^~~~~~~~~
bridge2.c:165:17: warning: unused variable ‘l_ab_new’ [-Wunused-variable]
   double l_ab=0,l_ab_new=0;
                 ^~~~~~~~
bridge2.c:165:10: warning: unused variable ‘l_ab’ [-Wunused-variable]
   double l_ab=0,l_ab_new=0;
          ^~~~
bridge2.c:164:24: warning: variable ‘mean_gamma2’ set but not used [-Wunused-but-set-variable]
   double mean_gamma1=0,mean_gamma2=0;
                        ^~~~~~~~~~~
bridge2.c:164:10: warning: variable ‘mean_gamma1’ set but not used [-Wunused-but-set-variable]
   double mean_gamma1=0,mean_gamma2=0;
          ^~~~~~~~~~~
bridge2.c:163:26: warning: unused variable ‘post_prec_eta’ [-Wunused-variable]
   double post_mean_eta=0,post_prec_eta=0;
                          ^~~~~~~~~~~~~
bridge2.c:163:10: warning: unused variable ‘post_mean_eta’ [-Wunused-variable]
   double post_mean_eta=0,post_prec_eta=0;
          ^~~~~~~~~~~~~
bridge2.c:162:28: warning: unused variable ‘post_prec_delta’ [-Wunused-variable]
   double post_mean_delta=0,post_prec_delta=0;
                            ^~~~~~~~~~~~~~~
bridge2.c:162:10: warning: unused variable ‘post_mean_delta’ [-Wunused-variable]
   double post_mean_delta=0,post_prec_delta=0;
          ^~~~~~~~~~~~~~~
bridge2.c:161:28: warning: unused variable ‘post_prec_alpha’ [-Wunused-variable]
   double post_mean_alpha=0,post_prec_alpha=0;
                            ^~~~~~~~~~~~~~~
bridge2.c:161:10: warning: unused variable ‘post_mean_alpha’ [-Wunused-variable]
   double post_mean_alpha=0,post_prec_alpha=0;
          ^~~~~~~~~~~~~~~
bridge2.c:160:27: warning: unused variable ‘post_prec_beta’ [-Wunused-variable]
   double post_mean_beta=0,post_prec_beta=0;
                           ^~~~~~~~~~~~~~
bridge2.c:160:10: warning: unused variable ‘post_mean_beta’ [-Wunused-variable]
   double post_mean_beta=0,post_prec_beta=0;
          ^~~~~~~~~~~~~~
bridge2.c:159:25: warning: unused variable ‘post_prec_mu’ [-Wunused-variable]
   double post_mean_mu=0,post_prec_mu=0;
                         ^~~~~~~~~~~~
bridge2.c:159:10: warning: unused variable ‘post_mean_mu’ [-Wunused-variable]
   double post_mean_mu=0,post_prec_mu=0;
          ^~~~~~~~~~~~
bridge2.c:154:19: warning: unused variable ‘dens_t_new’ [-Wunused-variable]
   double dens_t=0,dens_t_new=0;
                   ^~~~~~~~~~
bridge2.c:154:10: warning: unused variable ‘dens_t’ [-Wunused-variable]
   double dens_t=0,dens_t_new=0;
          ^~~~~~
bridge2.c:150:21: warning: variable ‘SSgammasd’ set but not used [-Wunused-but-set-variable]
   double SSgamma=0, SSgammasd=0;
                     ^~~~~~~~~
bridge2.c:150:10: warning: variable ‘SSgamma’ set but not used [-Wunused-but-set-variable]
   double SSgamma=0, SSgammasd=0;
          ^~~~~~~
bridge2.c:145:10: warning: unused variable ‘pi’ [-Wunused-variable]
   double pi=3.14;
          ^~
bridge2.c:143:19: warning: unused variable ‘dens_rho_new’ [-Wunused-variable]
   double dens_rho,dens_rho_new;
                   ^~~~~~~~~~~~
bridge2.c:143:10: warning: unused variable ‘dens_rho’ [-Wunused-variable]
   double dens_rho,dens_rho_new;
          ^~~~~~~~
bridge2.c:142:20: warning: unused variable ‘sum_rho_new’ [-Wunused-variable]
   double sum_rho=0,sum_rho_new=0;
                    ^~~~~~~~~~~
bridge2.c:142:10: warning: unused variable ‘sum_rho’ [-Wunused-variable]
   double sum_rho=0,sum_rho_new=0;
          ^~~~~~~
bridge2.c:138:10: warning: unused variable ‘rho_new’ [-Wunused-variable]
   double rho_new;
          ^~~~~~~
gcc -I"/home/biocbuild/bbs-3.12-bioc/R/include" -DNDEBUG   -I/usr/local/include   -fpic  -g -O2  -Wall -c bridge2_util.c -o bridge2_util.o
In file included from /home/biocbuild/bbs-3.12-bioc/R/include/R.h:91:0,
                 from bridge2_util.h:1,
                 from bridge2_util.c:1:
bridge2_util.c: In function ‘qr_solve’:
bridge2_util.c:570:14: warning: implicit declaration of function ‘dqrdc2_’ [-Wimplicit-function-declaration]
     F77_CALL(dqrdc2)(xt, &n, &n, &p, &tol, &rank,qraux, pivot, work);
              ^
/home/biocbuild/bbs-3.12-bioc/R/include/R_ext/RS.h:92:22: note: in definition of macro ‘F77_CALL’
 # define F77_CALL(x) x ## _
                      ^
bridge2_util.c:585:14: warning: implicit declaration of function ‘dqrcf_’; did you mean ‘sqrtf’? [-Wimplicit-function-declaration]
     F77_CALL(dqrcf)(xt, &n, &rank, qraux,yt, &n, coeft, &info);
              ^
/home/biocbuild/bbs-3.12-bioc/R/include/R_ext/RS.h:92:22: note: in definition of macro ‘F77_CALL’
 # define F77_CALL(x) x ## _
                      ^
bridge2_util.c:549:11: warning: unused variable ‘vmax’ [-Wunused-variable]
     char *vmax;
           ^~~~
bridge2_util.c: In function ‘inverse’:
bridge2_util.c:608:9: warning: unused variable ‘j’ [-Wunused-variable]
   int i,j;
         ^
bridge2_util.c: In function ‘product_mat_vec’:
bridge2_util.c:655:11: warning: unused variable ‘k’ [-Wunused-variable]
   int i,j,k;
           ^
bridge2_util.c: In function ‘slice_sampling_b’:
bridge2_util.c:763:10: warning: suggest parentheses around comparison in operand of ‘&’ [-Wparentheses]
   while(J>0 & z<log_f_L)
         ~^~
bridge2_util.c:771:10: warning: suggest parentheses around comparison in operand of ‘&’ [-Wparentheses]
   while(K>0 & z<log_f_R)
         ~^~
bridge2_util.c: In function ‘slice_sampling_a’:
bridge2_util.c:818:10: warning: suggest parentheses around comparison in operand of ‘&’ [-Wparentheses]
   while(J>0 & z<log_f_L)
         ~^~
bridge2_util.c:826:10: warning: suggest parentheses around comparison in operand of ‘&’ [-Wparentheses]
   while(K>0 & z<log_f_R)
         ~^~
bridge2_util.c: In function ‘slice_sampling_rho’:
bridge2_util.c:875:10: warning: suggest parentheses around comparison in operand of ‘&’ [-Wparentheses]
   while(J>0 & z<log_f_L)
         ~^~
bridge2_util.c:884:10: warning: suggest parentheses around comparison in operand of ‘&’ [-Wparentheses]
   while(K>0 & z<log_f_R)
         ~^~
bridge2_util.c: In function ‘slice_sampling_p’:
bridge2_util.c:961:10: warning: suggest parentheses around comparison in operand of ‘&’ [-Wparentheses]
   while(J>0 & z<log_f_L)
         ~^~
bridge2_util.c:969:10: warning: suggest parentheses around comparison in operand of ‘&’ [-Wparentheses]
   while(K>0 & z<log_f_R)
         ~^~
gcc -I"/home/biocbuild/bbs-3.12-bioc/R/include" -DNDEBUG   -I/usr/local/include   -fpic  -g -O2  -Wall -c bridge3.c -o bridge3.o
bridge3.c: In function ‘gene_express_3s’:
bridge3.c:38:7: warning: unused variable ‘count_model’ [-Wunused-variable]
   int count_model=0;
       ^~~~~~~~~~~
bridge3.c:37:7: warning: unused variable ‘old_model’ [-Wunused-variable]
   int old_model;
       ^~~~~~~~~
bridge3.c: In function ‘all_gibbs’:
bridge3.c:190:7: warning: variable ‘old_model’ set but not used [-Wunused-but-set-variable]
   int old_model;
       ^~~~~~~~~
bridge3.c: In function ‘gibbs_mu’:
bridge3.c:332:28: warning: suggest parentheses around comparison in operand of ‘&’ [-Wparentheses]
   else if((w_star[3]<u) & u<w_star[4])
                           ~^~~~~~~~~~
bridge3.c: In function ‘up_date_w’:
bridge3.c:362:10: warning: unused variable ‘w_new’ [-Wunused-variable]
   double w_new[5];
          ^~~~~
gcc -shared -L/home/biocbuild/bbs-3.12-bioc/R/lib -L/usr/local/lib -o bridge.so bridge2.affy.o bridge2.o bridge2_util.o bridge3.o -L/home/biocbuild/bbs-3.12-bioc/R/lib -lR
installing to /home/biocbuild/bbs-3.12-bioc/R/library/00LOCK-bridge/00new/bridge/libs
** R
** data
** byte-compile and prepare package for lazy loading
** help
*** installing help indices
** building package indices
** installing vignettes
** testing if installed package can be loaded from temporary location
** checking absolute paths in shared objects and dynamic libraries
** testing if installed package can be loaded from final location
** testing if installed package keeps a record of temporary installation path
* DONE (bridge)

Tests output


Example timings

bridge.Rcheck/bridge-Ex.timings

nameusersystemelapsed
bridge.2samples0.1800.0040.188
bridge.3samples0.0040.0000.006