Back to Multiple platform build/check report for BioC 3.12
A[B]CDEFGHIJKLMNOPQRSTUVWXYZ

CHECK report for biovizBase on malbec1

This page was generated on 2020-10-29 12:15:24 -0400 (Thu, 29 Oct 2020).

TO THE DEVELOPERS/MAINTAINERS OF THE biovizBase PACKAGE: Please make sure to use the following settings in order to reproduce any error or warning you see on this page.
Package 190/1974HostnameOS / ArchINSTALLBUILDCHECKBUILD BIN
biovizBase 1.38.0
Michael Lawrence
Snapshot Date: 2020-10-28 14:42:40 -0400 (Wed, 28 Oct 2020)
URL: https://git.bioconductor.org/packages/biovizBase
Branch: RELEASE_3_12
Last Commit: d0f3362
Last Changed Date: 2020-10-27 10:43:03 -0400 (Tue, 27 Oct 2020)
malbec1 Linux (Ubuntu 18.04.4 LTS) / x86_64  OK  OK [ WARNINGS ]UNNEEDED, same version exists in internal repository
nebbiolo1 Linux (Ubuntu 20.04.1 LTS) / x86_64  OK  OK  WARNINGS 
tokay1 Windows Server 2012 R2 Standard / x64  OK  OK  WARNINGS  OK UNNEEDED, same version exists in internal repository
merida1 macOS 10.14.6 Mojave / x86_64  OK  OK  WARNINGS  OK UNNEEDED, same version exists in internal repository

Summary

Package: biovizBase
Version: 1.38.0
Command: /home/biocbuild/bbs-3.12-bioc/R/bin/R CMD check --install=check:biovizBase.install-out.txt --library=/home/biocbuild/bbs-3.12-bioc/R/library --no-vignettes --timings biovizBase_1.38.0.tar.gz
StartedAt: 2020-10-29 00:22:16 -0400 (Thu, 29 Oct 2020)
EndedAt: 2020-10-29 00:29:13 -0400 (Thu, 29 Oct 2020)
EllapsedTime: 416.6 seconds
RetCode: 0
Status:  WARNINGS 
CheckDir: biovizBase.Rcheck
Warnings: 1

Command output

##############################################################################
##############################################################################
###
### Running command:
###
###   /home/biocbuild/bbs-3.12-bioc/R/bin/R CMD check --install=check:biovizBase.install-out.txt --library=/home/biocbuild/bbs-3.12-bioc/R/library --no-vignettes --timings biovizBase_1.38.0.tar.gz
###
##############################################################################
##############################################################################


* using log directory ‘/home/biocbuild/bbs-3.12-bioc/meat/biovizBase.Rcheck’
* using R version 4.0.3 (2020-10-10)
* using platform: x86_64-pc-linux-gnu (64-bit)
* using session charset: UTF-8
* using option ‘--no-vignettes’
* checking for file ‘biovizBase/DESCRIPTION’ ... OK
* this is package ‘biovizBase’ version ‘1.38.0’
* checking package namespace information ... OK
* checking package dependencies ... OK
* checking if this is a source package ... OK
* checking if there is a namespace ... OK
* checking for hidden files and directories ... OK
* checking for portable file names ... OK
* checking for sufficient/correct file permissions ... OK
* checking whether package ‘biovizBase’ can be installed ... OK
* checking installed package size ... OK
* checking package directory ... OK
* checking ‘build’ directory ... OK
* checking DESCRIPTION meta-information ... NOTE
Malformed Title field: should not end in a period.
* checking top-level files ... OK
* checking for left-over files ... OK
* checking index information ... OK
* checking package subdirectories ... OK
* checking R files for non-ASCII characters ... OK
* checking R files for syntax errors ... OK
* checking whether the package can be loaded ... OK
* checking whether the package can be loaded with stated dependencies ... OK
* checking whether the package can be unloaded cleanly ... OK
* checking whether the namespace can be loaded with stated dependencies ... OK
* checking whether the namespace can be unloaded cleanly ... OK
* checking dependencies in R code ... NOTE
'library' or 'require' calls in package code:
  'BSgenome' 'rtracklayer'
  Please use :: or requireNamespace() instead.
  See section 'Suggested packages' in the 'Writing R Extensions' manual.
* checking S3 generic/method consistency ... OK
* checking replacement functions ... OK
* checking foreign function calls ... OK
* checking R code for possible problems ... NOTE
genSymbols: no visible binding for global variable 'start_location'
genSymbols: no visible binding for global variable 'end_location'
genSymbols: no visible binding for global variable 'Chromosome'
genSymbols: no visible binding for global variable 'symbol'
transformToLinkInCircle: no visible binding for global variable
  '.circle.x'
transformToLinkInCircle: no visible binding for global variable
  '.circle.y'
transformToLinkInCircle : <anonymous>: no visible binding for global
  variable 'from.x'
transformToLinkInCircle : <anonymous>: no visible binding for global
  variable 'from.y'
transformToLinkInCircle : <anonymous>: no visible binding for global
  variable 'to.x'
transformToLinkInCircle : <anonymous>: no visible binding for global
  variable 'to.y'
mold,ExpressionSet: no visible global function definition for 'exprs'
mold,ExpressionSet: no visible global function definition for 'pData'
mold,RleList: no visible binding for global variable 'xRleList'
mold,eSet: no visible global function definition for 'phenoData'
mold,eSet: no visible global function definition for 'melt'
mold,eSet: no visible global function definition for 'varLabels'
Undefined global functions or variables:
  .circle.x .circle.y Chromosome end_location exprs from.x from.y melt
  pData phenoData start_location symbol to.x to.y varLabels xRleList
* checking Rd files ... OK
* checking Rd metadata ... OK
* checking Rd cross-references ... OK
* checking for missing documentation entries ... OK
* checking for code/documentation mismatches ... OK
* checking Rd \usage sections ... OK
* checking Rd contents ... OK
* checking for unstated dependencies in examples ... OK
* checking contents of ‘data’ directory ... OK
* checking data for non-ASCII characters ... OK
* checking data for ASCII and uncompressed saves ... OK
* checking line endings in C/C++/Fortran sources/headers ... OK
* checking compiled code ... NOTE
Note: information on .o files is not available
* checking files in ‘vignettes’ ... OK
* checking examples ... WARNING
Found the following significant warnings:

  Warning: 'GenenameFilter' is deprecated.
Deprecated functions may be defunct as soon as of the next release of
R.
See ?Deprecated.
Examples with CPU (user + system) or elapsed time > 5s
                user system elapsed
crunch-method 21.012  0.268  21.951
* checking for unstated dependencies in ‘tests’ ... OK
* checking tests ...
  Running ‘runTests.R’
 OK
* checking for unstated dependencies in vignettes ... OK
* checking package vignettes in ‘inst/doc’ ... OK
* checking running R code from vignettes ... SKIPPED
* checking re-building of vignette outputs ... SKIPPED
* checking PDF version of manual ... OK
* DONE

Status: 1 WARNING, 4 NOTEs
See
  ‘/home/biocbuild/bbs-3.12-bioc/meat/biovizBase.Rcheck/00check.log’
for details.



Installation output

biovizBase.Rcheck/00install.out

##############################################################################
##############################################################################
###
### Running command:
###
###   /home/biocbuild/bbs-3.12-bioc/R/bin/R CMD INSTALL biovizBase
###
##############################################################################
##############################################################################


* installing to library ‘/home/biocbuild/bbs-3.12-bioc/R/library’
* installing *source* package ‘biovizBase’ ...
** using staged installation
** libs
gcc -I"/home/biocbuild/bbs-3.12-bioc/R/include" -DNDEBUG   -I/usr/local/include   -fpic  -g -O2  -Wall -c R_init_biovizBase.c -o R_init_biovizBase.o
gcc -I"/home/biocbuild/bbs-3.12-bioc/R/include" -DNDEBUG   -I/usr/local/include   -fpic  -g -O2  -Wall -c bin_offsets.c -o bin_offsets.o
bin_offsets.c: In function ‘scan_bam_bin_offsets’:
bin_offsets.c:57:15: warning: pointer targets in passing argument 1 of ‘strncmp’ differ in signedness [-Wpointer-sign]
   if (strncmp(b, "BAI\1", 4))
               ^
In file included from /home/biocbuild/bbs-3.12-bioc/R/include/R_ext/RS.h:34:0,
                 from /home/biocbuild/bbs-3.12-bioc/R/include/Rdefines.h:37,
                 from bin_offsets.h:1,
                 from bin_offsets.c:3:
/usr/include/string.h:139:12: note: expected ‘const char *’ but argument is of type ‘Rbyte * {aka unsigned char *}’
 extern int strncmp (const char *__s1, const char *__s2, size_t __n)
            ^~~~~~~
gcc -shared -L/home/biocbuild/bbs-3.12-bioc/R/lib -L/usr/local/lib -o biovizBase.so R_init_biovizBase.o bin_offsets.o -L/home/biocbuild/bbs-3.12-bioc/R/lib -lR
installing to /home/biocbuild/bbs-3.12-bioc/R/library/00LOCK-biovizBase/00new/biovizBase/libs
** R
** data
*** moving datasets to lazyload DB
** inst
** byte-compile and prepare package for lazy loading
** help
*** installing help indices
** building package indices
** installing vignettes
** testing if installed package can be loaded from temporary location
** checking absolute paths in shared objects and dynamic libraries
** testing if installed package can be loaded from final location
** testing if installed package keeps a record of temporary installation path
* DONE (biovizBase)

Tests output

biovizBase.Rcheck/tests/runTests.Rout


R version 4.0.3 (2020-10-10) -- "Bunny-Wunnies Freak Out"
Copyright (C) 2020 The R Foundation for Statistical Computing
Platform: x86_64-pc-linux-gnu (64-bit)

R is free software and comes with ABSOLUTELY NO WARRANTY.
You are welcome to redistribute it under certain conditions.
Type 'license()' or 'licence()' for distribution details.

R is a collaborative project with many contributors.
Type 'contributors()' for more information and
'citation()' on how to cite R or R packages in publications.

Type 'demo()' for some demos, 'help()' for on-line help, or
'help.start()' for an HTML browser interface to help.
Type 'q()' to quit R.

> BiocGenerics:::testPackage("biovizBase")
Loading required package: ensembldb
Loading required package: BiocGenerics
Loading required package: parallel

Attaching package: 'BiocGenerics'

The following objects are masked from 'package:parallel':

    clusterApply, clusterApplyLB, clusterCall, clusterEvalQ,
    clusterExport, clusterMap, parApply, parCapply, parLapply,
    parLapplyLB, parRapply, parSapply, parSapplyLB

The following objects are masked from 'package:stats':

    IQR, mad, sd, var, xtabs

The following objects are masked from 'package:base':

    Filter, Find, Map, Position, Reduce, anyDuplicated, append,
    as.data.frame, basename, cbind, colnames, dirname, do.call,
    duplicated, eval, evalq, get, grep, grepl, intersect, is.unsorted,
    lapply, mapply, match, mget, order, paste, pmax, pmax.int, pmin,
    pmin.int, rank, rbind, rownames, sapply, setdiff, sort, table,
    tapply, union, unique, unsplit, which.max, which.min

Loading required package: GenomicRanges
Loading required package: stats4
Loading required package: S4Vectors

Attaching package: 'S4Vectors'

The following object is masked from 'package:base':

    expand.grid

Loading required package: IRanges
Loading required package: GenomeInfoDb
Loading required package: GenomicFeatures
Loading required package: AnnotationDbi
Loading required package: Biobase
Welcome to Bioconductor

    Vignettes contain introductory material; view with
    'browseVignettes()'. To cite Bioconductor, see
    'citation("Biobase")', and for packages 'citation("pkgname")'.

Loading required package: AnnotationFilter

Attaching package: 'ensembldb'

The following object is masked from 'package:stats':

    filter

Fetching data...OK
Parsing exons...OK
Defining introns...OK
Defining UTRs...OK
Defining CDS...OK
aggregating...
Done
Fetching data...OK
Parsing exons...OK
Defining introns...OK
Defining UTRs...OK
Defining CDS...OK
aggregating...
Done
Fetching data...Fetching data...OK
Parsing exons...OK
Defining introns...OK
Defining UTRs...OK
Defining CDS...OK
aggregating...
Done
Fetching data...OK
Parsing exons...OK
Defining introns...OK
Defining UTRs...OK
Defining CDS...OK
aggregating...
Done
Fetching data...OK
Parsing exons...OK
Defining introns...OK
Defining UTRs...OK
Defining CDS...OK
aggregating...
Done
Fetching data...OK
Parsing exons...OK
Defining introns...OK
Defining UTRs...OK
Defining CDS...OK
aggregating...
Done


RUNIT TEST PROTOCOL -- Thu Oct 29 00:29:09 2020 
*********************************************** 
Number of test functions: 1 
Number of errors: 0 
Number of failures: 0 

 
1 Test Suite : 
biovizBase RUnit Tests - 1 test function, 0 errors, 0 failures
Number of test functions: 1 
Number of errors: 0 
Number of failures: 0 
Warning message:
'GenenameFilter' is deprecated.
Use 'GeneNameFilter' instead.
See help("Deprecated") 
> 
> proc.time()
   user  system elapsed 
 25.104   0.640  29.210 

Example timings

biovizBase.Rcheck/biovizBase-Ex.timings

nameusersystemelapsed
CRC0.0000.0000.003
GCcontent1.5400.0201.572
addStepping-method1.0960.0481.146
aes-utils000
colorBlindSafePal0.0040.0000.000
containLetters0.0000.0000.001
crc1.GeRL0.0760.0160.094
crunch-method21.012 0.26821.951
darned_hg19_subset5000.0160.0000.018
flatGrl0.2560.0000.256
genesymbol0.0720.0000.072
getBioColor0.0040.0000.001
getFormalNames000
getGaps1.6040.0041.610
getIdeoGR0.2640.0000.265
getIdeogram000
hg19Ideogram0.0160.0040.021
hg19IdeogramCyto0.0240.0000.022
ideo0.0600.0000.062
ideoCyto0.0680.0000.068
isIdeogram0.0040.0000.003
isMatchedWithModel0.4560.0040.503
isSimpleIdeogram0.0400.0000.042
maxGap-method0.4480.0000.448
pileupAsGRanges000
pileupGRangesAsVariantTable000
plotColorLegend0.0040.0000.002
scale0.2760.0080.286
showColor000
shrinkageFun-method0.3160.0000.317
splitByFacets-method0.5840.0040.589
strip_formula_dots0.0040.0000.002
subsetArgsByFormals0.0000.0000.001
transform1.9920.0562.051
transformGRangesForEvenSpace0.3760.0000.378