Back to Multiple platform build/check report for BioC 3.12
AB[C]DEFGHIJKLMNOPQRSTUVWXYZ

BUILD report for ChemmineR on tokay1

This page was generated on 2020-08-12 11:38:23 -0400 (Wed, 12 Aug 2020).

TO THE DEVELOPERS/MAINTAINERS OF THE ChemmineR PACKAGE: Please make sure to use the following settings in order to reproduce any error or warning you see on this page.
Package 264/1885HostnameOS / ArchINSTALLBUILDCHECKBUILD BIN
ChemmineR 3.41.0
Thomas Girke
Snapshot Date: 2020-08-11 14:50:16 -0400 (Tue, 11 Aug 2020)
URL: https://git.bioconductor.org/packages/ChemmineR
Branch: master
Last Commit: d62c204
Last Changed Date: 2020-04-27 14:18:14 -0400 (Mon, 27 Apr 2020)
malbec1 Linux (Ubuntu 18.04.4 LTS) / x86_64  OK  ERROR  skipped 
nebbiolo1 Linux (Ubuntu 20.04.1 LTS) / x86_64  OK  ERROR  skipped 
tokay1 Windows Server 2012 R2 Standard / x64  OK [ ERROR ] skipped  skipped 
merida1 macOS 10.14.6 Mojave / x86_64  OK  ERROR  skipped  skipped 

Summary

Package: ChemmineR
Version: 3.41.0
Command: chmod a+r ChemmineR -R && C:\Users\biocbuild\bbs-3.12-bioc\R\bin\R.exe CMD build --keep-empty-dirs --no-resave-data ChemmineR
StartedAt: 2020-08-11 19:20:58 -0400 (Tue, 11 Aug 2020)
EndedAt: 2020-08-11 19:21:36 -0400 (Tue, 11 Aug 2020)
EllapsedTime: 38.2 seconds
RetCode: 1
Status:  ERROR  
PackageFile: None
PackageFileSize: NA

Command output

##############################################################################
##############################################################################
###
### Running command:
###
###   chmod a+r ChemmineR -R && C:\Users\biocbuild\bbs-3.12-bioc\R\bin\R.exe CMD build --keep-empty-dirs --no-resave-data ChemmineR
###
##############################################################################
##############################################################################


* checking for file 'ChemmineR/DESCRIPTION' ... OK
* preparing 'ChemmineR':
* checking DESCRIPTION meta-information ... OK
* cleaning src
* installing the package to build vignettes
* creating vignettes ... ERROR
--- re-building 'ChemmineR.Rmd' using rmarkdown
Quitting from lines 44-50 (ChemmineR.Rmd) 
Error: processing vignette 'ChemmineR.Rmd' failed with diagnostics:
there is no package called 'ChemmineOB'
--- failed re-building 'ChemmineR.Rmd'

SUMMARY: processing the following file failed:
  'ChemmineR.Rmd'

Error: Vignette re-building failed.
Execution halted