Back to Workflows build report for BioC 3.18

This page was generated on 2024-02-23 14:00:10 -0500 (Fri, 23 Feb 2024).

HostnameOSArch (*)R versionInstalled pkgs
nebbiolo2Linux (Ubuntu 22.04.3 LTS)x86_644.3.2 Patched (2023-11-13 r85521) -- "Eye Holes" 4691
palomino4Windows Server 2022 Datacenterx644.3.2 (2023-10-31 ucrt) -- "Eye Holes" 4444
lconwaymacOS 12.7.1 Montereyx86_644.3.2 Patched (2023-11-01 r85457) -- "Eye Holes" 4465
Click on any hostname to see more info about the system (e.g. compilers)      (*) as reported by 'uname -p', except on Windows and Mac OS X

Package 28/30HostnameOS / ArchINSTALLBUILD
spicyWorkflow 1.2.1  (landing page)
SOMS Maintainer
Snapshot Date: 2024-02-23 10:45:02 -0500 (Fri, 23 Feb 2024)
git_url: https://git.bioconductor.org/packages/spicyWorkflow
git_branch: RELEASE_3_18
git_last_commit: 9c22e3f
git_last_commit_date: 2024-01-23 23:48:55 -0500 (Tue, 23 Jan 2024)
nebbiolo2Linux (Ubuntu 22.04.3 LTS) / x86_64  OK    OK  UNNEEDED, same version is already published
palomino4Windows Server 2022 Datacenter / x64  OK    ERROR  
lconwaymacOS 12.7.1 Monterey / x86_64  OK    ERROR  

BUILD results for spicyWorkflow on palomino4


To the developers/maintainers of the spicyWorkflow package:
- Use the following Renviron settings to reproduce errors and warnings.
- If 'R CMD check' started to fail recently on the Linux builder(s) over a missing dependency, add the missing dependency to 'Suggests:' in your DESCRIPTION file. See Renviron.bioc for more information.

raw results


Summary

Package: spicyWorkflow
Version: 1.2.1
Command: chmod a+r spicyWorkflow -R && F:\biocbuild\bbs-3.18-bioc\R\bin\R.exe CMD build --keep-empty-dirs --no-resave-data spicyWorkflow
StartedAt: 2024-02-23 11:11:39 -0500 (Fri, 23 Feb 2024)
EndedAt: 2024-02-23 11:33:50 -0500 (Fri, 23 Feb 2024)
EllapsedTime: 1331.5 seconds
RetCode: 1
Status:   ERROR  
PackageFile: None
PackageFileSize: NA

Command output

##############################################################################
##############################################################################
###
### Running command:
###
###   chmod a+r spicyWorkflow -R && F:\biocbuild\bbs-3.18-bioc\R\bin\R.exe CMD build --keep-empty-dirs --no-resave-data spicyWorkflow
###
##############################################################################
##############################################################################


* checking for file 'spicyWorkflow/DESCRIPTION' ... OK
* preparing 'spicyWorkflow':
* checking DESCRIPTION meta-information ... OK
* installing the package to build vignettes
* creating vignettes ... ERROR
--- re-building 'spicyWorkflow.Rmd' using rmarkdown

Quitting from lines 202-213 [segment] (spicyWorkflow.Rmd)
Error: processing vignette 'spicyWorkflow.Rmd' failed with diagnostics:
BiocParallel errors
  0 remote errors, element index: 
  79 unevaluated and other errors
  first remote error:

--- failed re-building 'spicyWorkflow.Rmd'

SUMMARY: processing the following file failed:
  'spicyWorkflow.Rmd'

Error: Vignette re-building failed.
Execution halted