Back to Multiple platform build/check report for BioC 3.19:   simplified   long
ABCDEFGHIJKLMNOPQRSTU[V]WXYZ

This page was generated on 2024-06-18 17:58 -0400 (Tue, 18 Jun 2024).

HostnameOSArch (*)R versionInstalled pkgs
nebbiolo1Linux (Ubuntu 22.04.3 LTS)x86_644.4.0 (2024-04-24) -- "Puppy Cup" 4758
palomino3Windows Server 2022 Datacenterx644.4.0 (2024-04-24 ucrt) -- "Puppy Cup" 4492
merida1macOS 12.7.4 Montereyx86_644.4.0 (2024-04-24) -- "Puppy Cup" 4464
kjohnson1macOS 13.6.6 Venturaarm644.4.0 (2024-04-24) -- "Puppy Cup" 4464
Click on any hostname to see more info about the system (e.g. compilers)      (*) as reported by 'uname -p', except on Windows and Mac OS X

Package 2258/2300HostnameOS / ArchINSTALLBUILDCHECKBUILD BIN
velociraptor 1.14.1  (landing page)
Kevin Rue-Albrecht
Snapshot Date: 2024-06-16 14:00 -0400 (Sun, 16 Jun 2024)
git_url: https://git.bioconductor.org/packages/velociraptor
git_branch: RELEASE_3_19
git_last_commit: 17bccb0
git_last_commit_date: 2024-06-12 05:17:35 -0400 (Wed, 12 Jun 2024)
nebbiolo1Linux (Ubuntu 22.04.3 LTS) / x86_64  OK    ERROR  skipped
palomino3Windows Server 2022 Datacenter / x64  OK    OK    OK    OK  UNNEEDED, same version is already published
merida1macOS 12.7.4 Monterey / x86_64  OK    OK    OK    OK  YES
kjohnson1macOS 13.6.6 Ventura / arm64  OK    OK    OK    NA  


BUILD results for velociraptor on nebbiolo1

To the developers/maintainers of the velociraptor package:
- Allow up to 24 hours (and sometimes 48 hours) for your latest push to git@git.bioconductor.org:packages/velociraptor.git to reflect on this report. See Troubleshooting Build Report for more information.
- Use the following Renviron settings to reproduce errors and warnings.
- If 'R CMD check' started to fail recently on the Linux builder(s) over a missing dependency, add the missing dependency to 'Suggests:' in your DESCRIPTION file. See Renviron.bioc for more information.

raw results


Summary

Package: velociraptor
Version: 1.14.1
Command: /home/biocbuild/bbs-3.19-bioc/R/bin/R CMD build --keep-empty-dirs --no-resave-data velociraptor
StartedAt: 2024-06-16 20:15:32 -0400 (Sun, 16 Jun 2024)
EndedAt: 2024-06-16 20:16:23 -0400 (Sun, 16 Jun 2024)
EllapsedTime: 51.1 seconds
RetCode: 1
Status:   ERROR  
PackageFile: None
PackageFileSize: NA

Command output

##############################################################################
##############################################################################
###
### Running command:
###
###   /home/biocbuild/bbs-3.19-bioc/R/bin/R CMD build --keep-empty-dirs --no-resave-data velociraptor
###
##############################################################################
##############################################################################


* checking for file ‘velociraptor/DESCRIPTION’ ... OK
* preparing ‘velociraptor’:
* checking DESCRIPTION meta-information ... OK
* installing the package to build vignettes
* creating vignettes ... ERROR
--- re-building ‘velociraptor.Rmd’ using rmarkdown

Quitting from lines 76-82 [unnamed-chunk-5] (velociraptor.Rmd)
Error: processing vignette 'velociraptor.Rmd' failed with diagnostics:
ImportError: /var/cache/basilisk/1.16.0/velociraptor/1.14.1/env/lib/python3.9/site-packages/PIL/../../../libtiff.so.6: undefined symbol: jpeg12_write_raw_data, version LIBJPEG_8.0
Run `reticulate::py_last_error()` for details.
--- failed re-building ‘velociraptor.Rmd’

SUMMARY: processing the following file failed:
  ‘velociraptor.Rmd’

Error: Vignette re-building failed.
Execution halted