Back to Multiple platform build/check report for BioC 3.19:   simplified   long
ABCDEFGHIJKLMNO[P]QRSTUVWXYZ

This page was generated on 2024-06-18 17:58 -0400 (Tue, 18 Jun 2024).

HostnameOSArch (*)R versionInstalled pkgs
nebbiolo1Linux (Ubuntu 22.04.3 LTS)x86_644.4.0 (2024-04-24) -- "Puppy Cup" 4758
palomino3Windows Server 2022 Datacenterx644.4.0 (2024-04-24 ucrt) -- "Puppy Cup" 4492
merida1macOS 12.7.4 Montereyx86_644.4.0 (2024-04-24) -- "Puppy Cup" 4464
kjohnson1macOS 13.6.6 Venturaarm644.4.0 (2024-04-24) -- "Puppy Cup" 4464
Click on any hostname to see more info about the system (e.g. compilers)      (*) as reported by 'uname -p', except on Windows and Mac OS X

Package 1566/2300HostnameOS / ArchINSTALLBUILDCHECKBUILD BIN
pickgene 1.76.0  (landing page)
Brian S. Yandell
Snapshot Date: 2024-06-16 14:00 -0400 (Sun, 16 Jun 2024)
git_url: https://git.bioconductor.org/packages/pickgene
git_branch: RELEASE_3_19
git_last_commit: 6d7929c
git_last_commit_date: 2024-04-30 10:12:00 -0400 (Tue, 30 Apr 2024)
nebbiolo1Linux (Ubuntu 22.04.3 LTS) / x86_64  OK    OK    WARNINGS  UNNEEDED, same version is already published
palomino3Windows Server 2022 Datacenter / x64  OK    OK    WARNINGS    OK  UNNEEDED, same version is already published
merida1macOS 12.7.4 Monterey / x86_64  OK    OK    WARNINGS    OK  UNNEEDED, same version is already published
kjohnson1macOS 13.6.6 Ventura / arm64  OK    OK    WARNINGS    OK  UNNEEDED, same version is already published


CHECK results for pickgene on nebbiolo1

To the developers/maintainers of the pickgene package:
- Allow up to 24 hours (and sometimes 48 hours) for your latest push to git@git.bioconductor.org:packages/pickgene.git to reflect on this report. See Troubleshooting Build Report for more information.
- Use the following Renviron settings to reproduce errors and warnings.
- If 'R CMD check' started to fail recently on the Linux builder(s) over a missing dependency, add the missing dependency to 'Suggests:' in your DESCRIPTION file. See Renviron.bioc for more information.

raw results


Summary

Package: pickgene
Version: 1.76.0
Command: /home/biocbuild/bbs-3.19-bioc/R/bin/R CMD check --install=check:pickgene.install-out.txt --library=/home/biocbuild/bbs-3.19-bioc/R/site-library --timings pickgene_1.76.0.tar.gz
StartedAt: 2024-06-17 02:26:36 -0400 (Mon, 17 Jun 2024)
EndedAt: 2024-06-17 02:26:57 -0400 (Mon, 17 Jun 2024)
EllapsedTime: 21.0 seconds
RetCode: 0
Status:   WARNINGS  
CheckDir: pickgene.Rcheck
Warnings: 1

Command output

##############################################################################
##############################################################################
###
### Running command:
###
###   /home/biocbuild/bbs-3.19-bioc/R/bin/R CMD check --install=check:pickgene.install-out.txt --library=/home/biocbuild/bbs-3.19-bioc/R/site-library --timings pickgene_1.76.0.tar.gz
###
##############################################################################
##############################################################################


* using log directory ‘/home/biocbuild/bbs-3.19-bioc/meat/pickgene.Rcheck’
* using R version 4.4.0 (2024-04-24)
* using platform: x86_64-pc-linux-gnu
* R was compiled by
    gcc (Ubuntu 11.4.0-1ubuntu1~22.04) 11.4.0
    GNU Fortran (Ubuntu 11.4.0-1ubuntu1~22.04) 11.4.0
* running under: Ubuntu 22.04.4 LTS
* using session charset: UTF-8
* checking for file ‘pickgene/DESCRIPTION’ ... OK
* this is package ‘pickgene’ version ‘1.76.0’
* checking package namespace information ... OK
* checking package dependencies ... OK
* checking if this is a source package ... OK
* checking if there is a namespace ... OK
* checking for hidden files and directories ... OK
* checking for portable file names ... OK
* checking for sufficient/correct file permissions ... OK
* checking whether package ‘pickgene’ can be installed ... WARNING
Found the following significant warnings:
  Note: possible error in 'oddsplot(exp(data[[x]]), ': unused argument (chip = "") 
See ‘/home/biocbuild/bbs-3.19-bioc/meat/pickgene.Rcheck/00install.out’ for details.
Information on the location(s) of code generating the ‘Note’s can be
obtained by re-running with environment variable R_KEEP_PKG_SOURCE set
to ‘yes’.
* checking installed package size ... OK
* checking package directory ... OK
* checking ‘build’ directory ... OK
* checking DESCRIPTION meta-information ... OK
* checking top-level files ... OK
* checking for left-over files ... OK
* checking index information ... OK
* checking package subdirectories ... OK
* checking code files for non-ASCII characters ... OK
* checking R files for syntax errors ... OK
* checking whether the package can be loaded ... OK
* checking whether the package can be loaded with stated dependencies ... OK
* checking whether the package can be unloaded cleanly ... OK
* checking whether the namespace can be loaded with stated dependencies ... OK
* checking whether the namespace can be unloaded cleanly ... OK
* checking loading without being on the library search path ... OK
* checking dependencies in R code ... OK
* checking S3 generic/method consistency ... OK
* checking replacement functions ... OK
* checking foreign function calls ... OK
* checking R code for possible problems ... NOTE
do.oddsplot: warning in em.ggb(data[[conditions[1]]],
  data[[conditions[2]]], theta, theta[1:3], print = TRUE): partial
  argument match of 'print' to 'printit'
pickgene.poly: warning in pickgene.two(y[, i], intensity, geneid =
  geneID, singlelevel = singlelevel, npick = npickgene, ylab =
  ylabs[i], ...): partial argument match of 'npick' to 'npickgene'
lod.plot: possible error in oddsplot(exp(data[[x]]), exp(data[[y]]),
  theta, col = col, xlab = xlab, ylab = ylab, chip = ""): unused
  argument (chip = "")
nloglik: no visible binding for global variable ‘.fit.xx’
nloglik: no visible binding for global variable ‘.fit.yy’
nploglik: no visible binding for global variable ‘.fit.xx’
nploglik: no visible binding for global variable ‘.fit.yy’
nploglik: no visible binding for global variable ‘.fit.zz’
s.check1: no visible global function definition for ‘lod’
s.marg: no visible binding for global variable ‘x’
shrinkplot: no visible global function definition for ‘s.fits’
shrinkplot: no visible binding for global variable ‘lims’
Undefined global functions or variables:
  .fit.xx .fit.yy .fit.zz lims lod s.fits x
* checking Rd files ... NOTE
prepare_Rd: Simulation.pickgene.Rd:8: Dropping empty section \keyword
prepare_Rd: Simulation.pickgene.Rd:5-6: Dropping empty section \usage
prepare_Rd: Simulation.pickgene.Rd:7: Dropping empty section \details
* checking Rd metadata ... OK
* checking Rd cross-references ... OK
* checking for missing documentation entries ... OK
* checking for code/documentation mismatches ... OK
* checking Rd \usage sections ... OK
* checking Rd contents ... OK
* checking for unstated dependencies in examples ... OK
* checking files in ‘vignettes’ ... OK
* checking examples ... OK
* checking for unstated dependencies in vignettes ... OK
* checking package vignettes ... OK
* checking re-building of vignette outputs ... OK
* checking PDF version of manual ... OK
* DONE

Status: 1 WARNING, 2 NOTEs
See
  ‘/home/biocbuild/bbs-3.19-bioc/meat/pickgene.Rcheck/00check.log’
for details.


Installation output

pickgene.Rcheck/00install.out

##############################################################################
##############################################################################
###
### Running command:
###
###   /home/biocbuild/bbs-3.19-bioc/R/bin/R CMD INSTALL pickgene
###
##############################################################################
##############################################################################


* installing to library ‘/home/biocbuild/bbs-3.19-bioc/R/site-library’
* installing *source* package ‘pickgene’ ...
** using staged installation
** R
** byte-compile and prepare package for lazy loading
Note: possible error in 'oddsplot(exp(data[[x]]), ': unused argument (chip = "") 
** help
*** installing help indices
** building package indices
** installing vignettes
** testing if installed package can be loaded from temporary location
** testing if installed package can be loaded from final location
** testing if installed package keeps a record of temporary installation path
* DONE (pickgene)

Tests output


Example timings

pickgene.Rcheck/pickgene-Ex.timings

nameusersystemelapsed
Simulation.pickgene1.0860.0251.110
em.ggb000
model.pickgene0.0060.0010.006
oddsplot0.0000.0000.001
pickgene000
robustscale000