Back to Multiple platform build/check report for BioC 3.16:   simplified   long
ABCDEFGHIJKLMNO[P]QRSTUVWXYZ

This page was generated on 2023-03-29 11:06:20 -0400 (Wed, 29 Mar 2023).

HostnameOSArch (*)R versionInstalled pkgs
nebbiolo2Linux (Ubuntu 20.04.5 LTS)x86_644.2.3 (2023-03-15) -- "Shortstop Beagle" 4482
palomino4Windows Server 2022 Datacenterx644.2.3 (2023-03-15 ucrt) -- "Shortstop Beagle" 4278
lconwaymacOS 12.5.1 Montereyx86_644.2.3 (2023-03-15) -- "Shortstop Beagle" 4306
Click on any hostname to see more info about the system (e.g. compilers)      (*) as reported by 'uname -p', except on Windows and Mac OS X

BUILD results for pRoloc on lconway


To the developers/maintainers of the pRoloc package:
- Please allow up to 24 hours (and sometimes 48 hours) for your latest push to git@git.bioconductor.org:packages/pRoloc.git to
reflect on this report. See How and When does the builder pull? When will my changes propagate? for more information.
- Make sure to use the following settings in order to reproduce any error or warning you see on this page.

raw results

Package 1532/2183HostnameOS / ArchINSTALLBUILDCHECKBUILD BIN
pRoloc 1.38.2  (landing page)
Laurent Gatto
Snapshot Date: 2023-03-27 14:00:04 -0400 (Mon, 27 Mar 2023)
git_url: https://git.bioconductor.org/packages/pRoloc
git_branch: RELEASE_3_16
git_last_commit: f939f2e
git_last_commit_date: 2023-01-19 11:18:08 -0400 (Thu, 19 Jan 2023)
nebbiolo2Linux (Ubuntu 20.04.5 LTS) / x86_64  OK    OK    ERROR  
palomino4Windows Server 2022 Datacenter / x64  OK    ERROR  skippedskipped
lconwaymacOS 12.5.1 Monterey / x86_64  OK    ERROR  skippedskipped

Summary

Package: pRoloc
Version: 1.38.2
Command: /Library/Frameworks/R.framework/Resources/bin/R CMD build --keep-empty-dirs --no-resave-data pRoloc
StartedAt: 2023-03-27 17:37:53 -0400 (Mon, 27 Mar 2023)
EndedAt: 2023-03-27 17:42:32 -0400 (Mon, 27 Mar 2023)
EllapsedTime: 279.5 seconds
RetCode: 1
Status:   ERROR  
PackageFile: None
PackageFileSize: NA

Command output

##############################################################################
##############################################################################
###
### Running command:
###
###   /Library/Frameworks/R.framework/Resources/bin/R CMD build --keep-empty-dirs --no-resave-data pRoloc
###
##############################################################################
##############################################################################


* checking for file ‘pRoloc/DESCRIPTION’ ... OK
* preparing ‘pRoloc’:
* checking DESCRIPTION meta-information ... OK
* cleaning src
* installing the package to build vignettes
* creating vignettes ... ERROR
--- re-building ‘v01-pRoloc-tutorial.Rmd’ using rmarkdown
--- finished re-building ‘v01-pRoloc-tutorial.Rmd’

--- re-building ‘v02-pRoloc-ml.Rmd’ using rmarkdown
--- finished re-building ‘v02-pRoloc-ml.Rmd’

--- re-building ‘v03-pRoloc-bayesian.Rmd’ using rmarkdown
--- finished re-building ‘v03-pRoloc-bayesian.Rmd’

--- re-building ‘v04-pRoloc-goannotations.Rmd’ using rmarkdown
--- finished re-building ‘v04-pRoloc-goannotations.Rmd’

--- re-building ‘v05-pRoloc-transfer-learning.Rmd’ using rmarkdown
Quitting from lines 213-249 (v05-pRoloc-transfer-learning.Rmd) 
Error: processing vignette 'v05-pRoloc-transfer-learning.Rmd' failed with diagnostics:
Timeout was reached: [www.ensembl.org:443] Operation timed out after 10121 milliseconds with 0 bytes received
--- failed re-building ‘v05-pRoloc-transfer-learning.Rmd’

SUMMARY: processing the following file failed:
  ‘v05-pRoloc-transfer-learning.Rmd’

Error: Vignette re-building failed.
Execution halted