Back to Multiple platform build/check report for BioC 3.19: simplified long |
|
This page was generated on 2024-03-04 11:39:19 -0500 (Mon, 04 Mar 2024).
Hostname | OS | Arch (*) | R version | Installed pkgs |
---|---|---|---|---|
nebbiolo1 | Linux (Ubuntu 22.04.3 LTS) | x86_64 | R Under development (unstable) (2024-01-16 r85808) -- "Unsuffered Consequences" | 4676 |
palomino3 | Windows Server 2022 Datacenter | x64 | R Under development (unstable) (2024-01-14 r85805 ucrt) -- "Unsuffered Consequences" | 4414 |
merida1 | macOS 12.7.1 Monterey | x86_64 | R Under development (unstable) (2024-01-16 r85808) -- "Unsuffered Consequences" | 4441 |
kunpeng2 | Linux (openEuler 22.03 LTS-SP1) | aarch64 | R Under development (unstable) (2024-01-16 r85812) -- "Unsuffered Consequences" | 4417 |
Click on any hostname to see more info about the system (e.g. compilers) (*) as reported by 'uname -p', except on Windows and Mac OS X |
Package 929/2251 | Hostname | OS / Arch | INSTALL | BUILD | CHECK | BUILD BIN | ||||||||
hca 1.11.0 (landing page) Martin Morgan
| nebbiolo1 | Linux (Ubuntu 22.04.3 LTS) / x86_64 | OK | ERROR | skipped | |||||||||
palomino3 | Windows Server 2022 Datacenter / x64 | OK | ERROR | skipped | skipped | |||||||||
merida1 | macOS 12.7.1 Monterey / x86_64 | OK | ERROR | skipped | skipped | |||||||||
kunpeng2 | Linux (openEuler 22.03 LTS-SP1) / aarch64 | OK | OK | OK | ||||||||||
To the developers/maintainers of the hca package: - Allow up to 24 hours (and sometimes 48 hours) for your latest push to git@git.bioconductor.org:packages/hca.git to reflect on this report. See Troubleshooting Build Report for more information. - Use the following Renviron settings to reproduce errors and warnings. - If 'R CMD check' started to fail recently on the Linux builder(s) over a missing dependency, add the missing dependency to 'Suggests:' in your DESCRIPTION file. See Renviron.bioc for more information. |
Package: hca |
Version: 1.11.0 |
Command: /Library/Frameworks/R.framework/Resources/bin/R CMD build --keep-empty-dirs --no-resave-data hca |
StartedAt: 2024-03-01 19:42:04 -0500 (Fri, 01 Mar 2024) |
EndedAt: 2024-03-01 19:43:12 -0500 (Fri, 01 Mar 2024) |
EllapsedTime: 67.8 seconds |
RetCode: 1 |
Status: ERROR |
PackageFile: None |
PackageFileSize: NA |
############################################################################## ############################################################################## ### ### Running command: ### ### /Library/Frameworks/R.framework/Resources/bin/R CMD build --keep-empty-dirs --no-resave-data hca ### ############################################################################## ############################################################################## * checking for file ‘hca/DESCRIPTION’ ... OK * preparing ‘hca’: * checking DESCRIPTION meta-information ... OK * installing the package to build vignettes * creating vignettes ... ERROR --- re-building ‘hca_manifest_vignette.Rmd’ using rmarkdown Quitting from lines 131-137 [unnamed-chunk-10] (hca_manifest_vignette.Rmd) Error: processing vignette 'hca_manifest_vignette.Rmd' failed with diagnostics: file.exists(con) is not TRUE --- failed re-building ‘hca_manifest_vignette.Rmd’ --- re-building ‘hca_vignette.Rmd’ using rmarkdown Quitting from lines 132-136 [unnamed-chunk-7] (hca_vignette.Rmd) Error: processing vignette 'hca_vignette.Rmd' failed with diagnostics: file.exists(con) is not TRUE --- failed re-building ‘hca_vignette.Rmd’ SUMMARY: processing the following files failed: ‘hca_manifest_vignette.Rmd’ ‘hca_vignette.Rmd’ Error: Vignette re-building failed. Execution halted