Back to Multiple platform build/check report for BioC 3.19:   simplified   long
ABCD[E]FGHIJKLMNOPQRSTUVWXYZ

This page was generated on 2024-03-04 11:39:11 -0500 (Mon, 04 Mar 2024).

HostnameOSArch (*)R versionInstalled pkgs
nebbiolo1Linux (Ubuntu 22.04.3 LTS)x86_64R Under development (unstable) (2024-01-16 r85808) -- "Unsuffered Consequences" 4676
palomino3Windows Server 2022 Datacenterx64R Under development (unstable) (2024-01-14 r85805 ucrt) -- "Unsuffered Consequences" 4414
merida1macOS 12.7.1 Montereyx86_64R Under development (unstable) (2024-01-16 r85808) -- "Unsuffered Consequences" 4441
kunpeng2Linux (openEuler 22.03 LTS-SP1)aarch64R Under development (unstable) (2024-01-16 r85812) -- "Unsuffered Consequences" 4417
Click on any hostname to see more info about the system (e.g. compilers)      (*) as reported by 'uname -p', except on Windows and Mac OS X

Package 684/2251HostnameOS / ArchINSTALLBUILDCHECKBUILD BIN
extraChIPs 1.7.2  (landing page)
Stephen Pederson
Snapshot Date: 2024-03-01 14:00:22 -0500 (Fri, 01 Mar 2024)
git_url: https://git.bioconductor.org/packages/extraChIPs
git_branch: devel
git_last_commit: fa233c1
git_last_commit_date: 2024-02-15 08:50:38 -0500 (Thu, 15 Feb 2024)
nebbiolo1Linux (Ubuntu 22.04.3 LTS) / x86_64  OK    ERROR  skipped
palomino3Windows Server 2022 Datacenter / x64  OK    ERROR  skippedskipped
merida1macOS 12.7.1 Monterey / x86_64  OK    ERROR  skippedskipped
kunpeng2Linux (openEuler 22.03 LTS-SP1) / aarch64  OK    ERROR  skipped

BUILD results for extraChIPs on merida1


To the developers/maintainers of the extraChIPs package:
- Allow up to 24 hours (and sometimes 48 hours) for your latest push to git@git.bioconductor.org:packages/extraChIPs.git to reflect on this report. See Troubleshooting Build Report for more information.
- Use the following Renviron settings to reproduce errors and warnings.
- If 'R CMD check' started to fail recently on the Linux builder(s) over a missing dependency, add the missing dependency to 'Suggests:' in your DESCRIPTION file. See Renviron.bioc for more information.

raw results


Summary

Package: extraChIPs
Version: 1.7.2
Command: /Library/Frameworks/R.framework/Resources/bin/R CMD build --keep-empty-dirs --no-resave-data extraChIPs
StartedAt: 2024-03-01 19:02:29 -0500 (Fri, 01 Mar 2024)
EndedAt: 2024-03-01 19:06:28 -0500 (Fri, 01 Mar 2024)
EllapsedTime: 239.2 seconds
RetCode: 1
Status:   ERROR  
PackageFile: None
PackageFileSize: NA

Command output

##############################################################################
##############################################################################
###
### Running command:
###
###   /Library/Frameworks/R.framework/Resources/bin/R CMD build --keep-empty-dirs --no-resave-data extraChIPs
###
##############################################################################
##############################################################################


* checking for file ‘extraChIPs/DESCRIPTION’ ... OK
* preparing ‘extraChIPs’:
* checking DESCRIPTION meta-information ... OK
* cleaning src
* installing the package to build vignettes
* creating vignettes ... ERROR
--- re-building ‘differential_signal_fixed.Rmd’ using rmarkdown

Quitting from lines 205-209 [plot-overlaps-score] (differential_signal_fixed.Rmd)
Error: processing vignette 'differential_signal_fixed.Rmd' failed with diagnostics:
The `legend.text.align` theme element is not defined in the element
hierarchy.
--- failed re-building ‘differential_signal_fixed.Rmd’

--- re-building ‘differential_signal_sliding.Rmd’ using rmarkdown
--- finished re-building ‘differential_signal_sliding.Rmd’

--- re-building ‘range_based_functions.Rmd’ using rmarkdown
--- finished re-building ‘range_based_functions.Rmd’

SUMMARY: processing the following file failed:
  ‘differential_signal_fixed.Rmd’

Error: Vignette re-building failed.
Execution halted