Back to Multiple platform build/check report for BioC 3.18: simplified long |
|
This page was generated on 2024-03-29 11:37:39 -0400 (Fri, 29 Mar 2024).
Hostname | OS | Arch (*) | R version | Installed pkgs |
---|---|---|---|---|
nebbiolo2 | Linux (Ubuntu 22.04.3 LTS) | x86_64 | 4.3.3 (2024-02-29) -- "Angel Food Cake" | 4669 |
palomino4 | Windows Server 2022 Datacenter | x64 | 4.3.3 (2024-02-29 ucrt) -- "Angel Food Cake" | 4404 |
merida1 | macOS 12.7.1 Monterey | x86_64 | 4.3.3 (2024-02-29) -- "Angel Food Cake" | 4427 |
Click on any hostname to see more info about the system (e.g. compilers) (*) as reported by 'uname -p', except on Windows and Mac OS X |
Package 518/2266 | Hostname | OS / Arch | INSTALL | BUILD | CHECK | BUILD BIN | ||||||||
decoupleR 2.8.2 (landing page) Pau Badia-i-Mompel
| nebbiolo2 | Linux (Ubuntu 22.04.3 LTS) / x86_64 | OK | OK | ERROR | |||||||||
palomino4 | Windows Server 2022 Datacenter / x64 | OK | OK | ERROR | ERROR | |||||||||
merida1 | macOS 12.7.1 Monterey / x86_64 | OK | OK | TIMEOUT | ERROR | |||||||||
kjohnson1 | macOS 13.6.1 Ventura / arm64 | see weekly results here | ||||||||||||
To the developers/maintainers of the decoupleR package: - Allow up to 24 hours (and sometimes 48 hours) for your latest push to git@git.bioconductor.org:packages/decoupleR.git to reflect on this report. See Troubleshooting Build Report for more information. - Use the following Renviron settings to reproduce errors and warnings. - If 'R CMD check' started to fail recently on the Linux builder(s) over a missing dependency, add the missing dependency to 'Suggests:' in your DESCRIPTION file. See Renviron.bioc for more information. |
Package: decoupleR |
Version: 2.8.2 |
Command: /Library/Frameworks/R.framework/Resources/bin/R CMD check --install=check:decoupleR.install-out.txt --library=/Library/Frameworks/R.framework/Resources/library --no-vignettes --timings decoupleR_2.8.2.tar.gz |
StartedAt: 2024-03-28 01:38:48 -0400 (Thu, 28 Mar 2024) |
EndedAt: 2024-03-28 02:18:48 -0400 (Thu, 28 Mar 2024) |
EllapsedTime: 2400.3 seconds |
RetCode: None |
Status: TIMEOUT |
CheckDir: decoupleR.Rcheck |
Warnings: NA |
############################################################################## ############################################################################## ### ### Running command: ### ### /Library/Frameworks/R.framework/Resources/bin/R CMD check --install=check:decoupleR.install-out.txt --library=/Library/Frameworks/R.framework/Resources/library --no-vignettes --timings decoupleR_2.8.2.tar.gz ### ############################################################################## ############################################################################## * using log directory ‘/Users/biocbuild/bbs-3.18-bioc/meat/decoupleR.Rcheck’ * using R version 4.3.3 (2024-02-29) * using platform: x86_64-apple-darwin20 (64-bit) * R was compiled by Apple clang version 14.0.0 (clang-1400.0.29.202) GNU Fortran (GCC) 12.2.0 * running under: macOS Monterey 12.7.1 * using session charset: UTF-8 * using option ‘--no-vignettes’ * checking for file ‘decoupleR/DESCRIPTION’ ... OK * checking extension type ... Package * this is package ‘decoupleR’ version ‘2.8.2’ * package encoding: UTF-8 * checking package namespace information ... OK * checking package dependencies ... OK * checking if this is a source package ... OK * checking if there is a namespace ... OK * checking for hidden files and directories ... NOTE Found the following hidden files and directories: .bumpversion.cfg These were most likely included in error. See section ‘Package structure’ in the ‘Writing R Extensions’ manual. * checking for portable file names ... OK * checking for sufficient/correct file permissions ... OK * checking whether package ‘decoupleR’ can be installed ... OK * checking installed package size ... OK * checking package directory ... OK * checking ‘build’ directory ... WARNING Output(s) listed in 'build/vignette.rds' but not in package: ‘inst/doc/decoupleR.html’ ‘inst/doc/pw_bk.html’ ‘inst/doc/pw_sc.html’ ‘inst/doc/tf_bk.html’ ‘inst/doc/tf_sc.html’ * checking DESCRIPTION meta-information ... OK * checking top-level files ... OK * checking for left-over files ... OK * checking index information ... OK * checking package subdirectories ... OK * checking R files for non-ASCII characters ... OK * checking R files for syntax errors ... OK * checking whether the package can be loaded ... OK * checking whether the package can be loaded with stated dependencies ... OK * checking whether the package can be unloaded cleanly ... OK * checking whether the namespace can be loaded with stated dependencies ... OK * checking whether the namespace can be unloaded cleanly ... OK * checking dependencies in R code ... WARNING [2024-03-28 01:39:53] [TRACE] [OmnipathR] Reading JSON from `/Users/biocbuild/Library/Caches/OmnipathR/cache.json` (encoding: UTF-8). [2024-03-28 01:39:53] [TRACE] [OmnipathR] JSON validation successful: TRUE [2024-03-28 01:39:53] [INFO] [OmnipathR] Initialized cache: `/Users/biocbuild/Library/Caches/OmnipathR`. [2024-03-28 01:39:53] [TRACE] [OmnipathR] Running on a build server, wiping cache. [2024-03-28 01:39:53] [TRACE] [OmnipathR] Cache is at `/Users/biocbuild/Library/Caches/OmnipathR`. [2024-03-28 01:39:53] [TRACE] [OmnipathR] Contains 8 files. [2024-03-28 01:39:53] [TRACE] [OmnipathR] Cache is locked: FALSE. [2024-03-28 01:39:53] [TRACE] [OmnipathR] Reading JSON from `/Users/biocbuild/Library/Caches/OmnipathR/cache.json` (encoding: UTF-8). [2024-03-28 01:39:53] [TRACE] [OmnipathR] JSON validation successful: TRUE [2024-03-28 01:39:53] [SUCCESS] [OmnipathR] Removing all cache contents from `/Users/biocbuild/Library/Caches/OmnipathR`. [2024-03-28 01:39:53] [TRACE] [OmnipathR] Pandoc version: `2.7.3`. [2024-03-28 01:39:53] [TRACE] [OmnipathR] Reading JSON from `/Library/Frameworks/R.framework/Versions/4.3-x86_64/Resources/library/OmnipathR/db/db_def.json` (encoding: UTF-8). [2024-03-28 01:39:53] [TRACE] [OmnipathR] JSON validation successful: TRUE [2024-03-28 01:39:53] [TRACE] [OmnipathR] Reading JSON from `/Library/Frameworks/R.framework/Versions/4.3-x86_64/Resources/library/OmnipathR/internal/magic_bytes.json` (encoding: UTF-8). [2024-03-28 01:39:53] [TRACE] [OmnipathR] JSON validation successful: TRUE [2024-03-28 01:39:53] [TRACE] [OmnipathR] Reading JSON from `/Library/Frameworks/R.framework/Versions/4.3-x86_64/Resources/library/OmnipathR/internal/urls.json` (encoding: UTF-8). [2024-03-28 01:39:53] [TRACE] [OmnipathR] JSON validation successful: TRUE [2024-03-28 01:39:53] [TRACE] [OmnipathR] Reading JSON from `/Library/Frameworks/R.framework/Versions/4.3-x86_64/Resources/library/OmnipathR/internal/id_types.json` (encoding: UTF-8). [2024-03-28 01:39:53] [TRACE] [OmnipathR] JSON validation successful: TRUE [2024-03-28 01:39:53] [TRACE] [OmnipathR] Cache locked: FALSE '::' or ':::' import not declared from: ‘reshape2’ * checking S3 generic/method consistency ... OK * checking replacement functions ... OK * checking foreign function calls ... OK * checking R code for possible problems ... NOTE .ulm_analysis: no visible global function definition for ‘cor’ .ulm_analysis: no visible global function definition for ‘pt’ Undefined global functions or variables: cor pt Consider adding importFrom("stats", "cor", "pt") to your NAMESPACE file. * checking Rd files ... OK * checking Rd metadata ... OK * checking Rd cross-references ... OK * checking for missing documentation entries ... OK * checking for code/documentation mismatches ... OK * checking Rd \usage sections ... OK * checking Rd contents ... OK * checking for unstated dependencies in examples ... OK * checking files in ‘vignettes’ ... WARNING Files in the 'vignettes' directory but no files in 'inst/doc': ‘decoupleR.Rmd’ ‘pw_bk.Rmd’ ‘pw_sc.Rmd’ ‘tf_bk.Rmd’ ‘tf_sc.Rmd’ * checking examples ... OK Examples with CPU (user + system) or elapsed time > 5s user system elapsed get_dorothea 917.995 8.083 1008.734 get_collectri 223.668 2.959 254.987 run_fgsea 27.344 0.402 29.429 run_aucell 15.973 1.062 18.168 get_progeny 10.572 0.922 13.823 run_gsva 2.763 0.180 8.896 * checking for unstated dependencies in ‘tests’ ... OK * checking tests ... Running ‘testthat.R’
decoupleR.Rcheck/00install.out
############################################################################## ############################################################################## ### ### Running command: ### ### /Library/Frameworks/R.framework/Resources/bin/R CMD INSTALL decoupleR ### ############################################################################## ############################################################################## * installing to library ‘/Library/Frameworks/R.framework/Versions/4.3-x86_64/Resources/library’ * installing *source* package ‘decoupleR’ ... ** using staged installation ** R ** inst ** byte-compile and prepare package for lazy loading ** help *** installing help indices *** copying figures ** building package indices ** installing vignettes ** testing if installed package can be loaded from temporary location ** testing if installed package can be loaded from final location ** testing if installed package keeps a record of temporary installation path * DONE (decoupleR)
decoupleR.Rcheck/tests/testthat.Rout
R version 4.3.3 (2024-02-29) -- "Angel Food Cake" Copyright (C) 2024 The R Foundation for Statistical Computing Platform: x86_64-apple-darwin20 (64-bit) R is free software and comes with ABSOLUTELY NO WARRANTY. You are welcome to redistribute it under certain conditions. Type 'license()' or 'licence()' for distribution details. R is a collaborative project with many contributors. Type 'contributors()' for more information and 'citation()' on how to cite R or R packages in publications. Type 'demo()' for some demos, 'help()' for on-line help, or 'help.start()' for an HTML browser interface to help. Type 'q()' to quit R. > library(testthat) > library(decoupleR) > > test_check("decoupleR") | | | 0% | |======================================================================| 100% | | | 0% | |======================================================================| 100% | | | 0% | |======================================================================| 100% | | | 0% | |======================================================================| 100% | | | 0% | |======================================================================| 100% | | | 0% | |======================================================================| 100% | | | 0% | |======================================================================| 100% | | | 0% | |======================================================================| 100% | | | 0% | |======================================================================| 100% | | | 0% | |======================================================================| 100% | | | 0% | |======================================================================| 100% | | | 0% | |======================================================================| 100% | | | 0% | |=================================== | 50% | |======================================================================| 100% | | | 0% | |=================================== | 50% | |======================================================================| 100% | | | 0% | |=================================== | 50% | |======================================================================| 100% | | | 0% | |=================================== | 50% | |======================================================================| 100% | | | 0% | |=================================== | 50% | |======================================================================| 100% | | | 0% | |=================================== | 50% | |======================================================================| 100% | | | 0% | |=================================== | 50% | |======================================================================| 100% | | | 0% | |=================================== | 50% | |======================================================================| 100% | | | 0% | |=================================== | 50% | |======================================================================| 100% | | | 0% | |=================================== | 50% | |======================================================================| 100% | | | 0% | |=================================== | 50% | |======================================================================| 100% | | | 0% | |=================================== | 50% | |======================================================================| 100% [2024-03-28 02:05:10] [TRACE] [OmnipathR] Reading JSON from `/Users/biocbuild/Library/Caches/OmnipathR/cache.json` (encoding: UTF-8). [2024-03-28 02:05:10] [TRACE] [OmnipathR] JSON validation successful: TRUE [2024-03-28 02:05:10] [INFO] [OmnipathR] Initialized cache: `/Users/biocbuild/Library/Caches/OmnipathR`. [2024-03-28 02:05:10] [TRACE] [OmnipathR] Running on a build server, wiping cache. [2024-03-28 02:05:10] [TRACE] [OmnipathR] Cache is at `/Users/biocbuild/Library/Caches/OmnipathR`. [2024-03-28 02:05:10] [TRACE] [OmnipathR] Contains 8 files. [2024-03-28 02:05:10] [TRACE] [OmnipathR] Cache is locked: FALSE. [2024-03-28 02:05:10] [TRACE] [OmnipathR] Reading JSON from `/Users/biocbuild/Library/Caches/OmnipathR/cache.json` (encoding: UTF-8). [2024-03-28 02:05:10] [TRACE] [OmnipathR] JSON validation successful: TRUE [2024-03-28 02:05:10] [SUCCESS] [OmnipathR] Removing all cache contents from `/Users/biocbuild/Library/Caches/OmnipathR`. [2024-03-28 02:05:10] [TRACE] [OmnipathR] Pandoc version: `2.7.3`. [2024-03-28 02:05:10] [TRACE] [OmnipathR] Reading JSON from `/Library/Frameworks/R.framework/Versions/4.3-x86_64/Resources/library/OmnipathR/db/db_def.json` (encoding: UTF-8). [2024-03-28 02:05:10] [TRACE] [OmnipathR] JSON validation successful: TRUE [2024-03-28 02:05:10] [TRACE] [OmnipathR] Reading JSON from `/Library/Frameworks/R.framework/Versions/4.3-x86_64/Resources/library/OmnipathR/internal/magic_bytes.json` (encoding: UTF-8). [2024-03-28 02:05:10] [TRACE] [OmnipathR] JSON validation successful: TRUE [2024-03-28 02:05:10] [TRACE] [OmnipathR] Reading JSON from `/Library/Frameworks/R.framework/Versions/4.3-x86_64/Resources/library/OmnipathR/internal/urls.json` (encoding: UTF-8). [2024-03-28 02:05:10] [TRACE] [OmnipathR] JSON validation successful: TRUE [2024-03-28 02:05:10] [TRACE] [OmnipathR] Reading JSON from `/Library/Frameworks/R.framework/Versions/4.3-x86_64/Resources/library/OmnipathR/internal/id_types.json` (encoding: UTF-8). [2024-03-28 02:05:10] [TRACE] [OmnipathR] JSON validation successful: TRUE [2024-03-28 02:05:10] [TRACE] [OmnipathR] Cache locked: FALSE [2024-03-28 02:05:11] [TRACE] [OmnipathR] Reading JSON from `https://omnipathdb.org/resources` (encoding: UTF-8). [2024-03-28 02:05:11] [TRACE] [OmnipathR] JSON validation successful: TRUE [2024-03-28 02:05:12] [TRACE] [OmnipathR] Reading JSON from `https://omnipathdb.org/resources` (encoding: UTF-8). [2024-03-28 02:05:12] [TRACE] [OmnipathR] JSON validation successful: TRUE [2024-03-28 02:05:12] [INFO] [OmnipathR] Loading database `Ensembl and OMA organism names`. [2024-03-28 02:05:12] [TRACE] [OmnipathR] Reading JSON from `/Users/biocbuild/Library/Caches/OmnipathR/cache.json` (encoding: UTF-8). [2024-03-28 02:05:12] [TRACE] [OmnipathR] JSON validation successful: TRUE [2024-03-28 02:05:12] [INFO] [OmnipathR] Looking up in cache `https://www.ensembl.org/info/about/species.html`: key=7332486db7400730697234bad76ca0c8e4d00799, no version available. [2024-03-28 02:05:12] [TRACE] [OmnipathR] Reading JSON from `/Users/biocbuild/Library/Caches/OmnipathR/cache.json` (encoding: UTF-8). [2024-03-28 02:05:12] [TRACE] [OmnipathR] JSON validation successful: TRUE [2024-03-28 02:05:12] [INFO] [OmnipathR] Created new version for cache record 7332486db7400730697234bad76ca0c8e4d00799: version 1. [2024-03-28 02:05:12] [TRACE] [OmnipathR] Cache file path: /Users/biocbuild/Library/Caches/OmnipathR/7332486db7400730697234bad76ca0c8e4d00799-1.html [2024-03-28 02:05:12] [INFO] [OmnipathR] Retrieving URL: `https://www.ensembl.org/info/about/species.html` [2024-03-28 02:05:12] [TRACE] [OmnipathR] Attempt 1/3: `https://www.ensembl.org/info/about/species.html` [2024-03-28 02:05:13] [TRACE] [OmnipathR] HTTP 200 [2024-03-28 02:05:13] [INFO] [OmnipathR] Download ready [key=7332486db7400730697234bad76ca0c8e4d00799, version=1] [2024-03-28 02:05:13] [TRACE] [OmnipathR] Reading JSON from `/Users/biocbuild/Library/Caches/OmnipathR/cache.json` (encoding: UTF-8). [2024-03-28 02:05:13] [TRACE] [OmnipathR] JSON validation successful: TRUE [2024-03-28 02:05:13] [INFO] [OmnipathR] Cache item `7332486db7400730697234bad76ca0c8e4d00799` version 1: status changed from `unknown` to `ready`. [2024-03-28 02:05:13] [TRACE] [OmnipathR] Looking up in cache: `https://omabrowser.org/All/oma-species.txt`. [2024-03-28 02:05:13] [INFO] [OmnipathR] Cache record does not exist: `https://omabrowser.org/All/oma-species.txt` [2024-03-28 02:05:13] [TRACE] [OmnipathR] Could not find in cache, initiating download: `https://omabrowser.org/All/oma-species.txt`. [2024-03-28 02:05:13] [TRACE] [OmnipathR] Reading JSON from `/Users/biocbuild/Library/Caches/OmnipathR/cache.json` (encoding: UTF-8). [2024-03-28 02:05:13] [TRACE] [OmnipathR] JSON validation successful: TRUE [2024-03-28 02:05:13] [TRACE] [OmnipathR] Reading JSON from `/Users/biocbuild/Library/Caches/OmnipathR/cache.json` (encoding: UTF-8). [2024-03-28 02:05:13] [TRACE] [OmnipathR] JSON validation successful: TRUE [2024-03-28 02:05:13] [INFO] [OmnipathR] Cache item `30e690cbb55dfc63b5903ab337f34ffc2f4be397` version 1: status changed from `unknown` to `started`. [2024-03-28 02:05:13] [TRACE] [OmnipathR] Exporting object to RDS: `/Users/biocbuild/Library/Caches/OmnipathR/30e690cbb55dfc63b5903ab337f34ffc2f4be397-1.rds`. [2024-03-28 02:05:13] [INFO] [OmnipathR] Retrieving URL: `https://omabrowser.org/All/oma-species.txt` [2024-03-28 02:05:14] [TRACE] [OmnipathR] Attempt 1/3: `https://omabrowser.org/All/oma-species.txt` [2024-03-28 02:05:15] [TRACE] [OmnipathR] Exported RDS to `/Users/biocbuild/Library/Caches/OmnipathR/30e690cbb55dfc63b5903ab337f34ffc2f4be397-1.rds`. [2024-03-28 02:05:15] [INFO] [OmnipathR] Download ready [key=30e690cbb55dfc63b5903ab337f34ffc2f4be397, version=1] [2024-03-28 02:05:15] [TRACE] [OmnipathR] Reading JSON from `/Users/biocbuild/Library/Caches/OmnipathR/cache.json` (encoding: UTF-8). [2024-03-28 02:05:15] [TRACE] [OmnipathR] JSON validation successful: TRUE [2024-03-28 02:05:15] [INFO] [OmnipathR] Cache item `30e690cbb55dfc63b5903ab337f34ffc2f4be397` version 1: status changed from `started` to `ready`. [2024-03-28 02:05:15] [INFO] [OmnipathR] Loaded database `Ensembl and OMA organism names`. [2024-03-28 02:05:16] [TRACE] [OmnipathR] Reading JSON from `https://omnipathdb.org/resources` (encoding: UTF-8). [2024-03-28 02:05:16] [TRACE] [OmnipathR] JSON validation successful: TRUE [2024-03-28 02:05:16] [TRACE] [OmnipathR] Looking up in cache: `https://omnipathdb.org/annotations?resources=TFcensus&license=academic` [2024-03-28 02:05:16] [INFO] [OmnipathR] Cache record does not exist: `https://omnipathdb.org/annotations?resources=TFcensus&license=academic` [2024-03-28 02:05:16] [TRACE] [OmnipathR] Looking up in cache: `http://no-tls.omnipathdb.org/annotations?resources=TFcensus&license=academic` [2024-03-28 02:05:16] [INFO] [OmnipathR] Cache record does not exist: `http://no-tls.omnipathdb.org/annotations?resources=TFcensus&license=academic` [2024-03-28 02:05:16] [TRACE] [OmnipathR] Attempting `https://omnipathdb.org/annotations?resources=TFcensus&license=academic` [2024-03-28 02:05:16] [INFO] [OmnipathR] Retrieving URL: `https://omnipathdb.org/annotations?resources=TFcensus&license=academic` [2024-03-28 02:05:16] [TRACE] [OmnipathR] Attempt 1/3: `https://omnipathdb.org/annotations?resources=TFcensus&license=academic` [2024-03-28 02:05:17] [INFO] [OmnipathR] Successfully retrieved: `https://omnipathdb.org/annotations?resources=TFcensus&license=academic` [2024-03-28 02:05:17] [TRACE] [OmnipathR] Reading JSON from `/Users/biocbuild/Library/Caches/OmnipathR/cache.json` (encoding: UTF-8). [2024-03-28 02:05:17] [TRACE] [OmnipathR] JSON validation successful: TRUE [2024-03-28 02:05:17] [TRACE] [OmnipathR] Reading JSON from `/Users/biocbuild/Library/Caches/OmnipathR/cache.json` (encoding: UTF-8). [2024-03-28 02:05:17] [TRACE] [OmnipathR] JSON validation successful: TRUE [2024-03-28 02:05:17] [INFO] [OmnipathR] Cache item `6f000d9b5edd9832b1c28754d1c3d9449c1c7490` version 1: status changed from `unknown` to `started`. [2024-03-28 02:05:17] [TRACE] [OmnipathR] Exporting object to RDS: `/Users/biocbuild/Library/Caches/OmnipathR/6f000d9b5edd9832b1c28754d1c3d9449c1c7490-1.rds`. [2024-03-28 02:05:17] [TRACE] [OmnipathR] Exported RDS to `/Users/biocbuild/Library/Caches/OmnipathR/6f000d9b5edd9832b1c28754d1c3d9449c1c7490-1.rds`. [2024-03-28 02:05:17] [INFO] [OmnipathR] Download ready [key=6f000d9b5edd9832b1c28754d1c3d9449c1c7490, version=1] [2024-03-28 02:05:17] [TRACE] [OmnipathR] Reading JSON from `/Users/biocbuild/Library/Caches/OmnipathR/cache.json` (encoding: UTF-8). [2024-03-28 02:05:17] [TRACE] [OmnipathR] JSON validation successful: TRUE [2024-03-28 02:05:17] [INFO] [OmnipathR] Cache item `6f000d9b5edd9832b1c28754d1c3d9449c1c7490` version 1: status changed from `started` to `ready`. [2024-03-28 02:05:17] [SUCCESS] [OmnipathR] Downloaded 3099 annotation records. [2024-03-28 02:05:18] [TRACE] [OmnipathR] Reading JSON from `https://omnipathdb.org/resources` (encoding: UTF-8). [2024-03-28 02:05:18] [TRACE] [OmnipathR] JSON validation successful: TRUE [2024-03-28 02:05:18] [TRACE] [OmnipathR] Reading JSON from `https://omnipathdb.org/resources` (encoding: UTF-8). [2024-03-28 02:05:18] [TRACE] [OmnipathR] JSON validation successful: TRUE [2024-03-28 02:05:18] [TRACE] [OmnipathR] Looking up in cache: `https://omnipathdb.org/annotations?resources=PROGENy&license=academic` [2024-03-28 02:05:18] [INFO] [OmnipathR] Cache record does not exist: `https://omnipathdb.org/annotations?resources=PROGENy&license=academic` [2024-03-28 02:05:18] [TRACE] [OmnipathR] Looking up in cache: `http://no-tls.omnipathdb.org/annotations?resources=PROGENy&license=academic` [2024-03-28 02:05:18] [INFO] [OmnipathR] Cache record does not exist: `http://no-tls.omnipathdb.org/annotations?resources=PROGENy&license=academic` [2024-03-28 02:05:18] [TRACE] [OmnipathR] Attempting `https://omnipathdb.org/annotations?resources=PROGENy&license=academic` [2024-03-28 02:05:18] [INFO] [OmnipathR] Retrieving URL: `https://omnipathdb.org/annotations?resources=PROGENy&license=academic` [2024-03-28 02:05:18] [TRACE] [OmnipathR] Attempt 1/3: `https://omnipathdb.org/annotations?resources=PROGENy&license=academic` [2024-03-28 02:05:22] [INFO] [OmnipathR] Successfully retrieved: `https://omnipathdb.org/annotations?resources=PROGENy&license=academic` [2024-03-28 02:05:22] [TRACE] [OmnipathR] Reading JSON from `/Users/biocbuild/Library/Caches/OmnipathR/cache.json` (encoding: UTF-8). [2024-03-28 02:05:22] [TRACE] [OmnipathR] JSON validation successful: TRUE [2024-03-28 02:05:22] [TRACE] [OmnipathR] Reading JSON from `/Users/biocbuild/Library/Caches/OmnipathR/cache.json` (encoding: UTF-8). [2024-03-28 02:05:22] [TRACE] [OmnipathR] JSON validation successful: TRUE [2024-03-28 02:05:22] [INFO] [OmnipathR] Cache item `3492392585ba05414edfae46801492076437d7e7` version 1: status changed from `unknown` to `started`. [2024-03-28 02:05:22] [TRACE] [OmnipathR] Exporting object to RDS: `/Users/biocbuild/Library/Caches/OmnipathR/3492392585ba05414edfae46801492076437d7e7-1.rds`. [2024-03-28 02:05:27] [TRACE] [OmnipathR] Exported RDS to `/Users/biocbuild/Library/Caches/OmnipathR/3492392585ba05414edfae46801492076437d7e7-1.rds`. [2024-03-28 02:05:27] [INFO] [OmnipathR] Download ready [key=3492392585ba05414edfae46801492076437d7e7, version=1] [2024-03-28 02:05:27] [TRACE] [OmnipathR] Reading JSON from `/Users/biocbuild/Library/Caches/OmnipathR/cache.json` (encoding: UTF-8). [2024-03-28 02:05:27] [TRACE] [OmnipathR] JSON validation successful: TRUE [2024-03-28 02:05:27] [INFO] [OmnipathR] Cache item `3492392585ba05414edfae46801492076437d7e7` version 1: status changed from `started` to `ready`. [2024-03-28 02:05:28] [SUCCESS] [OmnipathR] Downloaded 700239 annotation records. [2024-03-28 02:05:32] [TRACE] [OmnipathR] Reading JSON from `https://omnipathdb.org/resources` (encoding: UTF-8). [2024-03-28 02:05:32] [TRACE] [OmnipathR] JSON validation successful: TRUE [2024-03-28 02:05:33] [TRACE] [OmnipathR] Reading JSON from `https://omnipathdb.org/resources` (encoding: UTF-8). [2024-03-28 02:05:33] [TRACE] [OmnipathR] JSON validation successful: TRUE [2024-03-28 02:05:33] [TRACE] [OmnipathR] Looking up in cache: `https://omnipathdb.org/annotations?resources=PROGENy&license=academic` [2024-03-28 02:05:37] [TRACE] [OmnipathR] Loaded data from RDS `/Users/biocbuild/Library/Caches/OmnipathR/3492392585ba05414edfae46801492076437d7e7-1.rds`. [2024-03-28 02:05:37] [INFO] [OmnipathR] Loaded from cache: `https://omnipathdb.org/annotations?resources=PROGENy&license=academic` [2024-03-28 02:05:37] [SUCCESS] [OmnipathR] Loaded 700239 annotation records from cache. [2024-03-28 02:05:40] [TRACE] [OmnipathR] Bypassing call: `OmnipathR::translate_ids(., uniprot, genesymbol, organism = organism)`. [2024-03-28 02:05:41] [TRACE] [OmnipathR] This behaviour is intended for running R CMD check within limited time and is triggered solely by the user name. Please report if you see this anywhere outside of a Bioconductor build server. [2024-03-28 02:05:41] [TRACE] [OmnipathR] Looking up in cache: `https://omnipathdb.org/interactions?genesymbols=yes&datasets=dorothea&organisms=9606&dorothea_levels=A,B,C,D&fields=evidences,sources,references,curation_effort,dorothea_level&license=academic` [2024-03-28 02:05:41] [INFO] [OmnipathR] Cache record does not exist: `https://omnipathdb.org/interactions?genesymbols=yes&datasets=dorothea&organisms=9606&dorothea_levels=A,B,C,D&fields=evidences,sources,references,curation_effort,dorothea_level&license=academic` [2024-03-28 02:05:41] [TRACE] [OmnipathR] Looking up in cache: `http://no-tls.omnipathdb.org/interactions?genesymbols=yes&datasets=dorothea&organisms=9606&dorothea_levels=A,B,C,D&fields=evidences,sources,references,curation_effort,dorothea_level&license=academic` [2024-03-28 02:05:41] [INFO] [OmnipathR] Cache record does not exist: `http://no-tls.omnipathdb.org/interactions?genesymbols=yes&datasets=dorothea&organisms=9606&dorothea_levels=A,B,C,D&fields=evidences,sources,references,curation_effort,dorothea_level&license=academic` [2024-03-28 02:05:41] [TRACE] [OmnipathR] Attempting `https://omnipathdb.org/interactions?genesymbols=yes&datasets=dorothea&organisms=9606&dorothea_levels=A,B,C,D&fields=evidences,sources,references,curation_effort,dorothea_level&license=academic` [2024-03-28 02:05:41] [INFO] [OmnipathR] Retrieving URL: `https://omnipathdb.org/interactions?genesymbols=yes&datasets=dorothea&organisms=9606&dorothea_levels=A,B,C,D&fields=evidences,sources,references,curation_effort,dorothea_level&license=academic` [2024-03-28 02:05:41] [TRACE] [OmnipathR] Attempt 1/3: `https://omnipathdb.org/interactions?genesymbols=yes&datasets=dorothea&organisms=9606&dorothea_levels=A,B,C,D&fields=evidences,sources,references,curation_effort,dorothea_level&license=academic` [2024-03-28 02:05:50] [INFO] [OmnipathR] Successfully retrieved: `https://omnipathdb.org/interactions?genesymbols=yes&datasets=dorothea&organisms=9606&dorothea_levels=A,B,C,D&fields=evidences,sources,references,curation_effort,dorothea_level&license=academic` [2024-03-28 02:05:50] [TRACE] [OmnipathR] Reading JSON from `/Users/biocbuild/Library/Caches/OmnipathR/cache.json` (encoding: UTF-8). [2024-03-28 02:05:50] [TRACE] [OmnipathR] JSON validation successful: TRUE [2024-03-28 02:05:50] [TRACE] [OmnipathR] Reading JSON from `/Users/biocbuild/Library/Caches/OmnipathR/cache.json` (encoding: UTF-8). [2024-03-28 02:05:50] [TRACE] [OmnipathR] JSON validation successful: TRUE [2024-03-28 02:05:50] [INFO] [OmnipathR] Cache item `2acacccd183a8fe4538b649c1e593e2140fcddf6` version 1: status changed from `unknown` to `started`. [2024-03-28 02:05:50] [TRACE] [OmnipathR] Exporting object to RDS: `/Users/biocbuild/Library/Caches/OmnipathR/2acacccd183a8fe4538b649c1e593e2140fcddf6-1.rds`. [2024-03-28 02:05:55] [TRACE] [OmnipathR] Exported RDS to `/Users/biocbuild/Library/Caches/OmnipathR/2acacccd183a8fe4538b649c1e593e2140fcddf6-1.rds`. [2024-03-28 02:05:55] [INFO] [OmnipathR] Download ready [key=2acacccd183a8fe4538b649c1e593e2140fcddf6, version=1] [2024-03-28 02:05:55] [TRACE] [OmnipathR] Reading JSON from `/Users/biocbuild/Library/Caches/OmnipathR/cache.json` (encoding: UTF-8). [2024-03-28 02:05:55] [TRACE] [OmnipathR] JSON validation successful: TRUE [2024-03-28 02:05:55] [INFO] [OmnipathR] Cache item `2acacccd183a8fe4538b649c1e593e2140fcddf6` version 1: status changed from `started` to `ready`. [2024-03-28 02:05:55] [TRACE] [OmnipathR] Converting JSON column `evidences` to list. [2024-03-28 02:06:45] [TRACE] [OmnipathR] Restricting interaction records to datasets: dorothea; and resources: any [2024-03-28 02:07:38] [TRACE] [OmnipathR] Filtering evidence columns: positive, negative, directed, undirected; to datasets: dorothea; and resources: any
decoupleR.Rcheck/decoupleR-Ex.timings
name | user | system | elapsed | |
check_corr | 0.173 | 0.028 | 0.214 | |
convert_f_defaults | 0.057 | 0.009 | 0.069 | |
decouple | 0.002 | 0.002 | 0.004 | |
dot-fit_preprocessing | 0.046 | 0.013 | 0.065 | |
extract_sets | 0.073 | 0.006 | 0.081 | |
filt_minsize | 0.084 | 0.002 | 0.088 | |
get_collectri | 223.668 | 2.959 | 254.987 | |
get_dorothea | 917.995 | 8.083 | 1008.734 | |
get_profile_of | 0.001 | 0.001 | 0.002 | |
get_progeny | 10.572 | 0.922 | 13.823 | |
get_resource | 0.671 | 0.045 | 2.263 | |
get_toy_data | 0.005 | 0.000 | 0.005 | |
intersect_regulons | 0.051 | 0.002 | 0.055 | |
pipe | 0.000 | 0.001 | 0.001 | |
pivot_wider_profile | 0.000 | 0.002 | 0.001 | |
randomize_matrix | 0.001 | 0.001 | 0.001 | |
rename_net | 0.074 | 0.001 | 0.081 | |
run_aucell | 15.973 | 1.062 | 18.168 | |
run_consensus | 4.036 | 0.037 | 4.318 | |
run_fgsea | 27.344 | 0.402 | 29.429 | |
run_gsva | 2.763 | 0.180 | 8.896 | |
run_mdt | 0.477 | 0.031 | 1.131 | |
run_mlm | 0.199 | 0.006 | 0.373 | |
run_ora | 0.950 | 0.012 | 1.013 | |
run_udt | 0.685 | 0.018 | 0.826 | |
run_ulm | 0.110 | 0.003 | 0.124 | |
run_viper | 1.452 | 0.133 | 1.672 | |
run_wmean | 1.46 | 0.02 | 1.62 | |
run_wsum | 1.535 | 0.034 | 1.726 | |
show_methods | 0.112 | 0.013 | 1.342 | |
show_resources | 0.128 | 0.009 | 1.019 | |
tidyeval | 0.000 | 0.001 | 0.000 | |