Back to Multiple platform build/check report for BioC 3.18:   simplified   long
[A]BCDEFGHIJKLMNOPQRSTUVWXYZ

This page was generated on 2024-02-29 11:36:30 -0500 (Thu, 29 Feb 2024).

HostnameOSArch (*)R versionInstalled pkgs
nebbiolo2Linux (Ubuntu 22.04.3 LTS)x86_644.3.2 Patched (2023-11-13 r85521) -- "Eye Holes" 4692
palomino4Windows Server 2022 Datacenterx644.3.2 (2023-10-31 ucrt) -- "Eye Holes" 4445
lconwaymacOS 12.7.1 Montereyx86_644.3.2 Patched (2023-11-01 r85457) -- "Eye Holes" 4466
Click on any hostname to see more info about the system (e.g. compilers)      (*) as reported by 'uname -p', except on Windows and Mac OS X

Package 23/2266HostnameOS / ArchINSTALLBUILDCHECKBUILD BIN
affy 1.80.0  (landing page)
Robert D. Shear
Snapshot Date: 2024-02-28 14:05:05 -0500 (Wed, 28 Feb 2024)
git_url: https://git.bioconductor.org/packages/affy
git_branch: RELEASE_3_18
git_last_commit: a0d64df
git_last_commit_date: 2023-10-24 09:31:50 -0500 (Tue, 24 Oct 2023)
nebbiolo2Linux (Ubuntu 22.04.3 LTS) / x86_64  OK    OK    WARNINGS  UNNEEDED, same version is already published
palomino4Windows Server 2022 Datacenter / x64  OK    OK    WARNINGS    OK  UNNEEDED, same version is already published
lconwaymacOS 12.7.1 Monterey / x86_64  OK    OK    WARNINGS    OK  UNNEEDED, same version is already published
kjohnson1macOS 13.6.1 Ventura / arm64see weekly results here

CHECK results for affy on palomino4


To the developers/maintainers of the affy package:
- Allow up to 24 hours (and sometimes 48 hours) for your latest push to git@git.bioconductor.org:packages/affy.git to reflect on this report. See Troubleshooting Build Report for more information.
- Use the following Renviron settings to reproduce errors and warnings.
- If 'R CMD check' started to fail recently on the Linux builder(s) over a missing dependency, add the missing dependency to 'Suggests:' in your DESCRIPTION file. See Renviron.bioc for more information.

raw results


Summary

Package: affy
Version: 1.80.0
Command: F:\biocbuild\bbs-3.18-bioc\R\bin\R.exe CMD check --no-multiarch --install=check:affy.install-out.txt --library=F:\biocbuild\bbs-3.18-bioc\R\library --no-vignettes --timings affy_1.80.0.tar.gz
StartedAt: 2024-02-28 22:52:29 -0500 (Wed, 28 Feb 2024)
EndedAt: 2024-02-28 22:54:39 -0500 (Wed, 28 Feb 2024)
EllapsedTime: 129.7 seconds
RetCode: 0
Status:   WARNINGS  
CheckDir: affy.Rcheck
Warnings: 1

Command output

##############################################################################
##############################################################################
###
### Running command:
###
###   F:\biocbuild\bbs-3.18-bioc\R\bin\R.exe CMD check --no-multiarch --install=check:affy.install-out.txt --library=F:\biocbuild\bbs-3.18-bioc\R\library --no-vignettes --timings affy_1.80.0.tar.gz
###
##############################################################################
##############################################################################


* using log directory 'F:/biocbuild/bbs-3.18-bioc/meat/affy.Rcheck'
* using R version 4.3.2 (2023-10-31 ucrt)
* using platform: x86_64-w64-mingw32 (64-bit)
* R was compiled by
    gcc.exe (GCC) 12.3.0
    GNU Fortran (GCC) 12.3.0
* running under: Windows Server 2022 x64 (build 20348)
* using session charset: UTF-8
* using option '--no-vignettes'
* checking for file 'affy/DESCRIPTION' ... OK
* this is package 'affy' version '1.80.0'
* checking package namespace information ... OK
* checking package dependencies ... OK
* checking if this is a source package ... OK
* checking if there is a namespace ... OK
* checking for hidden files and directories ... OK
* checking for portable file names ... OK
* checking whether package 'affy' can be installed ... OK
* used C compiler: 'gcc.exe (GCC) 12.3.0'
* checking installed package size ... OK
* checking package directory ... OK
* checking 'build' directory ... OK
* checking DESCRIPTION meta-information ... OK
* checking top-level files ... OK
* checking for left-over files ... OK
* checking index information ... OK
* checking package subdirectories ... NOTE
Problems with news in 'NEWS':
  Cannot process chunk/lines:
    Things done:
      0 (wh:) moved everything related to Cdf-class from 'affy' to 'makecdfenv':
        R/Cdf.R, R/getLocationsData.Cdf.R, locate.name.R, pmormm.R
        R/read.cdffile.R, data/cdf.example.rda, man/Cdf-class.Rd
        man/getLocationsData.Cdf.Rd, man/locate.name.Rd, man/pmormm.Rd
        man/read.cdffile.Rd, src/read_cdffile.c
      o read.affybatch2 reads all cel files together in one big hit
        into an affybatch
      o the baseline in normalize.AffyBatch,invariant can be selected
        using a baseline.type parameter. Also changed "progress" to the 
        more standard "verbose". Seemed to be an error since both PM and
        MM probes were normalized by only PM's where used to establish the 
        normalization, now follows same standard as been introduced for
        normalize.AffyBatch.quantiles.
      o Most normalization routines can now be called with the parameter 
        type which specifies whether to be pmonly, mmonly, both together 
        or both separately. This introduces more consistency to the how
        the normalization routines are actually applied to affybatchs.
      o express() has been completely removed.
* checking R files for non-ASCII characters ... OK
* checking R files for syntax errors ... OK
* checking whether the package can be loaded ... OK
* checking whether the package can be loaded with stated dependencies ... OK
* checking whether the package can be unloaded cleanly ... OK
* checking whether the namespace can be loaded with stated dependencies ... OK
* checking whether the namespace can be unloaded cleanly ... OK
* checking startup messages can be suppressed ... OK
* checking dependencies in R code ... NOTE
Unexported objects imported by ':::' calls:
  'stats:::C_loess_raw' 'stats:::C_lowesp' 'stats:::C_lowesw'
  See the note in ?`:::` about the use of this operator.
* checking S3 generic/method consistency ... OK
* checking replacement functions ... OK
* checking foreign function calls ... WARNING
Foreign function calls to a base package:
  .C(stats:::C_loess_raw, ...)
  .Fortran(stats:::C_lowesp, ...)
  .Fortran(stats:::C_lowesw, ...)
Packages should not make .C/.Call/.External/.Fortran calls to a base
package. They are not part of the API, for use only by R itself and
subject to change without notice.
* checking R code for possible problems ... OK
* checking Rd files ... NOTE
checkRd: (-1) xy2indices.Rd:51: Escaped LaTeX specials: \_ \_
* checking Rd metadata ... OK
* checking Rd cross-references ... OK
* checking for missing documentation entries ... OK
* checking for code/documentation mismatches ... OK
* checking Rd \usage sections ... OK
* checking Rd contents ... OK
* checking for unstated dependencies in examples ... OK
* checking contents of 'data' directory ... OK
* checking data for non-ASCII characters ... OK
* checking data for ASCII and uncompressed saves ... OK
* checking line endings in shell scripts ... OK
* checking line endings in C/C++/Fortran sources/headers ... OK
* checking line endings in Makefiles ... OK
* checking compilation flags in Makevars ... OK
* checking for GNU extensions in Makefiles ... OK
* checking for portable use of $(BLAS_LIBS) and $(LAPACK_LIBS) ... OK
* checking use of PKG_*FLAGS in Makefiles ... OK
* checking compiled code ... NOTE
Note: information on .o files for x64 is not available
File 'F:/biocbuild/bbs-3.18-bioc/R/library/affy/libs/x64/affy.dll':
  Found 'abort', possibly from 'abort' (C), 'runtime' (Fortran)

Compiled code should not call entry points which might terminate R nor
write to stdout/stderr instead of to the console, nor use Fortran I/O
nor system RNGs nor [v]sprintf. The detected symbols are linked into
the code but might come from libraries and not actually be called.

See 'Writing portable packages' in the 'Writing R Extensions' manual.
* checking sizes of PDF files under 'inst/doc' ... OK
* checking files in 'vignettes' ... OK
* checking examples ... OK
Examples with CPU (user + system) or elapsed time > 5s
                       user system elapsed
mas5                  17.78   0.46   18.23
MAplot                10.75   0.31   11.09
expresso               8.57   0.28    8.86
ProgressBarText-class  0.85   0.03   16.78
* checking for unstated dependencies in vignettes ... OK
* checking package vignettes in 'inst/doc' ... OK
* checking running R code from vignettes ... SKIPPED
* checking re-building of vignette outputs ... SKIPPED
* checking PDF version of manual ... OK
* DONE

Status: 1 WARNING, 4 NOTEs
See
  'F:/biocbuild/bbs-3.18-bioc/meat/affy.Rcheck/00check.log'
for details.



Installation output

affy.Rcheck/00install.out

##############################################################################
##############################################################################
###
### Running command:
###
###   F:\biocbuild\bbs-3.18-bioc\R\bin\R.exe CMD INSTALL affy
###
##############################################################################
##############################################################################


* installing to library 'F:/biocbuild/bbs-3.18-bioc/R/library'
* installing *source* package 'affy' ...
** using staged installation

   **********************************************
   WARNING: this package has a configure script
         It probably needs manual configuration
   **********************************************


** libs
using C compiler: 'gcc.exe (GCC) 12.3.0'
gcc  -I"F:/biocbuild/bbs-3.18-bioc/R/library/zlibbioc/include" -I"F:/biocbuild/bbs-3.18-bioc/R/include" -DNDEBUG -DHAVE_ZLIB -I'F:/biocbuild/bbs-3.18-bioc/R/library/preprocessCore/include'   -I"C:/rtools43/x86_64-w64-mingw32.static.posix/include"     -O2 -Wall  -mfpmath=sse -msse2 -mstackrealign  -c chipbackground.c -o chipbackground.o
gcc  -I"F:/biocbuild/bbs-3.18-bioc/R/library/zlibbioc/include" -I"F:/biocbuild/bbs-3.18-bioc/R/include" -DNDEBUG -DHAVE_ZLIB -I'F:/biocbuild/bbs-3.18-bioc/R/library/preprocessCore/include'   -I"C:/rtools43/x86_64-w64-mingw32.static.posix/include"     -O2 -Wall  -mfpmath=sse -msse2 -mstackrealign  -c getall_locations.c -o getall_locations.o
gcc  -I"F:/biocbuild/bbs-3.18-bioc/R/library/zlibbioc/include" -I"F:/biocbuild/bbs-3.18-bioc/R/include" -DNDEBUG -DHAVE_ZLIB -I'F:/biocbuild/bbs-3.18-bioc/R/library/preprocessCore/include'   -I"C:/rtools43/x86_64-w64-mingw32.static.posix/include"     -O2 -Wall  -mfpmath=sse -msse2 -mstackrealign  -c mas5calls.c -o mas5calls.o
gcc  -I"F:/biocbuild/bbs-3.18-bioc/R/library/zlibbioc/include" -I"F:/biocbuild/bbs-3.18-bioc/R/include" -DNDEBUG -DHAVE_ZLIB -I'F:/biocbuild/bbs-3.18-bioc/R/library/preprocessCore/include'   -I"C:/rtools43/x86_64-w64-mingw32.static.posix/include"     -O2 -Wall  -mfpmath=sse -msse2 -mstackrealign  -c rma2.c -o rma2.o
gcc  -I"F:/biocbuild/bbs-3.18-bioc/R/library/zlibbioc/include" -I"F:/biocbuild/bbs-3.18-bioc/R/include" -DNDEBUG -DHAVE_ZLIB -I'F:/biocbuild/bbs-3.18-bioc/R/library/preprocessCore/include'   -I"C:/rtools43/x86_64-w64-mingw32.static.posix/include"     -O2 -Wall  -mfpmath=sse -msse2 -mstackrealign  -c rma_common.c -o rma_common.o
gcc -shared -s -static-libgcc -o affy.dll tmp.def chipbackground.o getall_locations.o mas5calls.o rma2.o rma_common.o -LF:/biocbuild/bbs-3.18-bioc/R/library/zlibbioc/libs/x64 -lzlib1bioc -LC:/rtools43/x86_64-w64-mingw32.static.posix/lib/x64 -LC:/rtools43/x86_64-w64-mingw32.static.posix/lib -LF:/biocbuild/bbs-3.18-bioc/R/bin/x64 -lR
installing to F:/biocbuild/bbs-3.18-bioc/R/library/00LOCK-affy/00new/affy/libs/x64
** R
** data
** demo
** inst
** byte-compile and prepare package for lazy loading
** help
*** installing help indices
** building package indices
** installing vignettes
** testing if installed package can be loaded from temporary location
** testing if installed package can be loaded from final location
** testing if installed package keeps a record of temporary installation path
* DONE (affy)

Tests output


Example timings

affy.Rcheck/affy-Ex.timings

nameusersystemelapsed
AffyBatch-class4.010.064.08
AffyRNAdeg1.470.091.56
MAplot10.75 0.3111.09
ProbeSet-class0.250.050.30
ProgressBarText-class 0.85 0.0316.78
affy-options000
barplot.ProbeSet0.500.020.51
bgc2.950.233.38
cleancdfname000
expresso8.570.288.86
expressoWidget000
fit.li.wong3.390.023.40
generateExprSet-methods0.310.000.32
generateExprVal-methods0.270.000.26
generateExprVal.method.avgdiff0.250.010.27
list.celfiles000
maffy.subset0.030.000.03
mas517.78 0.4618.23
mas5calls1.340.041.39
mva.pairs0.060.000.06
normalize-methods0.190.010.21
normalize.loess0.020.000.01
plot.ProbeSet0.010.000.02
plot.density0.460.020.47
plotLocation1.590.091.68
pmcorrect0.230.000.24
ppsetApply000
read.affybatch1.810.031.88
rma1.550.021.56
setAffyOptions000
xy2indices1.700.061.77