Back to Multiple platform build/check report for BioC 3.18:   simplified   long
[A]BCDEFGHIJKLMNOPQRSTUVWXYZ

This page was generated on 2024-02-29 11:35:43 -0500 (Thu, 29 Feb 2024).

HostnameOSArch (*)R versionInstalled pkgs
nebbiolo2Linux (Ubuntu 22.04.3 LTS)x86_644.3.2 Patched (2023-11-13 r85521) -- "Eye Holes" 4692
palomino4Windows Server 2022 Datacenterx644.3.2 (2023-10-31 ucrt) -- "Eye Holes" 4445
lconwaymacOS 12.7.1 Montereyx86_644.3.2 Patched (2023-11-01 r85457) -- "Eye Holes" 4466
Click on any hostname to see more info about the system (e.g. compilers)      (*) as reported by 'uname -p', except on Windows and Mac OS X

Package 23/2266HostnameOS / ArchINSTALLBUILDCHECKBUILD BIN
affy 1.80.0  (landing page)
Robert D. Shear
Snapshot Date: 2024-02-28 14:05:05 -0500 (Wed, 28 Feb 2024)
git_url: https://git.bioconductor.org/packages/affy
git_branch: RELEASE_3_18
git_last_commit: a0d64df
git_last_commit_date: 2023-10-24 09:31:50 -0500 (Tue, 24 Oct 2023)
nebbiolo2Linux (Ubuntu 22.04.3 LTS) / x86_64  OK    OK    WARNINGS  UNNEEDED, same version is already published
palomino4Windows Server 2022 Datacenter / x64  OK    OK    WARNINGS    OK  UNNEEDED, same version is already published
lconwaymacOS 12.7.1 Monterey / x86_64  OK    OK    WARNINGS    OK  UNNEEDED, same version is already published
kjohnson1macOS 13.6.1 Ventura / arm64see weekly results here

CHECK results for affy on nebbiolo2


To the developers/maintainers of the affy package:
- Allow up to 24 hours (and sometimes 48 hours) for your latest push to git@git.bioconductor.org:packages/affy.git to reflect on this report. See Troubleshooting Build Report for more information.
- Use the following Renviron settings to reproduce errors and warnings.
- If 'R CMD check' started to fail recently on the Linux builder(s) over a missing dependency, add the missing dependency to 'Suggests:' in your DESCRIPTION file. See Renviron.bioc for more information.

raw results


Summary

Package: affy
Version: 1.80.0
Command: /home/biocbuild/bbs-3.18-bioc/R/bin/R CMD check --install=check:affy.install-out.txt --library=/home/biocbuild/bbs-3.18-bioc/R/site-library --timings affy_1.80.0.tar.gz
StartedAt: 2024-02-28 19:51:14 -0500 (Wed, 28 Feb 2024)
EndedAt: 2024-02-28 19:54:42 -0500 (Wed, 28 Feb 2024)
EllapsedTime: 208.2 seconds
RetCode: 0
Status:   WARNINGS  
CheckDir: affy.Rcheck
Warnings: 1

Command output

##############################################################################
##############################################################################
###
### Running command:
###
###   /home/biocbuild/bbs-3.18-bioc/R/bin/R CMD check --install=check:affy.install-out.txt --library=/home/biocbuild/bbs-3.18-bioc/R/site-library --timings affy_1.80.0.tar.gz
###
##############################################################################
##############################################################################


* using log directory ‘/home/biocbuild/bbs-3.18-bioc/meat/affy.Rcheck’
* using R version 4.3.2 Patched (2023-11-13 r85521)
* using platform: x86_64-pc-linux-gnu (64-bit)
* R was compiled by
    gcc (Ubuntu 11.4.0-1ubuntu1~22.04) 11.4.0
    GNU Fortran (Ubuntu 11.4.0-1ubuntu1~22.04) 11.4.0
* running under: Ubuntu 22.04.3 LTS
* using session charset: UTF-8
* checking for file ‘affy/DESCRIPTION’ ... OK
* this is package ‘affy’ version ‘1.80.0’
* checking package namespace information ... OK
* checking package dependencies ... OK
* checking if this is a source package ... OK
* checking if there is a namespace ... OK
* checking for hidden files and directories ... OK
* checking for portable file names ... OK
* checking for sufficient/correct file permissions ... OK
* checking whether package ‘affy’ can be installed ... OK
* used C compiler: ‘gcc (Ubuntu 11.4.0-1ubuntu1~22.04) 11.4.0’
* checking installed package size ... OK
* checking package directory ... OK
* checking ‘build’ directory ... OK
* checking DESCRIPTION meta-information ... OK
* checking top-level files ... OK
* checking for left-over files ... OK
* checking index information ... OK
* checking package subdirectories ... NOTE
Problems with news in ‘NEWS’:
  Cannot process chunk/lines:
    Things done:
      0 (wh:) moved everything related to Cdf-class from 'affy' to 'makecdfenv':
        R/Cdf.R, R/getLocationsData.Cdf.R, locate.name.R, pmormm.R
        R/read.cdffile.R, data/cdf.example.rda, man/Cdf-class.Rd
        man/getLocationsData.Cdf.Rd, man/locate.name.Rd, man/pmormm.Rd
        man/read.cdffile.Rd, src/read_cdffile.c
      o read.affybatch2 reads all cel files together in one big hit
        into an affybatch
      o the baseline in normalize.AffyBatch,invariant can be selected
        using a baseline.type parameter. Also changed "progress" to the 
        more standard "verbose". Seemed to be an error since both PM and
        MM probes were normalized by only PM's where used to establish the 
        normalization, now follows same standard as been introduced for
        normalize.AffyBatch.quantiles.
      o Most normalization routines can now be called with the parameter 
        type which specifies whether to be pmonly, mmonly, both together 
        or both separately. This introduces more consistency to the how
        the normalization routines are actually applied to affybatchs.
      o express() has been completely removed.
* checking R files for non-ASCII characters ... OK
* checking R files for syntax errors ... OK
* checking whether the package can be loaded ... OK
* checking whether the package can be loaded with stated dependencies ... OK
* checking whether the package can be unloaded cleanly ... OK
* checking whether the namespace can be loaded with stated dependencies ... OK
* checking whether the namespace can be unloaded cleanly ... OK
* checking loading without being on the library search path ... OK
* checking startup messages can be suppressed ... OK
* checking dependencies in R code ... NOTE
Unexported objects imported by ':::' calls:
  ‘stats:::C_loess_raw’ ‘stats:::C_lowesp’ ‘stats:::C_lowesw’
  See the note in ?`:::` about the use of this operator.
* checking S3 generic/method consistency ... OK
* checking replacement functions ... OK
* checking foreign function calls ... WARNING
Foreign function calls to a base package:
  .C(stats:::C_loess_raw, ...)
  .Fortran(stats:::C_lowesp, ...)
  .Fortran(stats:::C_lowesw, ...)
Packages should not make .C/.Call/.External/.Fortran calls to a base
package. They are not part of the API, for use only by R itself and
subject to change without notice.
* checking R code for possible problems ... OK
* checking Rd files ... NOTE
checkRd: (-1) xy2indices.Rd:51: Escaped LaTeX specials: \_ \_
* checking Rd metadata ... OK
* checking Rd cross-references ... OK
* checking for missing documentation entries ... OK
* checking for code/documentation mismatches ... OK
* checking Rd \usage sections ... OK
* checking Rd contents ... OK
* checking for unstated dependencies in examples ... OK
* checking contents of ‘data’ directory ... OK
* checking data for non-ASCII characters ... OK
* checking data for ASCII and uncompressed saves ... OK
* checking line endings in shell scripts ... OK
* checking line endings in C/C++/Fortran sources/headers ... OK
* checking line endings in Makefiles ... OK
* checking compilation flags in Makevars ... OK
* checking for GNU extensions in Makefiles ... OK
* checking for portable use of $(BLAS_LIBS) and $(LAPACK_LIBS) ... OK
* checking use of PKG_*FLAGS in Makefiles ... OK
* checking compiled code ... NOTE
Note: information on .o files is not available
* checking files in ‘vignettes’ ... OK
* checking examples ... OK
Examples with CPU (user + system) or elapsed time > 5s
                        user system elapsed
mas5                  17.831  0.264  18.094
MAplot                11.995  0.352  12.347
expresso               7.980  0.068   8.047
ProgressBarText-class  0.880  0.004  16.376
* checking for unstated dependencies in vignettes ... OK
* checking package vignettes in ‘inst/doc’ ... OK
* checking running R code from vignettes ...
  ‘affy.Rnw’... OK
  ‘builtinMethods.Rnw’... OK
  ‘customMethods.Rnw’... OK
  ‘vim.Rnw’... OK
 OK
* checking re-building of vignette outputs ... OK
* checking PDF version of manual ... OK
* DONE

Status: 1 WARNING, 4 NOTEs
See
  ‘/home/biocbuild/bbs-3.18-bioc/meat/affy.Rcheck/00check.log’
for details.



Installation output

affy.Rcheck/00install.out

##############################################################################
##############################################################################
###
### Running command:
###
###   /home/biocbuild/bbs-3.18-bioc/R/bin/R CMD INSTALL affy
###
##############################################################################
##############################################################################


* installing to library ‘/home/biocbuild/bbs-3.18-bioc/R/site-library’
* installing *source* package ‘affy’ ...
** using staged installation
creating cache ./config.cache
checking how to run the C preprocessor... gcc -E
checking for main in -lz... yes
checking for zlib.h... yes
checking if zlib version >= 1.1.3... yes
updating cache ./config.cache
creating ./config.status
creating src/Makevars
** libs
using C compiler: ‘gcc (Ubuntu 11.4.0-1ubuntu1~22.04) 11.4.0’
gcc -I"/home/biocbuild/bbs-3.18-bioc/R/include" -DNDEBUG -DHAVE_ZLIB=1  -I'/home/biocbuild/bbs-3.18-bioc/R/site-library/preprocessCore/include' -I/usr/local/include   -g -O2 -Wall -fpic  -g -O2  -Wall -c chipbackground.c -o chipbackground.o
gcc -I"/home/biocbuild/bbs-3.18-bioc/R/include" -DNDEBUG -DHAVE_ZLIB=1  -I'/home/biocbuild/bbs-3.18-bioc/R/site-library/preprocessCore/include' -I/usr/local/include   -g -O2 -Wall -fpic  -g -O2  -Wall -c getall_locations.c -o getall_locations.o
gcc -I"/home/biocbuild/bbs-3.18-bioc/R/include" -DNDEBUG -DHAVE_ZLIB=1  -I'/home/biocbuild/bbs-3.18-bioc/R/site-library/preprocessCore/include' -I/usr/local/include   -g -O2 -Wall -fpic  -g -O2  -Wall -c mas5calls.c -o mas5calls.o
gcc -I"/home/biocbuild/bbs-3.18-bioc/R/include" -DNDEBUG -DHAVE_ZLIB=1  -I'/home/biocbuild/bbs-3.18-bioc/R/site-library/preprocessCore/include' -I/usr/local/include   -g -O2 -Wall -fpic  -g -O2  -Wall -c rma2.c -o rma2.o
gcc -I"/home/biocbuild/bbs-3.18-bioc/R/include" -DNDEBUG -DHAVE_ZLIB=1  -I'/home/biocbuild/bbs-3.18-bioc/R/site-library/preprocessCore/include' -I/usr/local/include   -g -O2 -Wall -fpic  -g -O2  -Wall -c rma_common.c -o rma_common.o
gcc -shared -L/home/biocbuild/bbs-3.18-bioc/R/lib -L/usr/local/lib -o affy.so chipbackground.o getall_locations.o mas5calls.o rma2.o rma_common.o -lz -L/home/biocbuild/bbs-3.18-bioc/R/lib -lR
installing to /home/biocbuild/bbs-3.18-bioc/R/site-library/00LOCK-affy/00new/affy/libs
** R
** data
** demo
** inst
** byte-compile and prepare package for lazy loading
** help
*** installing help indices
** building package indices
** installing vignettes
** testing if installed package can be loaded from temporary location
** checking absolute paths in shared objects and dynamic libraries
** testing if installed package can be loaded from final location
** testing if installed package keeps a record of temporary installation path
* DONE (affy)

Tests output


Example timings

affy.Rcheck/affy-Ex.timings

nameusersystemelapsed
AffyBatch-class4.0760.1884.265
AffyRNAdeg1.5280.0521.579
MAplot11.995 0.35212.347
ProbeSet-class0.2750.0120.287
ProgressBarText-class 0.880 0.00416.376
affy-options0.0010.0000.000
barplot.ProbeSet0.5450.0120.557
bgc3.8690.0803.948
cleancdfname0.0060.0000.006
expresso7.9800.0688.047
expressoWidget000
fit.li.wong3.3470.0443.392
generateExprSet-methods0.3220.0160.337
generateExprVal-methods0.2620.0320.295
generateExprVal.method.avgdiff0.1580.0100.169
list.celfiles0.0000.0000.001
maffy.subset0.0110.0000.011
mas517.831 0.26418.094
mas5calls0.9270.0160.943
mva.pairs0.080.000.08
normalize-methods0.2250.0000.224
normalize.loess0.0090.0000.009
plot.ProbeSet0.0130.0000.012
plot.density0.4380.0000.439
plotLocation1.3580.0361.393
pmcorrect0.2480.0000.248
ppsetApply0.0000.0000.001
read.affybatch1.3230.0161.343
rma1.4880.0041.493
setAffyOptions0.0010.0000.000
xy2indices1.7440.0441.789