Back to Multiple platform build/check report for BioC 3.19: simplified long |
|
This page was generated on 2024-03-04 11:38:49 -0500 (Mon, 04 Mar 2024).
Hostname | OS | Arch (*) | R version | Installed pkgs |
---|---|---|---|---|
nebbiolo1 | Linux (Ubuntu 22.04.3 LTS) | x86_64 | R Under development (unstable) (2024-01-16 r85808) -- "Unsuffered Consequences" | 4676 |
palomino3 | Windows Server 2022 Datacenter | x64 | R Under development (unstable) (2024-01-14 r85805 ucrt) -- "Unsuffered Consequences" | 4414 |
merida1 | macOS 12.7.1 Monterey | x86_64 | R Under development (unstable) (2024-01-16 r85808) -- "Unsuffered Consequences" | 4441 |
kunpeng2 | Linux (openEuler 22.03 LTS-SP1) | aarch64 | R Under development (unstable) (2024-01-16 r85812) -- "Unsuffered Consequences" | 4417 |
Click on any hostname to see more info about the system (e.g. compilers) (*) as reported by 'uname -p', except on Windows and Mac OS X |
Package 20/2251 | Hostname | OS / Arch | INSTALL | BUILD | CHECK | BUILD BIN | ||||||||
adverSCarial 1.1.2 (landing page) Ghislain FIEVET
| nebbiolo1 | Linux (Ubuntu 22.04.3 LTS) / x86_64 | OK | OK | WARNINGS | |||||||||
palomino3 | Windows Server 2022 Datacenter / x64 | OK | OK | WARNINGS | OK | |||||||||
merida1 | macOS 12.7.1 Monterey / x86_64 | OK | OK | WARNINGS | OK | |||||||||
kunpeng2 | Linux (openEuler 22.03 LTS-SP1) / aarch64 | OK | OK | WARNINGS | ||||||||||
To the developers/maintainers of the adverSCarial package: - Allow up to 24 hours (and sometimes 48 hours) for your latest push to git@git.bioconductor.org:packages/adverSCarial.git to reflect on this report. See Troubleshooting Build Report for more information. - Use the following Renviron settings to reproduce errors and warnings. - If 'R CMD check' started to fail recently on the Linux builder(s) over a missing dependency, add the missing dependency to 'Suggests:' in your DESCRIPTION file. See Renviron.bioc for more information. |
Package: adverSCarial |
Version: 1.1.2 |
Command: /Library/Frameworks/R.framework/Resources/bin/R CMD check --install=check:adverSCarial.install-out.txt --library=/Library/Frameworks/R.framework/Resources/library --no-vignettes --timings adverSCarial_1.1.2.tar.gz |
StartedAt: 2024-03-01 23:50:53 -0500 (Fri, 01 Mar 2024) |
EndedAt: 2024-03-01 23:54:08 -0500 (Fri, 01 Mar 2024) |
EllapsedTime: 195.0 seconds |
RetCode: 0 |
Status: WARNINGS |
CheckDir: adverSCarial.Rcheck |
Warnings: 1 |
############################################################################## ############################################################################## ### ### Running command: ### ### /Library/Frameworks/R.framework/Resources/bin/R CMD check --install=check:adverSCarial.install-out.txt --library=/Library/Frameworks/R.framework/Resources/library --no-vignettes --timings adverSCarial_1.1.2.tar.gz ### ############################################################################## ############################################################################## * using log directory ‘/Users/biocbuild/bbs-3.19-bioc/meat/adverSCarial.Rcheck’ * using R Under development (unstable) (2024-01-16 r85808) * using platform: x86_64-apple-darwin20 * R was compiled by Apple clang version 14.0.0 (clang-1400.0.29.202) GNU Fortran (GCC) 12.2.0 * running under: macOS Monterey 12.7.1 * using session charset: UTF-8 * using option ‘--no-vignettes’ * checking for file ‘adverSCarial/DESCRIPTION’ ... OK * this is package ‘adverSCarial’ version ‘1.1.2’ * package encoding: UTF-8 * checking package namespace information ... OK * checking package dependencies ... OK * checking if this is a source package ... OK * checking if there is a namespace ... OK * checking for hidden files and directories ... OK * checking for portable file names ... OK * checking for sufficient/correct file permissions ... OK * checking whether package ‘adverSCarial’ can be installed ... OK * checking installed package size ... OK * checking package directory ... OK * checking ‘build’ directory ... OK * checking DESCRIPTION meta-information ... OK * checking top-level files ... OK * checking for left-over files ... OK * checking index information ... OK * checking package subdirectories ... OK * checking R files for non-ASCII characters ... OK * checking R files for syntax errors ... OK * checking whether the package can be loaded ... OK * checking whether the package can be loaded with stated dependencies ... OK * checking whether the package can be unloaded cleanly ... OK * checking whether the namespace can be loaded with stated dependencies ... OK * checking whether the namespace can be unloaded cleanly ... OK * checking dependencies in R code ... OK * checking S3 generic/method consistency ... OK * checking replacement functions ... OK * checking foreign function calls ... OK * checking R code for possible problems ... NOTE .advModificationsFunction: no visible global function definition for ‘is’ .advModificationsFunction : <anonymous>: no visible global function definition for ‘is’ .advModificationsNotFunction: no visible global function definition for ‘is’ .advModificationsNotFunction: no visible global function definition for ‘counts’ .advModificationsNotFunction : <anonymous>: no visible global function definition for ‘is’ .randWalkGetSeed: no visible global function definition for ‘SingleCellExperiment’ .randWalkGetSeed: no visible global function definition for ‘is’ .randWalkTryNewVector: no visible global function definition for ‘SingleCellExperiment’ .randWalkTryNewVector: no visible global function definition for ‘is’ MClassifier: no visible global function definition for ‘is’ MClassifier: no visible global function definition for ‘counts’ advChar: no visible global function definition for ‘new’ advGridMinChange: no visible global function definition for ‘is’ advGridMinChange: no visible global function definition for ‘counts’ advGridMinChange: no visible global function definition for ‘SingleCellExperiment’ advList: no visible global function definition for ‘new’ advMaxChange: no visible global function definition for ‘is’ advMaxChange: no visible global function definition for ‘counts’ advMaxChange: no visible global function definition for ‘new’ advModifications: no visible global function definition for ‘is’ advModifications: no visible global function definition for ‘counts’ advModifications: no visible global function definition for ‘SingleCellExperiment’ advRandWalkMinChange: no visible global function definition for ‘is’ advRandWalkMinChange: no visible global function definition for ‘counts’ advSingleGene: no visible global function definition for ‘is’ advSingleGene: no visible global function definition for ‘counts’ advSingleGene: no visible binding for '<<-' assignment to ‘lastResLength’ advSingleGene : <anonymous>: no visible binding for global variable ‘lastResLength’ advSingleGene : <anonymous>: no visible binding for '<<-' assignment to ‘lastResLength’ advSingleGene: no visible global function definition for ‘new’ matrixFromSCE: no visible global function definition for ‘is’ matrixFromSCE: no visible global function definition for ‘colData’ maxChangeOverview: no visible global function definition for ‘is’ maxChangeOverview: no visible global function definition for ‘counts’ predictWithNewValue: no visible global function definition for ‘is’ sceConvertToHGNC: no visible global function definition for ‘is’ sceConvertToHGNC: no visible global function definition for ‘SingleCellExperiment’ sceConvertToHGNC: no visible global function definition for ‘colData’ singleGeneOverview: no visible global function definition for ‘is’ singleGeneOverview: no visible global function definition for ‘counts’ Undefined global functions or variables: SingleCellExperiment colData counts is lastResLength new Consider adding importFrom("methods", "is", "new") to your NAMESPACE file (and ensure that your DESCRIPTION Imports field contains 'methods'). * checking Rd files ... OK * checking Rd metadata ... OK * checking Rd cross-references ... OK * checking for missing documentation entries ... OK * checking for code/documentation mismatches ... WARNING Codoc mismatches from Rd file 'advGridMinChange.Rd': advGridMinChange Code: function(exprs, clusters, target, classifier, genes, modifications = list(c("perc1"), c("perc99")), returnFirstFound = FALSE, argForClassif = "data.frame", argForModif = "data.frame", verbose = FALSE, iamsure = FALSE) Docs: function(exprs, clusters, target, classifier, genes, modifications = list(c("perc1"), c("perc99")), returnFirstFound = FALSE, argForClassif = "DelayedMatrix", argForModif = "DelayedMatrix", verbose = FALSE, iamsure = FALSE) Mismatches in argument default values: Name: 'argForClassif' Code: "data.frame" Docs: "DelayedMatrix" Name: 'argForModif' Code: "data.frame" Docs: "DelayedMatrix" Codoc mismatches from Rd file 'advMaxChange.Rd': advMaxChange Code: function(exprs, clusters, target, classifier, exclGenes = c(), genes = c(), advMethod = "perc99", advFixedValue = 3, advFct = NULL, maxSplitSize = 1, argForClassif = "data.frame", argForModif = "data.frame", verbose = FALSE) Docs: function(exprs, clusters, target, classifier, exclGenes = c(), genes = c(), advMethod = "perc99", advFixedValue = 3, advFct = NULL, maxSplitSize = 1, argForClassif = "DelayedMatrix", argForModif = "data.frame", verbose = FALSE) Mismatches in argument default values: Name: 'argForClassif' Code: "data.frame" Docs: "DelayedMatrix" Codoc mismatches from Rd file 'advRandWalkMinChange.Rd': advRandWalkMinChange Code: function(exprs, clusters, target, classifier, genes, modifications = list(c("perc1"), c("perc99")), firstBatch = 100, walkLength = 100, stepChangeRatio = 0.2, whileMaxCount = 10000, changeType = "any", argForClassif = "data.frame", argForModif = "data.frame", verbose = FALSE) Docs: function(exprs, clusters, target, classifier, genes, modifications = list(c("perc1"), c("perc99")), firstBatch = 100, walkLength = 100, stepChangeRatio = 0.2, whileMaxCount = 10000, changeType = "any", argForClassif = "DelayedMatrix", argForModif = "DelayedMatrix", verbose = FALSE) Mismatches in argument default values: Name: 'argForClassif' Code: "data.frame" Docs: "DelayedMatrix" Name: 'argForModif' Code: "data.frame" Docs: "DelayedMatrix" Codoc mismatches from Rd file 'advSingleGene.Rd': advSingleGene Code: function(exprs, clusters, target, classifier, exclGenes = c(), genes = c(), advMethod = "perc99", advFixedValue = 3, advFct = NULL, firstDichot = 100, maxSplitSize = 1, returnFirstFound = FALSE, changeType = "any", argForClassif = "data.frame", argForModif = "data.frame", verbose = FALSE) Docs: function(exprs, clusters, target, classifier, exclGenes = c(), genes = c(), advMethod = "perc99", advFixedValue = 3, advFct = NULL, firstDichot = 100, maxSplitSize = 1, returnFirstFound = FALSE, changeType = "any", argForClassif = "DelayedMatrix", argForModif = "data.frame", verbose = FALSE) Mismatches in argument default values: Name: 'argForClassif' Code: "data.frame" Docs: "DelayedMatrix" Codoc mismatches from Rd file 'maxChangeOverview.Rd': maxChangeOverview Code: function(exprs, clusters, classifier, exclGenes = c(), genes = c(), modifications = list(c("perc1"), c("perc99")), advMethod = "perc99", advFixedValue = 3, advFct = NULL, maxSplitSize = 100, argForClassif = "data.frame", argForModif = "data.frame", verbose = FALSE) Docs: function(exprs, clusters, classifier, exclGenes = c(), genes = c(), modifications = list(c("perc1"), c("perc99")), advMethod = "perc99", advFixedValue = 3, advFct = NULL, maxSplitSize = 100, argForClassif = "DelayedMatrix", argForModif = "data.frame", verbose = FALSE) Mismatches in argument default values: Name: 'argForClassif' Code: "data.frame" Docs: "DelayedMatrix" Codoc mismatches from Rd file 'singleGeneOverview.Rd': singleGeneOverview Code: function(exprs, clusters, classifier, exclGenes = c(), genes = c(), modifications = list(c("perc1"), c("perc99")), advMethod = "perc99", advFixedValue = 3, advFct = NULL, firstDichot = 100, maxSplitSize = 100, changeType = "any", argForClassif = "data.frame", argForModif = "data.frame", verbose = FALSE) Docs: function(exprs, clusters, classifier, exclGenes = c(), genes = c(), modifications = list(c("perc1"), c("perc99")), advMethod = "perc99", advFixedValue = 3, advFct = NULL, firstDichot = 100, maxSplitSize = 100, changeType = "any", argForClassif = "DelayedMatrix", argForModif = "data.frame", verbose = FALSE) Mismatches in argument default values: Name: 'argForClassif' Code: "data.frame" Docs: "DelayedMatrix" * checking Rd \usage sections ... OK * checking Rd contents ... OK * checking for unstated dependencies in examples ... OK * checking files in ‘vignettes’ ... NOTE The following directory looks like a leftover from 'knitr': ‘figure’ Please remove from your package. * checking examples ... OK Examples with CPU (user + system) or elapsed time > 5s user system elapsed MClassifier 38.406 4.342 57.194 advChar 19.203 1.321 22.977 sceConvertToHGNC 13.136 0.915 16.103 matrixFromSCE 12.824 1.196 16.399 * checking for unstated dependencies in ‘tests’ ... OK * checking tests ... Running ‘runTests.R’ OK * checking for unstated dependencies in vignettes ... OK * checking package vignettes ... OK * checking running R code from vignettes ... SKIPPED * checking re-building of vignette outputs ... SKIPPED * checking PDF version of manual ... OK * DONE Status: 1 WARNING, 2 NOTEs See ‘/Users/biocbuild/bbs-3.19-bioc/meat/adverSCarial.Rcheck/00check.log’ for details.
adverSCarial.Rcheck/00install.out
############################################################################## ############################################################################## ### ### Running command: ### ### /Library/Frameworks/R.framework/Resources/bin/R CMD INSTALL adverSCarial ### ############################################################################## ############################################################################## * installing to library ‘/Library/Frameworks/R.framework/Versions/4.4-x86_64/Resources/library’ * installing *source* package ‘adverSCarial’ ... ** using staged installation ** R ** inst ** byte-compile and prepare package for lazy loading ** help *** installing help indices ** building package indices ** installing vignettes ** testing if installed package can be loaded from temporary location ** testing if installed package can be loaded from final location ** testing if installed package keeps a record of temporary installation path * DONE (adverSCarial)
adverSCarial.Rcheck/tests/runTests.Rout
R Under development (unstable) (2024-01-16 r85808) -- "Unsuffered Consequences" Copyright (C) 2024 The R Foundation for Statistical Computing Platform: x86_64-apple-darwin20 R is free software and comes with ABSOLUTELY NO WARRANTY. You are welcome to redistribute it under certain conditions. Type 'license()' or 'licence()' for distribution details. R is a collaborative project with many contributors. Type 'contributors()' for more information and 'citation()' on how to cite R or R packages in publications. Type 'demo()' for some demos, 'help()' for on-line help, or 'help.start()' for an HTML browser interface to help. Type 'q()' to quit R. > BiocGenerics:::testPackage("adverSCarial") Running combination: 1 on 3 Running combination: 2 on 3 Running combination: 3 on 3 result length: 3 Running first batch to determine walk seed: 1 on 3 Running first batch to determine walk seed: 2 on 3 Running first batch to determine walk seed: 3 on 3 No modified type, try with a higher firstBatch argument Split number: 1/100 Split number: 2/100 Split number: 4/100 Split time: 0.000379085540771484 Split number: 8/100 Split time: 0.000285863876342773 Split number: 16/100 Split time: 0.000271081924438477 Split number: 32/100 Split time: 0.000288009643554688 Split number: 64/100 Split time: 0.000380039215087891 Split number: 100/100 Split time: 0.000349044799804688 result length: 3 result length: 3 Split number: 1/100 Split number: 2/100 Split number: 4/100 Split time: 0.0010688304901123 Split number: 8/100 Split time: 0.000298976898193359 Split number: 16/100 Split time: 0.00029301643371582 Split number: 32/100 Split time: 0.000295877456665039 Split number: 64/100 Split time: 0.000293970108032227 Split number: 100/100 Split time: 0.000273942947387695 Split number: 1/100 Split number: 2/100 Split number: 4/100 Split time: 0.000379085540771484 Split number: 8/100 Split time: 0.000314950942993164 Split number: 16/100 Split time: 0.000308036804199219 Split number: 32/100 Split time: 0.000313997268676758 Split number: 64/100 Split time: 0.000323772430419922 Split number: 100/100 Split time: 0.000392913818359375 Split number: 1/100 Split number: 2/100 Split number: 4/100 Split time: 0.000439882278442383 Split number: 8/100 Split time: 0.000355958938598633 Split number: 16/100 Split time: 0.000322103500366211 Split number: 32/100 Split time: 0.000309944152832031 Split number: 64/100 Split time: 0.000319957733154297 Split number: 100/100 Split time: 0.000377893447875977 Split number: 1/100 Split number: 2/100 Split number: 4/100 Split time: 0.000509977340698242 Split number: 8/100 Split time: 0.000351905822753906 Split number: 16/100 Split time: 0.000329017639160156 Split number: 32/100 Split time: 0.000439167022705078 Split number: 64/100 Split time: 0.000602960586547852 Split number: 100/100 Split time: 0.000404119491577148 RUNIT TEST PROTOCOL -- Fri Mar 1 23:53:53 2024 *********************************************** Number of test functions: 8 Number of errors: 0 Number of failures: 0 1 Test Suite : adverSCarial RUnit Tests - 8 test functions, 0 errors, 0 failures Number of test functions: 8 Number of errors: 0 Number of failures: 0 > > proc.time() user system elapsed 9.954 0.567 11.415
adverSCarial.Rcheck/adverSCarial-Ex.timings
name | user | system | elapsed | |
MClassifier | 38.406 | 4.342 | 57.194 | |
advChar | 19.203 | 1.321 | 22.977 | |
advGridMinChange | 0.677 | 0.031 | 0.734 | |
advList | 0.022 | 0.002 | 0.025 | |
advMaxChange | 0.278 | 0.023 | 0.318 | |
advModifications | 0.300 | 0.022 | 0.333 | |
advRandWalkMinChange | 0.746 | 0.056 | 0.821 | |
advSingleGene | 0.283 | 0.022 | 0.322 | |
matrixFromSCE | 12.824 | 1.196 | 16.399 | |
maxChangeOverview | 0.344 | 0.023 | 0.390 | |
predictWithNewValue | 0.377 | 0.022 | 0.437 | |
sceConvertToHGNC | 13.136 | 0.915 | 16.103 | |
singleGeneOverview | 0.437 | 0.030 | 0.588 | |