Back to Multiple platform build/check report for BioC 3.16 |
|
This page was generated on 2023-02-02 11:09:15 -0500 (Thu, 02 Feb 2023).
Hostname | OS | Arch (*) | R version | Installed pkgs |
---|---|---|---|---|
nebbiolo2 | Linux (Ubuntu 20.04.5 LTS) | x86_64 | 4.2.2 (2022-10-31) -- "Innocent and Trusting" | 4511 |
palomino4 | Windows Server 2022 Datacenter | x64 | 4.2.2 (2022-10-31 ucrt) -- "Innocent and Trusting" | 4289 |
lconway | macOS 12.5.1 Monterey | x86_64 | 4.2.2 (2022-10-31) -- "Innocent and Trusting" | 4318 |
Click on any hostname to see more info about the system (e.g. compilers) (*) as reported by 'uname -p', except on Windows and Mac OS X |
To the developers/maintainers of the TADCompare package: - Please allow up to 24 hours (and sometimes 48 hours) for your latest push to git@git.bioconductor.org:packages/TADCompare.git to reflect on this report. See How and When does the builder pull? When will my changes propagate? for more information. - Make sure to use the following settings in order to reproduce any error or warning you see on this page. |
Package 2017/2183 | Hostname | OS / Arch | INSTALL | BUILD | CHECK | BUILD BIN | ||||||||
TADCompare 1.8.0 (landing page) Kellen Cresswell
| nebbiolo2 | Linux (Ubuntu 20.04.5 LTS) / x86_64 | OK | ERROR | skipped | |||||||||
palomino4 | Windows Server 2022 Datacenter / x64 | OK | ERROR | skipped | skipped | |||||||||
lconway | macOS 12.5.1 Monterey / x86_64 | OK | ERROR | skipped | skipped | |||||||||
Package: TADCompare |
Version: 1.8.0 |
Command: /Library/Frameworks/R.framework/Resources/bin/R CMD build --keep-empty-dirs --no-resave-data TADCompare |
StartedAt: 2023-02-01 18:22:08 -0500 (Wed, 01 Feb 2023) |
EndedAt: 2023-02-01 18:24:28 -0500 (Wed, 01 Feb 2023) |
EllapsedTime: 139.8 seconds |
RetCode: 1 |
Status: ERROR |
PackageFile: None |
PackageFileSize: NA |
############################################################################## ############################################################################## ### ### Running command: ### ### /Library/Frameworks/R.framework/Resources/bin/R CMD build --keep-empty-dirs --no-resave-data TADCompare ### ############################################################################## ############################################################################## * checking for file ‘TADCompare/DESCRIPTION’ ... OK * preparing ‘TADCompare’: * checking DESCRIPTION meta-information ... OK * installing the package to build vignettes * creating vignettes ... ERROR --- re-building ‘Input_Data.Rmd’ using rmarkdown --- finished re-building ‘Input_Data.Rmd’ --- re-building ‘Ontology_Analysis.Rmd’ using rmarkdown --- finished re-building ‘Ontology_Analysis.Rmd’ --- re-building ‘TADCompare.Rmd’ using rmarkdown Quitting from lines 96-103 (TADCompare.Rmd) Error: processing vignette 'TADCompare.Rmd' failed with diagnostics: `x` must be a vector, not `NULL`. --- failed re-building ‘TADCompare.Rmd’ SUMMARY: processing the following file failed: ‘TADCompare.Rmd’ Error: Vignette re-building failed. Execution halted