Back to Multiple platform build/check report for BioC 3.16
ABCDEFGHIJKLMNOPQR[S]TUVWXYZ

This page was generated on 2023-02-02 11:06:12 -0500 (Thu, 02 Feb 2023).

HostnameOSArch (*)R versionInstalled pkgs
nebbiolo2Linux (Ubuntu 20.04.5 LTS)x86_644.2.2 (2022-10-31) -- "Innocent and Trusting" 4511
palomino4Windows Server 2022 Datacenterx644.2.2 (2022-10-31 ucrt) -- "Innocent and Trusting" 4289
lconwaymacOS 12.5.1 Montereyx86_644.2.2 (2022-10-31) -- "Innocent and Trusting" 4318
Click on any hostname to see more info about the system (e.g. compilers)      (*) as reported by 'uname -p', except on Windows and Mac OS X

BUILD results for SpectralTAD on nebbiolo2


To the developers/maintainers of the SpectralTAD package:
- Please allow up to 24 hours (and sometimes 48 hours) for your latest push to git@git.bioconductor.org:packages/SpectralTAD.git to
reflect on this report. See How and When does the builder pull? When will my changes propagate? for more information.
- Make sure to use the following settings in order to reproduce any error or warning you see on this page.

raw results

Package 1935/2183HostnameOS / ArchINSTALLBUILDCHECKBUILD BIN
SpectralTAD 1.14.0  (landing page)
Kellen Cresswell
Snapshot Date: 2023-02-01 14:00:04 -0500 (Wed, 01 Feb 2023)
git_url: https://git.bioconductor.org/packages/SpectralTAD
git_branch: RELEASE_3_16
git_last_commit: 8970942
git_last_commit_date: 2022-11-01 11:19:18 -0500 (Tue, 01 Nov 2022)
nebbiolo2Linux (Ubuntu 20.04.5 LTS) / x86_64  OK    ERROR  skipped
palomino4Windows Server 2022 Datacenter / x64  OK    ERROR  skippedskipped
lconwaymacOS 12.5.1 Monterey / x86_64  OK    ERROR  skippedskipped

Summary

Package: SpectralTAD
Version: 1.14.0
Command: /home/biocbuild/bbs-3.16-bioc/R/bin/R CMD build --keep-empty-dirs --no-resave-data SpectralTAD
StartedAt: 2023-02-01 18:09:30 -0500 (Wed, 01 Feb 2023)
EndedAt: 2023-02-01 18:10:02 -0500 (Wed, 01 Feb 2023)
EllapsedTime: 32.6 seconds
RetCode: 1
Status:   ERROR  
PackageFile: None
PackageFileSize: NA

Command output

##############################################################################
##############################################################################
###
### Running command:
###
###   /home/biocbuild/bbs-3.16-bioc/R/bin/R CMD build --keep-empty-dirs --no-resave-data SpectralTAD
###
##############################################################################
##############################################################################


* checking for file ‘SpectralTAD/DESCRIPTION’ ... OK
* preparing ‘SpectralTAD’:
* checking DESCRIPTION meta-information ... OK
* installing the package to build vignettes
* creating vignettes ... ERROR
--- re-building ‘SpectralTAD.Rmd’ using rmarkdown
Quitting from lines 166-178 (SpectralTAD.Rmd) 
Error: processing vignette 'SpectralTAD.Rmd' failed with diagnostics:
`x` must be a vector, not `NULL`.
--- failed re-building ‘SpectralTAD.Rmd’

SUMMARY: processing the following file failed:
  ‘SpectralTAD.Rmd’

Error: Vignette re-building failed.
Execution halted