Back to Multiple platform build/check report for BioC 3.19:   simplified   long
ABCDEFGHIJKL[M]NOPQRSTUVWXYZ

This page was generated on 2024-06-18 17:57 -0400 (Tue, 18 Jun 2024).

HostnameOSArch (*)R versionInstalled pkgs
nebbiolo1Linux (Ubuntu 22.04.3 LTS)x86_644.4.0 (2024-04-24) -- "Puppy Cup" 4758
palomino3Windows Server 2022 Datacenterx644.4.0 (2024-04-24 ucrt) -- "Puppy Cup" 4492
merida1macOS 12.7.4 Montereyx86_644.4.0 (2024-04-24) -- "Puppy Cup" 4464
kjohnson1macOS 13.6.6 Venturaarm644.4.0 (2024-04-24) -- "Puppy Cup" 4464
Click on any hostname to see more info about the system (e.g. compilers)      (*) as reported by 'uname -p', except on Windows and Mac OS X

Package 1313/2300HostnameOS / ArchINSTALLBUILDCHECKBUILD BIN
MOFA2 1.14.0  (landing page)
Ricard Argelaguet
Snapshot Date: 2024-06-16 14:00 -0400 (Sun, 16 Jun 2024)
git_url: https://git.bioconductor.org/packages/MOFA2
git_branch: RELEASE_3_19
git_last_commit: f09c92e
git_last_commit_date: 2024-04-30 11:28:22 -0400 (Tue, 30 Apr 2024)
nebbiolo1Linux (Ubuntu 22.04.3 LTS) / x86_64  OK    OK    WARNINGS  UNNEEDED, same version is already published
palomino3Windows Server 2022 Datacenter / x64  OK    OK    WARNINGS    OK  UNNEEDED, same version is already published
merida1macOS 12.7.4 Monterey / x86_64  OK    OK    WARNINGS    OK  UNNEEDED, same version is already published
kjohnson1macOS 13.6.6 Ventura / arm64  OK    OK    WARNINGS    OK  UNNEEDED, same version is already published


CHECK results for MOFA2 on nebbiolo1

To the developers/maintainers of the MOFA2 package:
- Allow up to 24 hours (and sometimes 48 hours) for your latest push to git@git.bioconductor.org:packages/MOFA2.git to reflect on this report. See Troubleshooting Build Report for more information.
- Use the following Renviron settings to reproduce errors and warnings.
- If 'R CMD check' started to fail recently on the Linux builder(s) over a missing dependency, add the missing dependency to 'Suggests:' in your DESCRIPTION file. See Renviron.bioc for more information.

raw results


Summary

Package: MOFA2
Version: 1.14.0
Command: /home/biocbuild/bbs-3.19-bioc/R/bin/R CMD check --install=check:MOFA2.install-out.txt --library=/home/biocbuild/bbs-3.19-bioc/R/site-library --timings MOFA2_1.14.0.tar.gz
StartedAt: 2024-06-17 01:18:44 -0400 (Mon, 17 Jun 2024)
EndedAt: 2024-06-17 01:23:56 -0400 (Mon, 17 Jun 2024)
EllapsedTime: 311.6 seconds
RetCode: 0
Status:   WARNINGS  
CheckDir: MOFA2.Rcheck
Warnings: 1

Command output

##############################################################################
##############################################################################
###
### Running command:
###
###   /home/biocbuild/bbs-3.19-bioc/R/bin/R CMD check --install=check:MOFA2.install-out.txt --library=/home/biocbuild/bbs-3.19-bioc/R/site-library --timings MOFA2_1.14.0.tar.gz
###
##############################################################################
##############################################################################


* using log directory ‘/home/biocbuild/bbs-3.19-bioc/meat/MOFA2.Rcheck’
* using R version 4.4.0 (2024-04-24)
* using platform: x86_64-pc-linux-gnu
* R was compiled by
    gcc (Ubuntu 11.4.0-1ubuntu1~22.04) 11.4.0
    GNU Fortran (Ubuntu 11.4.0-1ubuntu1~22.04) 11.4.0
* running under: Ubuntu 22.04.4 LTS
* using session charset: UTF-8
* checking for file ‘MOFA2/DESCRIPTION’ ... OK
* checking extension type ... Package
* this is package ‘MOFA2’ version ‘1.14.0’
* package encoding: UTF-8
* checking package namespace information ... OK
* checking package dependencies ... OK
* checking if this is a source package ... OK
* checking if there is a namespace ... OK
* checking for hidden files and directories ... OK
* checking for portable file names ... OK
* checking for sufficient/correct file permissions ... OK
* checking whether package ‘MOFA2’ can be installed ... NOTE
Found the following notes/warnings:
  Non-staged installation was used
See ‘/home/biocbuild/bbs-3.19-bioc/meat/MOFA2.Rcheck/00install.out’ for details.
* checking installed package size ... OK
* checking package directory ... OK
* checking ‘build’ directory ... OK
* checking DESCRIPTION meta-information ... OK
* checking top-level files ... OK
* checking for left-over files ... OK
* checking index information ... OK
* checking package subdirectories ... OK
* checking code files for non-ASCII characters ... OK
* checking R files for syntax errors ... OK
* checking whether the package can be loaded ... OK
* checking whether the package can be loaded with stated dependencies ... OK
* checking whether the package can be unloaded cleanly ... OK
* checking whether the namespace can be loaded with stated dependencies ... OK
* checking whether the namespace can be unloaded cleanly ... OK
* checking loading without being on the library search path ... OK
* checking dependencies in R code ... OK
* checking S3 generic/method consistency ... OK
* checking replacement functions ... OK
* checking foreign function calls ... OK
* checking R code for possible problems ... NOTE
.plot_factors_vs_cov_1d: no visible binding for global variable
  ‘value.factor’
.plot_factors_vs_cov_1d: no visible binding for global variable
  ‘value_scaled’
.plot_factors_vs_cov_1d: no visible binding for global variable
  ‘value.covariate’
.plot_factors_vs_cov_1d: no visible binding for global variable ‘value’
.plot_factors_vs_cov_2d: no visible binding for global variable
  ‘value.factor’
.set_xax: no visible binding for global variable ‘value’
add_mofa_factors_to_seurat: no visible global function definition for
  ‘CreateDimReducObject’
create_mofa_from_SingleCellExperiment: no visible global function
  definition for ‘colData’
get_interpolated_factors: no visible binding for global variable ‘L1’
get_interpolated_factors: no visible binding for global variable ‘L2’
get_interpolated_factors: no visible binding for global variable
  ‘value’
get_interpolated_factors: no visible binding for global variable
  ‘covariate’
get_interpolated_factors: no visible binding for global variable
  ‘covariate_value’
get_interpolated_factors: no visible binding for global variable
  ‘sample_id’
interpolate_factors: no visible binding for global variable ‘.’
plot_alignment: no visible binding for global variable ‘group’
plot_alignment: no visible binding for global variable ‘value.warped’
plot_alignment: no visible binding for global variable
  ‘value.unaligned’
plot_contribution_scores: no visible binding for global variable ‘view’
plot_data_overview: no visible binding for global variable ‘view’
plot_data_overview: no visible binding for global variable ‘ptotal’
plot_data_overview: no visible binding for global variable ‘ntotal’
plot_data_overview: no visible binding for global variable ‘group’
plot_data_overview: no visible binding for global variable
  ‘group_label’
plot_dimred: no visible binding for global variable ‘.’
plot_enrichment_detailed: no visible binding for global variable
  ‘pathway’
plot_enrichment_detailed: no visible binding for global variable
  ‘feature.statistic’
plot_factors_vs_cov: no visible binding for global variable ‘E2’
plot_factors_vs_cov: no visible binding for global variable ‘value’
plot_interpolation_vs_covariate: no visible binding for global variable
  ‘variance’
plot_interpolation_vs_covariate: no visible binding for global variable
  ‘group’
plot_interpolation_vs_covariate: no visible binding for global variable
  ‘value.covariate’
plot_interpolation_vs_covariate: no visible binding for global variable
  ‘value.factor’
plot_interpolation_vs_covariate: no visible binding for global variable
  ‘ymin’
plot_interpolation_vs_covariate: no visible binding for global variable
  ‘ymax’
plot_sharedness: no visible binding for global variable ‘sharedness’
plot_sharedness: no visible binding for global variable ‘value’
plot_smoothness: no visible binding for global variable ‘value’
plot_smoothness: no visible binding for global variable ‘smoothness’
plot_top_weights: no visible binding for global variable ‘value’
plot_weights: no visible binding for global variable ‘value’
plot_weights: no visible binding for global variable ‘.’
summarise_factors: no visible binding for global variable ‘value’
summarise_factors: no visible binding for global variable ‘level’
summarise_factors: no visible binding for global variable ‘group’
Undefined global functions or variables:
  . CreateDimReducObject E2 L1 L2 colData covariate covariate_value
  feature.statistic group group_label level ntotal pathway ptotal
  sample_id sharedness smoothness value value.covariate value.factor
  value.unaligned value.warped value_scaled variance view ymax ymin
* checking Rd files ... NOTE
checkRd: (-1) calculate_contribution_scores.Rd:36: Lost braces in \itemize; meant \describe ?
checkRd: (-1) calculate_contribution_scores.Rd:37: Lost braces in \itemize; meant \describe ?
checkRd: (-1) calculate_contribution_scores.Rd:38: Lost braces in \itemize; meant \describe ?
checkRd: (-1) correlate_factors_with_covariates.Rd:24-25: Lost braces in \itemize; meant \describe ?
checkRd: (-1) correlate_factors_with_covariates.Rd:26: Lost braces in \itemize; meant \describe ?
checkRd: (-1) create_mofa.Rd:26: Lost braces in \itemize; meant \describe ?
checkRd: (-1) create_mofa.Rd:27: Lost braces in \itemize; meant \describe ?
checkRd: (-1) create_mofa.Rd:28: Lost braces in \itemize; meant \describe ?
checkRd: (-1) create_mofa.Rd:29: Lost braces in \itemize; meant \describe ?
checkRd: (-1) create_mofa.Rd:30: Lost braces in \itemize; meant \describe ?
checkRd: (-1) get_default_data_options.Rd:24-25: Lost braces in \itemize; meant \describe ?
checkRd: (-1) get_default_data_options.Rd:26-27: Lost braces in \itemize; meant \describe ?
checkRd: (-1) get_default_data_options.Rd:28: Lost braces in \itemize; meant \describe ?
checkRd: (-1) get_default_model_options.Rd:24-25: Lost braces in \itemize; meant \describe ?
checkRd: (-1) get_default_model_options.Rd:26: Lost braces in \itemize; meant \describe ?
checkRd: (-1) get_default_model_options.Rd:27: Lost braces in \itemize; meant \describe ?
checkRd: (-1) get_default_model_options.Rd:28: Lost braces in \itemize; meant \describe ?
checkRd: (-1) get_default_model_options.Rd:29: Lost braces in \itemize; meant \describe ?
checkRd: (-1) get_default_model_options.Rd:30: Lost braces in \itemize; meant \describe ?
checkRd: (-1) get_default_stochastic_options.Rd:25: Lost braces in \itemize; meant \describe ?
checkRd: (-1) get_default_stochastic_options.Rd:27: Lost braces in \itemize; meant \describe ?
checkRd: (-1) get_default_stochastic_options.Rd:29: Lost braces in \itemize; meant \describe ?
checkRd: (-1) get_default_stochastic_options.Rd:31: Lost braces in \itemize; meant \describe ?
checkRd: (-1) get_default_training_options.Rd:24-25: Lost braces in \itemize; meant \describe ?
checkRd: (-1) get_default_training_options.Rd:26-27: Lost braces in \itemize; meant \describe ?
checkRd: (-1) get_default_training_options.Rd:28: Lost braces in \itemize; meant \describe ?
checkRd: (-1) get_default_training_options.Rd:29: Lost braces in \itemize; meant \describe ?
checkRd: (-1) get_default_training_options.Rd:30: Lost braces in \itemize; meant \describe ?
checkRd: (-1) get_default_training_options.Rd:31: Lost braces in \itemize; meant \describe ?
checkRd: (-1) get_default_training_options.Rd:32: Lost braces in \itemize; meant \describe ?
checkRd: (-1) get_default_training_options.Rd:33: Lost braces in \itemize; meant \describe ?
checkRd: (-1) get_default_training_options.Rd:34: Lost braces in \itemize; meant \describe ?
checkRd: (-1) get_default_training_options.Rd:35: Lost braces in \itemize; meant \describe ?
checkRd: (-1) get_expectations.Rd:19: Lost braces in \itemize; \value handles \item{}{} directly
checkRd: (-1) get_expectations.Rd:20: Lost braces in \itemize; \value handles \item{}{} directly
checkRd: (-1) impute.Rd:24: Lost braces; missing escapes or markup?
    24 | \item \strong{response}:{gives mean for gaussian and poisson and probabilities for bernoulli.}
       |                         ^
checkRd: (-1) impute.Rd:25: Lost braces; missing escapes or markup?
    25 | \item \strong{link}: {gives the linear predictions.}
       |                      ^
checkRd: (-1) impute.Rd:26: Lost braces; missing escapes or markup?
    26 | \item \strong{inRange}: {rounds the fitted values from "terms" for integer-valued distributions to the next integer (default).}
       |                         ^
* checking Rd metadata ... OK
* checking Rd cross-references ... NOTE
Package unavailable to check Rd xrefs: ‘PCGSE’
* checking for missing documentation entries ... OK
* checking for code/documentation mismatches ... WARNING
Codoc mismatches from Rd file 'create_mofa_from_Seurat.Rd':
create_mofa_from_Seurat
  Code: function(seurat, groups = NULL, assays = NULL, layer = "data",
                 features = NULL, extract_metadata = FALSE)
  Docs: function(seurat, groups = NULL, assays = NULL, slot =
                 "scale.data", features = NULL, extract_metadata =
                 FALSE)
  Argument names in code not in docs:
    layer
  Argument names in docs not in code:
    slot
  Mismatches in argument names:
    Position: 4 Code: layer Docs: slot

* checking Rd \usage sections ... OK
* checking Rd contents ... OK
* checking for unstated dependencies in examples ... OK
* checking line endings in shell scripts ... OK
* checking files in ‘vignettes’ ... OK
* checking examples ... OK
* checking for unstated dependencies in ‘tests’ ... OK
* checking tests ...
  Running ‘testthat.R’
 OK
* checking for unstated dependencies in vignettes ... OK
* checking package vignettes ... OK
* checking re-building of vignette outputs ... OK
* checking PDF version of manual ... OK
* DONE

Status: 1 WARNING, 4 NOTEs
See
  ‘/home/biocbuild/bbs-3.19-bioc/meat/MOFA2.Rcheck/00check.log’
for details.


Installation output

MOFA2.Rcheck/00install.out

##############################################################################
##############################################################################
###
### Running command:
###
###   /home/biocbuild/bbs-3.19-bioc/R/bin/R CMD INSTALL MOFA2
###
##############################################################################
##############################################################################


* installing to library ‘/home/biocbuild/bbs-3.19-bioc/R/site-library’
* installing *source* package ‘MOFA2’ ...
** using non-staged installation via StagedInstall field
** R
** inst
** byte-compile and prepare package for lazy loading
Creating a generic function for ‘rownames’ from package ‘base’ in package ‘MOFA2’
Creating a generic function for ‘colnames’ from package ‘base’ in package ‘MOFA2’
Creating a generic function for ‘nrow’ from package ‘base’ in package ‘MOFA2’
Creating a generic function for ‘ncol’ from package ‘base’ in package ‘MOFA2’
Creating a generic function for ‘rownames<-’ from package ‘base’ in package ‘MOFA2’
Creating a generic function for ‘colnames<-’ from package ‘base’ in package ‘MOFA2’
** help
*** installing help indices
** building package indices
** installing vignettes
** testing if installed package can be loaded
* DONE (MOFA2)

Tests output

MOFA2.Rcheck/tests/testthat.Rout


R version 4.4.0 (2024-04-24) -- "Puppy Cup"
Copyright (C) 2024 The R Foundation for Statistical Computing
Platform: x86_64-pc-linux-gnu

R is free software and comes with ABSOLUTELY NO WARRANTY.
You are welcome to redistribute it under certain conditions.
Type 'license()' or 'licence()' for distribution details.

R is a collaborative project with many contributors.
Type 'contributors()' for more information and
'citation()' on how to cite R or R packages in publications.

Type 'demo()' for some demos, 'help()' for on-line help, or
'help.start()' for an HTML browser interface to help.
Type 'q()' to quit R.

> library(testthat)
> library(MOFA2)

Attaching package: 'MOFA2'

The following object is masked from 'package:stats':

    predict

> 
> test_check("MOFA2")

               single_group 
                    100     
               ____________ 
              |            |
view_0  1000  |    100%    |
              |____________|
               ____________ 
              |            |
view_1  1000  |    100%    |
              |____________|

[ FAIL 0 | WARN 2 | SKIP 0 | PASS 25 ]

[ FAIL 0 | WARN 2 | SKIP 0 | PASS 25 ]
> 
> # setwd("/Users/rargelaguet/mofa/MOFA2/tests/testthat")
> 
> proc.time()
   user  system elapsed 
 12.578   0.664  13.257 

Example timings

MOFA2.Rcheck/MOFA2-Ex.timings

nameusersystemelapsed
add_mofa_factors_to_seurat0.0060.0000.006
calculate_contribution_scores0.1940.0120.209
calculate_variance_explained2.0420.0882.223
calculate_variance_explained_per_sample0.9680.0901.184
cluster_samples0.2120.0080.221
compare_elbo0.3180.0240.342
compare_factors0.4110.0080.420
covariates_names0.4090.0240.631
create_mofa1.4760.0751.675
create_mofa_from_df0.6480.0000.648
create_mofa_from_matrix0.0150.0000.015
factors_names0.1960.0080.204
features_metadata0.2950.0720.415
features_names0.2360.0390.274
get_covariates0.2620.0270.291
get_data1.3600.0591.423
get_default_data_options0.6570.0200.677
get_default_mefisto_options0.2230.0040.227
get_default_model_options0.8220.0200.889
get_default_stochastic_options0.6450.0040.674
get_default_training_options0.8820.0020.889
get_dimensions0.2440.0120.259
get_elbo0.2530.0240.278
get_expectations0.2630.0240.287
get_factors0.1540.0120.166
get_imputed_data0.1580.0120.169
get_lengthscales0.2190.0000.219
get_scales0.1750.0040.178
get_variance_explained0.1470.0040.151
get_weights0.7160.0120.728
groups_names0.1150.0160.131
impute0.1280.0200.149
interpolate_factors0.1830.0120.196
load_model0.1390.0120.152
make_example_data0.0030.0000.002
plot_ascii_data0.1340.0040.138
plot_data_heatmap0.1780.0030.181
plot_data_overview0.2790.0040.282
plot_data_scatter1.2080.0481.256
plot_data_vs_cov0.4020.0040.405
plot_dimred3.7080.0983.770
plot_factor1.0520.0091.059
plot_factor_cor0.1450.0110.157
plot_factors0.5130.0010.515
plot_factors_vs_cov0.4490.0070.457
plot_group_kernel0.3270.0350.363
plot_interpolation_vs_covariate0.4820.0360.518
plot_smoothness0.1950.0000.194
plot_top_weights0.7450.0080.754
plot_variance_explained1.2690.0241.293
plot_variance_explained_by_covariates0.9150.0080.924
plot_variance_explained_per_feature0.3080.0000.308
plot_weights2.200.022.22
plot_weights_heatmap0.3340.0080.342
plot_weights_scatter0.3010.0080.309
predict0.1450.0040.149
prepare_mofa0.5120.0270.539
run_mofa0.5370.0160.554
run_tsne0.1430.0000.143
run_umap0.1490.0080.156
samples_metadata0.1450.0000.145
samples_names0.1410.0000.141
set_covariates0.6680.0350.703
subset_factors0.1470.0040.150
subset_groups0.1400.0040.143
subset_samples0.1440.0000.144
subset_views0.1400.0040.144
views_names0.1520.0000.152