Back to Multiple platform build/check report for BioC 3.18:   simplified   long
ABCDEFGHIJ[K]LMNOPQRSTUVWXYZ

This page was generated on 2024-02-22 11:37:52 -0500 (Thu, 22 Feb 2024).

HostnameOSArch (*)R versionInstalled pkgs
nebbiolo2Linux (Ubuntu 22.04.3 LTS)x86_644.3.2 Patched (2023-11-13 r85521) -- "Eye Holes" 4691
palomino4Windows Server 2022 Datacenterx644.3.2 (2023-10-31 ucrt) -- "Eye Holes" 4444
lconwaymacOS 12.7.1 Montereyx86_644.3.2 Patched (2023-11-01 r85457) -- "Eye Holes" 4465
Click on any hostname to see more info about the system (e.g. compilers)      (*) as reported by 'uname -p', except on Windows and Mac OS X

Package 1074/2266HostnameOS / ArchINSTALLBUILDCHECKBUILD BIN
KCsmart 2.60.0  (landing page)
Jorma de Ronde
Snapshot Date: 2024-02-21 14:05:05 -0500 (Wed, 21 Feb 2024)
git_url: https://git.bioconductor.org/packages/KCsmart
git_branch: RELEASE_3_18
git_last_commit: cff4f6d
git_last_commit_date: 2023-10-24 09:40:45 -0500 (Tue, 24 Oct 2023)
nebbiolo2Linux (Ubuntu 22.04.3 LTS) / x86_64  OK    OK    WARNINGS  UNNEEDED, same version is already published
palomino4Windows Server 2022 Datacenter / x64  OK    OK    WARNINGS    OK  UNNEEDED, same version is already published
lconwaymacOS 12.7.1 Monterey / x86_64  OK    OK    WARNINGS    OK  UNNEEDED, same version is already published
kjohnson1macOS 13.6.1 Ventura / arm64see weekly results here

CHECK results for KCsmart on lconway


To the developers/maintainers of the KCsmart package:
- Allow up to 24 hours (and sometimes 48 hours) for your latest push to git@git.bioconductor.org:packages/KCsmart.git to reflect on this report. See Troubleshooting Build Report for more information.
- Use the following Renviron settings to reproduce errors and warnings.
- If 'R CMD check' started to fail recently on the Linux builder(s) over a missing dependency, add the missing dependency to 'Suggests:' in your DESCRIPTION file. See Renviron.bioc for more information.

raw results


Summary

Package: KCsmart
Version: 2.60.0
Command: /Library/Frameworks/R.framework/Resources/bin/R CMD check --install=check:KCsmart.install-out.txt --library=/Library/Frameworks/R.framework/Resources/library --no-vignettes --timings KCsmart_2.60.0.tar.gz
StartedAt: 2024-02-21 21:06:20 -0500 (Wed, 21 Feb 2024)
EndedAt: 2024-02-21 21:08:06 -0500 (Wed, 21 Feb 2024)
EllapsedTime: 106.1 seconds
RetCode: 0
Status:   WARNINGS  
CheckDir: KCsmart.Rcheck
Warnings: 1

Command output

##############################################################################
##############################################################################
###
### Running command:
###
###   /Library/Frameworks/R.framework/Resources/bin/R CMD check --install=check:KCsmart.install-out.txt --library=/Library/Frameworks/R.framework/Resources/library --no-vignettes --timings KCsmart_2.60.0.tar.gz
###
##############################################################################
##############################################################################


* using log directory ‘/Users/biocbuild/bbs-3.18-bioc/meat/KCsmart.Rcheck’
* using R version 4.3.2 Patched (2023-11-01 r85457)
* using platform: x86_64-apple-darwin20 (64-bit)
* R was compiled by
    Apple clang version 14.0.3 (clang-1403.0.22.14.1)
    GNU Fortran (GCC) 12.2.0
* running under: macOS Monterey 12.7.1
* using session charset: UTF-8
* using option ‘--no-vignettes’
* checking for file ‘KCsmart/DESCRIPTION’ ... OK
* checking extension type ... Package
* this is package ‘KCsmart’ version ‘2.60.0’
* checking package namespace information ... OK
* checking package dependencies ... OK
* checking if this is a source package ... OK
* checking if there is a namespace ... OK
* checking for hidden files and directories ... OK
* checking for portable file names ... OK
* checking for sufficient/correct file permissions ... OK
* checking whether package ‘KCsmart’ can be installed ... OK
* checking installed package size ... OK
* checking package directory ... OK
* checking ‘build’ directory ... OK
* checking DESCRIPTION meta-information ... NOTE
Malformed Description field: should contain one or more complete sentences.
* checking top-level files ... OK
* checking for left-over files ... OK
* checking index information ... OK
* checking package subdirectories ... OK
* checking R files for non-ASCII characters ... OK
* checking R files for syntax errors ... OK
* checking whether the package can be loaded ... OK
* checking whether the package can be loaded with stated dependencies ... OK
* checking whether the package can be unloaded cleanly ... OK
* checking whether the namespace can be loaded with stated dependencies ... OK
* checking whether the namespace can be unloaded cleanly ... OK
* checking dependencies in R code ... NOTE
'library' or 'require' call to ‘siggenes’ which was already attached by Depends.
  Please remove these calls from your code.
Packages in Depends field not imported from:
  ‘KernSmooth’ ‘siggenes’
  These packages need to be imported from (in the NAMESPACE file)
  for when this namespace is loaded but not attached.
There are ::: calls to the package's namespace in its code. A package
  almost never needs to use ::: for its own objects:
  ‘.add2spmc’ ‘.checkMirrorLocs’ ‘.comparativeKcPerms’
  ‘.comparativeKcSiggenes’ ‘.convertCGHbase’ ‘.findCutoffByFdr’
  ‘.findPeaks’ ‘.findfdrcutoff’ ‘.getRegions’ ‘.getSigRegions’
  ‘.makePermutations’ ‘.mirrorData’ ‘.permutedSpm’ ‘.samplePointMatrix’
  ‘.samplePointMatrixOld’ ‘.snr’ ‘.spm2spmc’ ‘.varr’
* checking S3 generic/method consistency ... OK
* checking replacement functions ... OK
* checking foreign function calls ... OK
* checking R code for possible problems ... NOTE
.comparativeKcSiggenes: no visible binding for global variable ‘sam’
.samplePointMatrix: no visible global function definition for ‘locpoly’
.samplePointMatrix: no visible global function definition for ‘bkde’
.samplePointMatrixOld: no visible global function definition for
  ‘aggregate’
.samplePointMatrixOld: no visible global function definition for
  ‘dnorm’
.snr: no visible global function definition for ‘quantile’
getSigRegionsCompKC: no visible global function definition for
  ‘findDelta’
idPoints: no visible global function definition for ‘dev.set’
idPoints: no visible global function definition for ‘identify’
plot,compKc-missing: no visible global function definition for ‘layout’
plot,compKc-missing: no visible global function definition for ‘abline’
plot,compKc-missing: no visible global function definition for ‘rect’
plot,compKc-missing: no visible global function definition for ‘lines’
plot,compKc-missing: no visible global function definition for ‘text’
plot,compKc-missing: no visible global function definition for ‘axis’
plot,samplePointMatrix-missing: no visible global function definition
  for ‘layout’
plot,samplePointMatrix-missing: no visible global function definition
  for ‘abline’
plot,samplePointMatrix-missing: no visible global function definition
  for ‘tail’
plot,samplePointMatrix-missing: no visible global function definition
  for ‘polygon’
plot,samplePointMatrix-missing: no visible global function definition
  for ‘lines’
plot,samplePointMatrix-missing: no visible global function definition
  for ‘segments’
plot,samplePointMatrix-missing: no visible global function definition
  for ‘text’
plot,samplePointMatrix-missing: no visible global function definition
  for ‘axis’
plot,scaleSpace-missing: no visible global function definition for
  ‘dev.cur’
plot,scaleSpace-missing: no visible global function definition for
  ‘x11’
plot,scaleSpace-missing: no visible global function definition for
  ‘heat.colors’
plot,scaleSpace-missing: no visible global function definition for
  ‘dev.set’
plot,scaleSpace-missing: no visible global function definition for
  ‘segments’
plot,scaleSpace-missing: no visible global function definition for
  ‘abline’
plot,scaleSpace-missing: no visible global function definition for
  ‘text’
plot,scaleSpace-missing: no visible global function definition for
  ‘axis’
Undefined global functions or variables:
  abline aggregate axis bkde dev.cur dev.set dnorm findDelta
  heat.colors identify layout lines locpoly polygon quantile rect sam
  segments tail text x11
Consider adding
  importFrom("grDevices", "dev.cur", "dev.set", "heat.colors", "x11")
  importFrom("graphics", "abline", "axis", "identify", "layout", "lines",
             "polygon", "rect", "segments", "text")
  importFrom("stats", "aggregate", "dnorm", "quantile")
  importFrom("utils", "tail")
to your NAMESPACE file.
* checking Rd files ... OK
* checking Rd metadata ... OK
* checking Rd cross-references ... OK
* checking for missing documentation entries ... WARNING
Undocumented S4 methods:
  generic '[' and siglist 'probeAnnotation,ANY,ANY,ANY'
All user-level objects in a package (including S4 classes and methods)
should have documentation entries.
See chapter ‘Writing R documentation files’ in the ‘Writing R
Extensions’ manual.
* checking for code/documentation mismatches ... OK
* checking Rd \usage sections ... OK
* checking Rd contents ... OK
* checking for unstated dependencies in examples ... OK
* checking contents of ‘data’ directory ... OK
* checking data for non-ASCII characters ... OK
* checking data for ASCII and uncompressed saves ... OK
* checking sizes of PDF files under ‘inst/doc’ ... OK
* checking files in ‘vignettes’ ... OK
* checking examples ... OK
Examples with CPU (user + system) or elapsed time > 5s
                 user system elapsed
KCsmart-package 9.373  0.852  10.393
* checking for unstated dependencies in vignettes ... OK
* checking package vignettes in ‘inst/doc’ ... OK
* checking running R code from vignettes ... SKIPPED
* checking re-building of vignette outputs ... SKIPPED
* checking PDF version of manual ... OK
* DONE

Status: 1 WARNING, 3 NOTEs
See
  ‘/Users/biocbuild/bbs-3.18-bioc/meat/KCsmart.Rcheck/00check.log’
for details.



Installation output

KCsmart.Rcheck/00install.out

##############################################################################
##############################################################################
###
### Running command:
###
###   /Library/Frameworks/R.framework/Resources/bin/R CMD INSTALL KCsmart
###
##############################################################################
##############################################################################


* installing to library ‘/Library/Frameworks/R.framework/Versions/4.3-x86_64/Resources/library’
* installing *source* package ‘KCsmart’ ...
** using staged installation
** R
** data
** byte-compile and prepare package for lazy loading
Creating a generic function for ‘write.table’ from package ‘utils’ in package ‘KCsmart’
** help
*** installing help indices
** building package indices
** installing vignettes
** testing if installed package can be loaded from temporary location
** testing if installed package can be loaded from final location
** testing if installed package keeps a record of temporary installation path
* DONE (KCsmart)

Tests output


Example timings

KCsmart.Rcheck/KCsmart-Ex.timings

nameusersystemelapsed
KCsmart-package 9.373 0.85210.393
calcSpm0.8470.0740.962
calcSpmCollection4.2270.5294.865
compKc-class0.0010.0010.002
compKcSigRegions-class0.0010.0000.001
compareSpmCollection3.7920.5234.374
findSigLevelFdr1.7490.1411.906
findSigLevelTrad1.4190.1141.554
getSigRegionsCompKC3.9120.5024.447
getSigSegments1.0160.0811.103
idPoints0.0100.0040.013
plot1.8330.1462.008
plotScaleSpace2.4970.1962.717
samplePointMatrix-class0.0010.0000.002
sigSegments-class0.0010.0000.000
spmCollection-class0.0000.0010.001
write.table0.9910.1461.147