Back to Multiple platform build/check report for BioC 3.19:   simplified   long
ABCDEFG[H]IJKLMNOPQRSTUVWXYZ

This page was generated on 2024-06-18 17:57 -0400 (Tue, 18 Jun 2024).

HostnameOSArch (*)R versionInstalled pkgs
nebbiolo1Linux (Ubuntu 22.04.3 LTS)x86_644.4.0 (2024-04-24) -- "Puppy Cup" 4758
palomino3Windows Server 2022 Datacenterx644.4.0 (2024-04-24 ucrt) -- "Puppy Cup" 4492
merida1macOS 12.7.4 Montereyx86_644.4.0 (2024-04-24) -- "Puppy Cup" 4464
kjohnson1macOS 13.6.6 Venturaarm644.4.0 (2024-04-24) -- "Puppy Cup" 4464
Click on any hostname to see more info about the system (e.g. compilers)      (*) as reported by 'uname -p', except on Windows and Mac OS X

Package 947/2300HostnameOS / ArchINSTALLBUILDCHECKBUILD BIN
HDF5Array 1.32.0  (landing page)
Hervé Pagès
Snapshot Date: 2024-06-16 14:00 -0400 (Sun, 16 Jun 2024)
git_url: https://git.bioconductor.org/packages/HDF5Array
git_branch: RELEASE_3_19
git_last_commit: eea6c75
git_last_commit_date: 2024-04-30 14:09:32 -0400 (Tue, 30 Apr 2024)
nebbiolo1Linux (Ubuntu 22.04.3 LTS) / x86_64  OK    OK    WARNINGS  UNNEEDED, same version is already published
palomino3Windows Server 2022 Datacenter / x64  OK    OK    WARNINGS    OK  UNNEEDED, same version is already published
merida1macOS 12.7.4 Monterey / x86_64  OK    OK    WARNINGS    OK  UNNEEDED, same version is already published
kjohnson1macOS 13.6.6 Ventura / arm64  OK    OK    WARNINGS    OK  UNNEEDED, same version is already published


CHECK results for HDF5Array on nebbiolo1

To the developers/maintainers of the HDF5Array package:
- Allow up to 24 hours (and sometimes 48 hours) for your latest push to git@git.bioconductor.org:packages/HDF5Array.git to reflect on this report. See Troubleshooting Build Report for more information.
- Use the following Renviron settings to reproduce errors and warnings.
- If 'R CMD check' started to fail recently on the Linux builder(s) over a missing dependency, add the missing dependency to 'Suggests:' in your DESCRIPTION file. See Renviron.bioc for more information.

raw results


Summary

Package: HDF5Array
Version: 1.32.0
Command: /home/biocbuild/bbs-3.19-bioc/R/bin/R CMD check --install=check:HDF5Array.install-out.txt --library=/home/biocbuild/bbs-3.19-bioc/R/site-library --timings HDF5Array_1.32.0.tar.gz
StartedAt: 2024-06-16 23:59:47 -0400 (Sun, 16 Jun 2024)
EndedAt: 2024-06-17 00:05:25 -0400 (Mon, 17 Jun 2024)
EllapsedTime: 337.7 seconds
RetCode: 0
Status:   WARNINGS  
CheckDir: HDF5Array.Rcheck
Warnings: 1

Command output

##############################################################################
##############################################################################
###
### Running command:
###
###   /home/biocbuild/bbs-3.19-bioc/R/bin/R CMD check --install=check:HDF5Array.install-out.txt --library=/home/biocbuild/bbs-3.19-bioc/R/site-library --timings HDF5Array_1.32.0.tar.gz
###
##############################################################################
##############################################################################


* using log directory ‘/home/biocbuild/bbs-3.19-bioc/meat/HDF5Array.Rcheck’
* using R version 4.4.0 (2024-04-24)
* using platform: x86_64-pc-linux-gnu
* R was compiled by
    gcc (Ubuntu 11.4.0-1ubuntu1~22.04) 11.4.0
    GNU Fortran (Ubuntu 11.4.0-1ubuntu1~22.04) 11.4.0
* running under: Ubuntu 22.04.4 LTS
* using session charset: UTF-8
* checking for file ‘HDF5Array/DESCRIPTION’ ... OK
* this is package ‘HDF5Array’ version ‘1.32.0’
* package encoding: UTF-8
* checking package namespace information ... OK
* checking package dependencies ... OK
* checking if this is a source package ... OK
* checking if there is a namespace ... OK
* checking for hidden files and directories ... NOTE
Found the following hidden files and directories:
  .BBSoptions
These were most likely included in error. See section ‘Package
structure’ in the ‘Writing R Extensions’ manual.
* checking for portable file names ... OK
* checking for sufficient/correct file permissions ... OK
* checking whether package ‘HDF5Array’ can be installed ... OK
* used C compiler: ‘gcc (Ubuntu 11.4.0-1ubuntu1~22.04) 11.4.0’
* checking installed package size ... NOTE
  installed size is 16.4Mb
  sub-directories of 1Mb or more:
    extdata   7.7Mb
    libs      7.8Mb
* checking package directory ... OK
* checking DESCRIPTION meta-information ... OK
* checking top-level files ... OK
* checking for left-over files ... OK
* checking index information ... OK
* checking package subdirectories ... OK
* checking code files for non-ASCII characters ... OK
* checking R files for syntax errors ... OK
* checking whether the package can be loaded ... OK
* checking whether the package can be loaded with stated dependencies ... OK
* checking whether the package can be unloaded cleanly ... OK
* checking whether the namespace can be loaded with stated dependencies ... OK
* checking whether the namespace can be unloaded cleanly ... OK
* checking loading without being on the library search path ... OK
* checking whether startup messages can be suppressed ... OK
* checking dependencies in R code ... NOTE
Unexported object imported by a ':::' call: ‘rhdf5:::h5checktypeOrOpenLocS3’
  See the note in ?`:::` about the use of this operator.
* checking S3 generic/method consistency ... OK
* checking replacement functions ... OK
* checking foreign function calls ... OK
* checking R code for possible problems ... OK
* checking Rd files ... OK
* checking Rd metadata ... OK
* checking Rd cross-references ... OK
* checking for missing documentation entries ... OK
* checking for code/documentation mismatches ... OK
* checking Rd \usage sections ... OK
* checking Rd contents ... OK
* checking for unstated dependencies in examples ... OK
* checking line endings in C/C++/Fortran sources/headers ... OK
* checking line endings in Makefiles ... OK
* checking compilation flags in Makevars ... OK
* checking for GNU extensions in Makefiles ... NOTE
GNU make is a SystemRequirements.
* checking for portable use of $(BLAS_LIBS) and $(LAPACK_LIBS) ... OK
* checking use of PKG_*FLAGS in Makefiles ... OK
* checking compiled code ... WARNING
Note: information on .o files is not available
File ‘/home/biocbuild/bbs-3.19-bioc/R/site-library/HDF5Array/libs/HDF5Array.so’:
  Found ‘__printf_chk’, possibly from ‘printf’ (C)
  Found ‘__sprintf_chk’, possibly from ‘sprintf’ (C)
  Found ‘abort’, possibly from ‘abort’ (C)
  Found ‘exit’, possibly from ‘exit’ (C)
  Found ‘rand_r’, possibly from ‘rand_r’ (C)
  Found ‘stderr’, possibly from ‘stderr’ (C)
  Found ‘stdout’, possibly from ‘stdout’ (C)

Compiled code should not call entry points which might terminate R nor
write to stdout/stderr instead of to the console, nor use Fortran I/O
nor system RNGs nor [v]sprintf. The detected symbols are linked into
the code but might come from libraries and not actually be called.

See ‘Writing portable packages’ in the ‘Writing R Extensions’ manual.
* checking examples ... OK
Examples with CPU (user + system) or elapsed time > 5s
                   user system elapsed
TENxMatrix-class 93.106 23.865  69.022
h5mread          57.334  8.240  71.638
writeTENxMatrix  14.350  1.029  15.827
* checking for unstated dependencies in ‘tests’ ... OK
* checking tests ...
  Running ‘run_unitTests.R’
 OK
* checking PDF version of manual ... OK
* DONE

Status: 1 WARNING, 4 NOTEs
See
  ‘/home/biocbuild/bbs-3.19-bioc/meat/HDF5Array.Rcheck/00check.log’
for details.


Installation output

HDF5Array.Rcheck/00install.out

##############################################################################
##############################################################################
###
### Running command:
###
###   /home/biocbuild/bbs-3.19-bioc/R/bin/R CMD INSTALL HDF5Array
###
##############################################################################
##############################################################################


* installing to library ‘/home/biocbuild/bbs-3.19-bioc/R/site-library’
* installing *source* package ‘HDF5Array’ ...
** using staged installation
** libs
using C compiler: ‘gcc (Ubuntu 11.4.0-1ubuntu1~22.04) 11.4.0’
gcc -I"/home/biocbuild/bbs-3.19-bioc/R/include" -DNDEBUG  -I'/home/biocbuild/bbs-3.19-bioc/R/site-library/S4Vectors/include' -I'/home/biocbuild/bbs-3.19-bioc/R/site-library/Rhdf5lib/include' -I/usr/local/include    -fpic  -g -O2  -Wall -c S4Vectors_stubs.c -o S4Vectors_stubs.o
gcc -I"/home/biocbuild/bbs-3.19-bioc/R/include" -DNDEBUG  -I'/home/biocbuild/bbs-3.19-bioc/R/site-library/S4Vectors/include' -I'/home/biocbuild/bbs-3.19-bioc/R/site-library/Rhdf5lib/include' -I/usr/local/include    -fpic  -g -O2  -Wall -c H5File.c -o H5File.o
gcc -I"/home/biocbuild/bbs-3.19-bioc/R/include" -DNDEBUG  -I'/home/biocbuild/bbs-3.19-bioc/R/site-library/S4Vectors/include' -I'/home/biocbuild/bbs-3.19-bioc/R/site-library/Rhdf5lib/include' -I/usr/local/include    -fpic  -g -O2  -Wall -c global_errmsg_buf.c -o global_errmsg_buf.o
gcc -I"/home/biocbuild/bbs-3.19-bioc/R/include" -DNDEBUG  -I'/home/biocbuild/bbs-3.19-bioc/R/site-library/S4Vectors/include' -I'/home/biocbuild/bbs-3.19-bioc/R/site-library/Rhdf5lib/include' -I/usr/local/include    -fpic  -g -O2  -Wall -c H5DSetDescriptor.c -o H5DSetDescriptor.o
gcc -I"/home/biocbuild/bbs-3.19-bioc/R/include" -DNDEBUG  -I'/home/biocbuild/bbs-3.19-bioc/R/site-library/S4Vectors/include' -I'/home/biocbuild/bbs-3.19-bioc/R/site-library/Rhdf5lib/include' -I/usr/local/include    -fpic  -g -O2  -Wall -c h5dimscales.c -o h5dimscales.o
gcc -I"/home/biocbuild/bbs-3.19-bioc/R/include" -DNDEBUG  -I'/home/biocbuild/bbs-3.19-bioc/R/site-library/S4Vectors/include' -I'/home/biocbuild/bbs-3.19-bioc/R/site-library/Rhdf5lib/include' -I/usr/local/include    -fpic  -g -O2  -Wall -c uaselection.c -o uaselection.o
gcc -I"/home/biocbuild/bbs-3.19-bioc/R/include" -DNDEBUG  -I'/home/biocbuild/bbs-3.19-bioc/R/site-library/S4Vectors/include' -I'/home/biocbuild/bbs-3.19-bioc/R/site-library/Rhdf5lib/include' -I/usr/local/include    -fpic  -g -O2  -Wall -c h5mread_helpers.c -o h5mread_helpers.o
gcc -I"/home/biocbuild/bbs-3.19-bioc/R/include" -DNDEBUG  -I'/home/biocbuild/bbs-3.19-bioc/R/site-library/S4Vectors/include' -I'/home/biocbuild/bbs-3.19-bioc/R/site-library/Rhdf5lib/include' -I/usr/local/include    -fpic  -g -O2  -Wall -c h5mread_startscounts.c -o h5mread_startscounts.o
gcc -I"/home/biocbuild/bbs-3.19-bioc/R/include" -DNDEBUG  -I'/home/biocbuild/bbs-3.19-bioc/R/site-library/S4Vectors/include' -I'/home/biocbuild/bbs-3.19-bioc/R/site-library/Rhdf5lib/include' -I/usr/local/include    -fpic  -g -O2  -Wall -c ChunkIterator.c -o ChunkIterator.o
gcc -I"/home/biocbuild/bbs-3.19-bioc/R/include" -DNDEBUG  -I'/home/biocbuild/bbs-3.19-bioc/R/site-library/S4Vectors/include' -I'/home/biocbuild/bbs-3.19-bioc/R/site-library/Rhdf5lib/include' -I/usr/local/include    -fpic  -g -O2  -Wall -c h5mread_index.c -o h5mread_index.o
gcc -I"/home/biocbuild/bbs-3.19-bioc/R/include" -DNDEBUG  -I'/home/biocbuild/bbs-3.19-bioc/R/site-library/S4Vectors/include' -I'/home/biocbuild/bbs-3.19-bioc/R/site-library/Rhdf5lib/include' -I/usr/local/include    -fpic  -g -O2  -Wall -c h5mread_sparse.c -o h5mread_sparse.o
h5mread_sparse.c:206:13: warning: ‘NOT_USED_make_nzindex_from_bufs’ defined but not used [-Wunused-function]
  206 | static SEXP NOT_USED_make_nzindex_from_bufs(const IntAEAE *nzindex_bufs,
      |             ^~~~~~~~~~~~~~~~~~~~~~~~~~~~~~~
h5mread_sparse.c:179:13: warning: ‘NOT_USED_make_nzdata_from_IntAE_bufs’ defined but not used [-Wunused-function]
  179 | static SEXP NOT_USED_make_nzdata_from_IntAE_bufs(const IntAEAE *nzdata_bufs,
      |             ^~~~~~~~~~~~~~~~~~~~~~~~~~~~~~~~~~~~
h5mread_sparse.c:123:13: warning: ‘NOT_USED_make_nzindex_from_buf’ defined but not used [-Wunused-function]
  123 | static SEXP NOT_USED_make_nzindex_from_buf(const IntAE *nzindex_buf,
      |             ^~~~~~~~~~~~~~~~~~~~~~~~~~~~~~
gcc -I"/home/biocbuild/bbs-3.19-bioc/R/include" -DNDEBUG  -I'/home/biocbuild/bbs-3.19-bioc/R/site-library/S4Vectors/include' -I'/home/biocbuild/bbs-3.19-bioc/R/site-library/Rhdf5lib/include' -I/usr/local/include    -fpic  -g -O2  -Wall -c h5mread.c -o h5mread.o
gcc -I"/home/biocbuild/bbs-3.19-bioc/R/include" -DNDEBUG  -I'/home/biocbuild/bbs-3.19-bioc/R/site-library/S4Vectors/include' -I'/home/biocbuild/bbs-3.19-bioc/R/site-library/Rhdf5lib/include' -I/usr/local/include    -fpic  -g -O2  -Wall -c h5summarize.c -o h5summarize.o
gcc -I"/home/biocbuild/bbs-3.19-bioc/R/include" -DNDEBUG  -I'/home/biocbuild/bbs-3.19-bioc/R/site-library/S4Vectors/include' -I'/home/biocbuild/bbs-3.19-bioc/R/site-library/Rhdf5lib/include' -I/usr/local/include    -fpic  -g -O2  -Wall -c R_init_HDF5Array.c -o R_init_HDF5Array.o
gcc -shared -L/home/biocbuild/bbs-3.19-bioc/R/lib -L/usr/local/lib -o HDF5Array.so S4Vectors_stubs.o H5File.o global_errmsg_buf.o H5DSetDescriptor.o h5dimscales.o uaselection.o h5mread_helpers.o h5mread_startscounts.o ChunkIterator.o h5mread_index.o h5mread_sparse.o h5mread.o h5summarize.o R_init_HDF5Array.o /home/biocbuild/bbs-3.19-bioc/R/site-library/Rhdf5lib/lib/libhdf5_hl.a /home/biocbuild/bbs-3.19-bioc/R/site-library/Rhdf5lib/lib/libhdf5.a -L/home/biocbuild/bbs-3.19-bioc/R/site-library/Rhdf5lib/lib -lcrypto -lcurl -lsz -laec -lz -ldl -lm -L/home/biocbuild/bbs-3.19-bioc/R/lib -lR
installing to /home/biocbuild/bbs-3.19-bioc/R/site-library/00LOCK-HDF5Array/00new/HDF5Array/libs
** R
** inst
** byte-compile and prepare package for lazy loading
** help
*** installing help indices
** building package indices
** testing if installed package can be loaded from temporary location
** checking absolute paths in shared objects and dynamic libraries
** testing if installed package can be loaded from final location
** testing if installed package keeps a record of temporary installation path
* DONE (HDF5Array)

Tests output

HDF5Array.Rcheck/tests/run_unitTests.Rout


R version 4.4.0 (2024-04-24) -- "Puppy Cup"
Copyright (C) 2024 The R Foundation for Statistical Computing
Platform: x86_64-pc-linux-gnu

R is free software and comes with ABSOLUTELY NO WARRANTY.
You are welcome to redistribute it under certain conditions.
Type 'license()' or 'licence()' for distribution details.

R is a collaborative project with many contributors.
Type 'contributors()' for more information and
'citation()' on how to cite R or R packages in publications.

Type 'demo()' for some demos, 'help()' for on-line help, or
'help.start()' for an HTML browser interface to help.
Type 'q()' to quit R.

> require("HDF5Array") || stop("unable to load HDF5Array package")
Loading required package: HDF5Array
Loading required package: DelayedArray
Loading required package: stats4
Loading required package: Matrix
Loading required package: BiocGenerics

Attaching package: 'BiocGenerics'

The following objects are masked from 'package:stats':

    IQR, mad, sd, var, xtabs

The following objects are masked from 'package:base':

    Filter, Find, Map, Position, Reduce, anyDuplicated, aperm, append,
    as.data.frame, basename, cbind, colnames, dirname, do.call,
    duplicated, eval, evalq, get, grep, grepl, intersect, is.unsorted,
    lapply, mapply, match, mget, order, paste, pmax, pmax.int, pmin,
    pmin.int, rank, rbind, rownames, sapply, setdiff, table, tapply,
    union, unique, unsplit, which.max, which.min

Loading required package: MatrixGenerics
Loading required package: matrixStats

Attaching package: 'MatrixGenerics'

The following objects are masked from 'package:matrixStats':

    colAlls, colAnyNAs, colAnys, colAvgsPerRowSet, colCollapse,
    colCounts, colCummaxs, colCummins, colCumprods, colCumsums,
    colDiffs, colIQRDiffs, colIQRs, colLogSumExps, colMadDiffs,
    colMads, colMaxs, colMeans2, colMedians, colMins, colOrderStats,
    colProds, colQuantiles, colRanges, colRanks, colSdDiffs, colSds,
    colSums2, colTabulates, colVarDiffs, colVars, colWeightedMads,
    colWeightedMeans, colWeightedMedians, colWeightedSds,
    colWeightedVars, rowAlls, rowAnyNAs, rowAnys, rowAvgsPerColSet,
    rowCollapse, rowCounts, rowCummaxs, rowCummins, rowCumprods,
    rowCumsums, rowDiffs, rowIQRDiffs, rowIQRs, rowLogSumExps,
    rowMadDiffs, rowMads, rowMaxs, rowMeans2, rowMedians, rowMins,
    rowOrderStats, rowProds, rowQuantiles, rowRanges, rowRanks,
    rowSdDiffs, rowSds, rowSums2, rowTabulates, rowVarDiffs, rowVars,
    rowWeightedMads, rowWeightedMeans, rowWeightedMedians,
    rowWeightedSds, rowWeightedVars

Loading required package: S4Vectors

Attaching package: 'S4Vectors'

The following objects are masked from 'package:Matrix':

    expand, unname

The following object is masked from 'package:utils':

    findMatches

The following objects are masked from 'package:base':

    I, expand.grid, unname

Loading required package: IRanges
Loading required package: S4Arrays
Loading required package: abind

Attaching package: 'S4Arrays'

The following object is masked from 'package:abind':

    abind

The following object is masked from 'package:base':

    rowsum

Loading required package: SparseArray

Attaching package: 'DelayedArray'

The following objects are masked from 'package:base':

    apply, scale, sweep

Loading required package: rhdf5

Attaching package: 'HDF5Array'

The following object is masked from 'package:rhdf5':

    h5ls

[1] TRUE
> HDF5Array:::.test()
Loading required package: SummarizedExperiment
Loading required package: GenomicRanges
Loading required package: GenomeInfoDb
Loading required package: Biobase
Welcome to Bioconductor

    Vignettes contain introductory material; view with
    'browseVignettes()'. To cite Bioconductor, see
    'citation("Biobase")', and for packages 'citation("pkgname")'.


Attaching package: 'Biobase'

The following object is masked from 'package:SparseArray':

    rowMedians

The following object is masked from 'package:MatrixGenerics':

    rowMedians

The following objects are masked from 'package:matrixStats':

    anyMissing, rowMedians

/var/cache/basilisk/1.16.0/zellkonverter/1.14.0/zellkonverterAnnDataEnv-0.10.6/lib/python3.12/site-packages/anndata/_core/anndata.py:430: FutureWarning: The dtype argument is deprecated and will be removed in late 2024.
  warnings.warn(
/var/cache/basilisk/1.16.0/zellkonverter/1.14.0/zellkonverterAnnDataEnv-0.10.6/lib/python3.12/site-packages/anndata/_core/anndata.py:430: FutureWarning: The dtype argument is deprecated and will be removed in late 2024.
  warnings.warn(
automatic block size set to 77 bytes (was 1e+08)
automatic block size set to 1e+08 bytes (was 77)
automatic block size set to 77 bytes (was 1e+08)
automatic block size set to 1e+08 bytes (was 77)


RUNIT TEST PROTOCOL -- Mon Jun 17 00:05:21 2024 
*********************************************** 
Number of test functions: 18 
Number of errors: 0 
Number of failures: 0 

 
1 Test Suite : 
HDF5Array RUnit Tests - 18 test functions, 0 errors, 0 failures
Number of test functions: 18 
Number of errors: 0 
Number of failures: 0 
> 
> proc.time()
   user  system elapsed 
 35.752   2.770  45.851 

Example timings

HDF5Array.Rcheck/HDF5Array-Ex.timings

nameusersystemelapsed
H5ADMatrix-class2.6980.1002.798
H5ADMatrixSeed-class0.0870.0090.094
H5File-class0.2660.0193.239
H5SparseMatrix-class0.0840.0120.099
H5SparseMatrixSeed-class0.0000.0020.002
HDF5Array-class2.2860.2253.355
HDF5ArraySeed-class0.0890.0040.093
ReshapedHDF5Array-class0.1050.0080.114
ReshapedHDF5ArraySeed-class0.0520.0080.060
TENxMatrix-class93.10623.86569.022
TENxMatrixSeed-class2.8780.8414.114
dump-management0.3720.0330.404
h5ls0.0080.0000.008
h5mread57.334 8.24071.638
h5mread_from_reshaped0.2270.0240.251
h5writeDimnames0.5790.0920.671
saveHDF5SummarizedExperiment0.7050.0760.782
writeHDF5Array0.5140.0240.538
writeTENxMatrix14.350 1.02915.827