This page was generated on 2024-05-06 11:38:05 -0400 (Mon, 06 May 2024).
##############################################################################
##############################################################################
###
### Running command:
###
### chmod a+r GeneMeta -R && F:\biocbuild\bbs-3.19-bioc\R\bin\R.exe CMD build --keep-empty-dirs --no-resave-data GeneMeta
###
##############################################################################
##############################################################################
* checking for file 'GeneMeta/DESCRIPTION' ... OK
* preparing 'GeneMeta':
* checking DESCRIPTION meta-information ... OK
* installing the package to build vignettes
* creating vignettes ... ERROR
--- re-building 'GeneMeta.Rnw' using Sweave
Loading required package: Biobase
Loading required package: BiocGenerics
Attaching package: 'BiocGenerics'
The following objects are masked from 'package:stats':
IQR, mad, sd, var, xtabs
The following objects are masked from 'package:base':
Filter, Find, Map, Position, Reduce, anyDuplicated, aperm, append,
as.data.frame, basename, cbind, colnames, dirname, do.call,
duplicated, eval, evalq, get, grep, grepl, intersect, is.unsorted,
lapply, mapply, match, mget, order, paste, pmax, pmax.int, pmin,
pmin.int, rank, rbind, rownames, sapply, setdiff, table, tapply,
union, unique, unsplit, which.max, which.min
Welcome to Bioconductor
Vignettes contain introductory material; view with
'browseVignettes()'. To cite Bioconductor, see
'citation("Biobase")', and for packages 'citation("pkgname")'.
Loading required package: genefilter
Warning in system(paste(shQuote(texi2dvi), "--version"), intern = TRUE) :
running command '"C:\PROGRA~1\MiKTeX\miktex\bin\x64\texify.exe" --version' had status 1033
Warning in system(paste(shQuote(texi2dvi), if (quiet) "--quiet" else "", :
running command '"C:\PROGRA~1\MiKTeX\miktex\bin\x64\texify.exe" --quiet --pdf "GeneMeta.tex" ' had status 1033
Error: processing vignette 'GeneMeta.Rnw' failed with diagnostics:
Failed to locate 'texi2pdf' output file 'GeneMeta.pdf' for vignette with name 'GeneMeta' and engine 'utils::Sweave'. The following files exist in working directory 'F:\biocbuild\bbs-3.19-bioc\tmpdir\RtmpO2bsIA\Rbuild9106456ba7\GeneMeta\vignettes': 'GeneMeta-FDRtwo.pdf' (150665 bytes), 'GeneMeta-IDRplot.pdf' (5342 bytes), 'GeneMeta-Qplo.pdf' (4674 bytes), 'GeneMeta-compMU.pdf' (47699 bytes), 'GeneMeta-grapics.pdf' (15727 bytes), 'GeneMeta-originalvsCombination.pdf' (53168 bytes), 'GeneMeta-qnormPlotFEM.pdf' (53779 bytes), 'GeneMeta-theFDRplots.pdf' (5299 bytes), 'GeneMeta-theTau.pdf' (4669 bytes), 'GeneMeta.Rnw' (15901 bytes), 'GeneMeta.tex' (18838 bytes)
--- failed re-building 'GeneMeta.Rnw'
SUMMARY: processing the following file failed:
'GeneMeta.Rnw'
Error: Vignette re-building failed.
Execution halted