Back to Multiple platform build/check report for BioC 3.19: simplified long |
|
This page was generated on 2024-05-04 11:39:19 -0400 (Sat, 04 May 2024).
Hostname | OS | Arch (*) | R version | Installed pkgs |
---|---|---|---|---|
nebbiolo1 | Linux (Ubuntu 22.04.3 LTS) | x86_64 | 4.4.0 beta (2024-04-15 r86425) -- "Puppy Cup" | 4753 |
palomino3 | Windows Server 2022 Datacenter | x64 | 4.4.0 beta (2024-04-15 r86425 ucrt) -- "Puppy Cup" | 4486 |
lconway | macOS 12.7.1 Monterey | x86_64 | 4.4.0 beta (2024-04-14 r86421) -- "Puppy Cup" | 4519 |
kunpeng2 | Linux (openEuler 22.03 LTS-SP1) | aarch64 | 4.4.0 beta (2024-04-15 r86425) -- "Puppy Cup" | 4479 |
Click on any hostname to see more info about the system (e.g. compilers) (*) as reported by 'uname -p', except on Windows and Mac OS X |
Package 939/2300 | Hostname | OS / Arch | INSTALL | BUILD | CHECK | BUILD BIN | ||||||||
GWENA 1.14.0 (landing page) Gwenaëlle Lemoine
| nebbiolo1 | Linux (Ubuntu 22.04.3 LTS) / x86_64 | OK | OK | WARNINGS | |||||||||
palomino3 | Windows Server 2022 Datacenter / x64 | OK | OK | WARNINGS | OK | |||||||||
lconway | macOS 12.7.1 Monterey / x86_64 | OK | OK | WARNINGS | OK | |||||||||
kunpeng2 | Linux (openEuler 22.03 LTS-SP1) / aarch64 | OK | OK | WARNINGS | ||||||||||
kjohnson3 | macOS 13.6.5 Ventura / arm64 | see weekly results here | ||||||||||||
To the developers/maintainers of the GWENA package: - Allow up to 24 hours (and sometimes 48 hours) for your latest push to git@git.bioconductor.org:packages/GWENA.git to reflect on this report. See Troubleshooting Build Report for more information. - Use the following Renviron settings to reproduce errors and warnings. - If 'R CMD check' started to fail recently on the Linux builder(s) over a missing dependency, add the missing dependency to 'Suggests:' in your DESCRIPTION file. See Renviron.bioc for more information. |
Package: GWENA |
Version: 1.14.0 |
Command: /Library/Frameworks/R.framework/Resources/bin/R CMD check --install=check:GWENA.install-out.txt --library=/Library/Frameworks/R.framework/Resources/library --no-vignettes --timings GWENA_1.14.0.tar.gz |
StartedAt: 2024-05-03 22:26:24 -0400 (Fri, 03 May 2024) |
EndedAt: 2024-05-03 22:36:09 -0400 (Fri, 03 May 2024) |
EllapsedTime: 584.6 seconds |
RetCode: 0 |
Status: WARNINGS |
CheckDir: GWENA.Rcheck |
Warnings: 2 |
############################################################################## ############################################################################## ### ### Running command: ### ### /Library/Frameworks/R.framework/Resources/bin/R CMD check --install=check:GWENA.install-out.txt --library=/Library/Frameworks/R.framework/Resources/library --no-vignettes --timings GWENA_1.14.0.tar.gz ### ############################################################################## ############################################################################## * using log directory ‘/Users/biocbuild/bbs-3.19-bioc/meat/GWENA.Rcheck’ * using R version 4.4.0 beta (2024-04-14 r86421) * using platform: x86_64-apple-darwin20 * R was compiled by Apple clang version 14.0.0 (clang-1400.0.29.202) GNU Fortran (GCC) 12.2.0 * running under: macOS Monterey 12.7.1 * using session charset: UTF-8 * using option ‘--no-vignettes’ * checking for file ‘GWENA/DESCRIPTION’ ... OK * this is package ‘GWENA’ version ‘1.14.0’ * package encoding: UTF-8 * checking package namespace information ... OK * checking package dependencies ... OK * checking if this is a source package ... OK * checking if there is a namespace ... OK * checking for hidden files and directories ... OK * checking for portable file names ... OK * checking for sufficient/correct file permissions ... OK * checking whether package ‘GWENA’ can be installed ... WARNING Found the following significant warnings: Warning: bad markup (extra space?) at compare_conditions.Rd:91:72 Warning: bad markup (extra space?) at compare_conditions.Rd:96:77 Warning: bad markup (extra space?) at compare_conditions.Rd:98:74 Warning: bad markup (extra space?) at compare_conditions.Rd:100:69 See ‘/Users/biocbuild/bbs-3.19-bioc/meat/GWENA.Rcheck/00install.out’ for details. * checking installed package size ... OK * checking package directory ... OK * checking ‘build’ directory ... OK * checking DESCRIPTION meta-information ... OK * checking top-level files ... OK * checking for left-over files ... OK * checking index information ... OK * checking package subdirectories ... NOTE Problems with news in ‘NEWS.md’: No news entries found. * checking code files for non-ASCII characters ... OK * checking R files for syntax errors ... OK * checking whether the package can be loaded ... OK * checking whether the package can be loaded with stated dependencies ... OK * checking whether the package can be unloaded cleanly ... OK * checking whether the namespace can be loaded with stated dependencies ... OK * checking whether the namespace can be unloaded cleanly ... OK * checking dependencies in R code ... OK * checking S3 generic/method consistency ... OK * checking replacement functions ... OK * checking foreign function calls ... OK * checking R code for possible problems ... OK * checking Rd files ... WARNING prepare_Rd: bad markup (extra space?) at compare_conditions.Rd:91:72 prepare_Rd: bad markup (extra space?) at compare_conditions.Rd:96:77 prepare_Rd: bad markup (extra space?) at compare_conditions.Rd:98:74 prepare_Rd: bad markup (extra space?) at compare_conditions.Rd:100:69 * checking Rd metadata ... OK * checking Rd cross-references ... OK * checking for missing documentation entries ... OK * checking for code/documentation mismatches ... OK * checking Rd \usage sections ... OK * checking Rd contents ... OK * checking for unstated dependencies in examples ... OK * checking contents of ‘data’ directory ... OK * checking data for non-ASCII characters ... OK * checking LazyData ... OK * checking data for ASCII and uncompressed saves ... OK * checking files in ‘vignettes’ ... OK * checking examples ... OK Examples with CPU (user + system) or elapsed time > 5s user system elapsed z_summary 13.380 0.177 15.713 compare_conditions 9.066 0.139 10.395 plot_enrichment 1.400 0.134 8.386 bio_enrich 0.304 0.030 13.244 * checking for unstated dependencies in ‘tests’ ... OK * checking tests ... Running ‘testthat.R’ OK * checking for unstated dependencies in vignettes ... OK * checking package vignettes ... OK * checking running R code from vignettes ... SKIPPED * checking re-building of vignette outputs ... SKIPPED * checking PDF version of manual ... OK * DONE Status: 2 WARNINGs, 1 NOTE See ‘/Users/biocbuild/bbs-3.19-bioc/meat/GWENA.Rcheck/00check.log’ for details.
GWENA.Rcheck/00install.out
############################################################################## ############################################################################## ### ### Running command: ### ### /Library/Frameworks/R.framework/Resources/bin/R CMD INSTALL GWENA ### ############################################################################## ############################################################################## * installing to library ‘/Library/Frameworks/R.framework/Versions/4.4-x86_64/Resources/library’ * installing *source* package ‘GWENA’ ... ** using staged installation ** R ** data *** moving datasets to lazyload DB ** inst ** byte-compile and prepare package for lazy loading ** help Warning: bad markup (extra space?) at compare_conditions.Rd:91:72 Warning: bad markup (extra space?) at compare_conditions.Rd:96:77 Warning: bad markup (extra space?) at compare_conditions.Rd:98:74 Warning: bad markup (extra space?) at compare_conditions.Rd:100:69 *** installing help indices ** building package indices ** installing vignettes ** testing if installed package can be loaded from temporary location ** testing if installed package can be loaded from final location ** testing if installed package keeps a record of temporary installation path * DONE (GWENA)
GWENA.Rcheck/tests/testthat.Rout
R version 4.4.0 beta (2024-04-14 r86421) -- "Puppy Cup" Copyright (C) 2024 The R Foundation for Statistical Computing Platform: x86_64-apple-darwin20 R is free software and comes with ABSOLUTELY NO WARRANTY. You are welcome to redistribute it under certain conditions. Type 'license()' or 'licence()' for distribution details. R is a collaborative project with many contributors. Type 'contributors()' for more information and 'citation()' on how to cite R or R packages in publications. Type 'demo()' for some demos, 'help()' for on-line help, or 'help.start()' for an HTML browser interface to help. Type 'q()' to quit R. > library(testthat) > library(GWENA) > > test_check("GWENA") [ FAIL 0 | WARN 0 | SKIP 0 | PASS 278 ] > > proc.time() user system elapsed 375.408 6.672 268.411
GWENA.Rcheck/GWENA-Ex.timings
name | user | system | elapsed | |
associate_phenotype | 0.025 | 0.005 | 0.030 | |
bio_enrich | 0.304 | 0.030 | 13.244 | |
build_graph_from_sq_mat | 0.119 | 0.004 | 0.123 | |
build_net | 3.341 | 0.053 | 3.413 | |
compare_conditions | 9.066 | 0.139 | 10.395 | |
detect_modules | 1.794 | 0.036 | 1.843 | |
filter_RNA_seq | 0.001 | 0.000 | 0.002 | |
filter_low_var | 0.012 | 0.001 | 0.013 | |
get_fit.cor | 0.890 | 0.009 | 0.903 | |
get_fit.expr | 0.888 | 0.010 | 0.906 | |
get_hub_degree | 0.095 | 0.001 | 0.097 | |
get_hub_genes | 0.001 | 0.000 | 0.002 | |
get_hub_high_co | 0.000 | 0.000 | 0.001 | |
get_hub_kleinberg | 0.172 | 0.003 | 0.177 | |
get_sub_clusters | 1.799 | 0.029 | 1.840 | |
is_data_expr | 0.000 | 0.000 | 0.001 | |
is_gost | 0.030 | 0.004 | 3.246 | |
is_module | 0.000 | 0.000 | 0.001 | |
is_network | 0.001 | 0.000 | 0.000 | |
join_gost | 0.028 | 0.005 | 0.993 | |
plot_comparison_stats | 0.270 | 0.011 | 0.284 | |
plot_enrichment | 1.400 | 0.134 | 8.386 | |
plot_expression_profiles | 2.809 | 0.074 | 2.909 | |
plot_module | 0.183 | 0.015 | 0.200 | |
plot_modules_merge | 1.799 | 0.024 | 1.833 | |
plot_modules_phenotype | 0.445 | 0.006 | 0.454 | |
z_summary | 13.380 | 0.177 | 15.713 | |