Back to Multiple platform build/check report for BioC 3.17:   simplified   long
ABC[D]EFGHIJKLMNOPQRSTUVWXYZ

This page was generated on 2023-10-03 11:37:17 -0400 (Tue, 03 Oct 2023).

HostnameOSArch (*)R versionInstalled pkgs
nebbiolo1Linux (Ubuntu 22.04.2 LTS)x86_644.3.1 (2023-06-16) -- "Beagle Scouts" 4626
palomino3Windows Server 2022 Datacenterx644.3.1 (2023-06-16 ucrt) -- "Beagle Scouts" 4379
merida1macOS 12.6.4 Montereyx86_644.3.1 (2023-06-16) -- "Beagle Scouts" 4395
Click on any hostname to see more info about the system (e.g. compilers)      (*) as reported by 'uname -p', except on Windows and Mac OS X

Package 532/2230HostnameOS / ArchINSTALLBUILDCHECKBUILD BIN
DEP 1.22.0  (landing page)
Arne Smits
Snapshot Date: 2023-10-02 14:00:11 -0400 (Mon, 02 Oct 2023)
git_url: https://git.bioconductor.org/packages/DEP
git_branch: RELEASE_3_17
git_last_commit: dfcbed4
git_last_commit_date: 2023-04-25 10:55:45 -0400 (Tue, 25 Apr 2023)
nebbiolo1Linux (Ubuntu 22.04.2 LTS) / x86_64  OK    OK    WARNINGS  UNNEEDED, same version is already published
palomino3Windows Server 2022 Datacenter / x64  OK    OK    WARNINGS    OK  UNNEEDED, same version is already published
merida1macOS 12.6.4 Monterey / x86_64  OK    OK    WARNINGS    OK  UNNEEDED, same version is already published

CHECK results for DEP on merida1


To the developers/maintainers of the DEP package:
- Allow up to 24 hours (and sometimes 48 hours) for your latest push to git@git.bioconductor.org:packages/DEP.git to reflect on this report. See Troubleshooting Build Report for more information.
- Use the following Renviron settings to reproduce errors and warnings.
- If 'R CMD check' started to fail recently on the Linux builder(s) over a missing dependency, add the missing dependency to 'Suggests:' in your DESCRIPTION file. See Renviron.bioc for more information.

raw results


Summary

Package: DEP
Version: 1.22.0
Command: /Library/Frameworks/R.framework/Resources/bin/R CMD check --install=check:DEP.install-out.txt --library=/Library/Frameworks/R.framework/Resources/library --no-vignettes --timings DEP_1.22.0.tar.gz
StartedAt: 2023-10-03 00:49:14 -0400 (Tue, 03 Oct 2023)
EndedAt: 2023-10-03 01:06:26 -0400 (Tue, 03 Oct 2023)
EllapsedTime: 1031.4 seconds
RetCode: 0
Status:   WARNINGS  
CheckDir: DEP.Rcheck
Warnings: 1

Command output

##############################################################################
##############################################################################
###
### Running command:
###
###   /Library/Frameworks/R.framework/Resources/bin/R CMD check --install=check:DEP.install-out.txt --library=/Library/Frameworks/R.framework/Resources/library --no-vignettes --timings DEP_1.22.0.tar.gz
###
##############################################################################
##############################################################################


* using log directory ‘/Users/biocbuild/bbs-3.17-bioc/meat/DEP.Rcheck’
* using R version 4.3.1 (2023-06-16)
* using platform: x86_64-apple-darwin20 (64-bit)
* R was compiled by
    Apple clang version 14.0.3 (clang-1403.0.22.14.1)
    GNU Fortran (GCC) 12.2.0
* running under: macOS Monterey 12.6.4
* using session charset: UTF-8
* using option ‘--no-vignettes’
* checking for file ‘DEP/DESCRIPTION’ ... OK
* this is package ‘DEP’ version ‘1.22.0’
* package encoding: UTF-8
* checking package namespace information ... OK
* checking package dependencies ... OK
* checking if this is a source package ... OK
* checking if there is a namespace ... OK
* checking for hidden files and directories ... OK
* checking for portable file names ... OK
* checking for sufficient/correct file permissions ... OK
* checking whether package ‘DEP’ can be installed ... OK
* checking installed package size ... OK
* checking package directory ... OK
* checking ‘build’ directory ... OK
* checking DESCRIPTION meta-information ... OK
* checking top-level files ... OK
* checking for left-over files ... OK
* checking index information ... OK
* checking package subdirectories ... OK
* checking R files for non-ASCII characters ... OK
* checking R files for syntax errors ... OK
* checking whether the package can be loaded ... OK
* checking whether the package can be loaded with stated dependencies ... OK
* checking whether the package can be unloaded cleanly ... OK
* checking whether the namespace can be loaded with stated dependencies ... OK
* checking whether the namespace can be unloaded cleanly ... OK
* checking startup messages can be suppressed ... OK
* checking dependencies in R code ... OK
* checking S3 generic/method consistency ... OK
* checking replacement functions ... OK
* checking foreign function calls ... OK
* checking R code for possible problems ... OK
* checking Rd files ... OK
* checking Rd metadata ... OK
* checking Rd cross-references ... WARNING
Missing link or links in documentation object 'LFQ.Rd':
  ‘[MSnbase:impute-methods]{impute}’

Missing link or links in documentation object 'TMT.Rd':
  ‘[MSnbase:impute-methods]{impute}’

Missing link or links in documentation object 'impute.Rd':
  ‘[MSnbase:impute-methods]{impute}’

Missing link or links in documentation object 'process.Rd':
  ‘[MSnbase:impute-methods]{impute}’

See section 'Cross-references' in the 'Writing R Extensions' manual.
* checking for missing documentation entries ... OK
* checking for code/documentation mismatches ... OK
* checking Rd \usage sections ... OK
* checking Rd contents ... OK
* checking for unstated dependencies in examples ... OK
* checking contents of ‘data’ directory ... OK
* checking data for non-ASCII characters ... OK
* checking LazyData ... OK
* checking data for ASCII and uncompressed saves ... OK
* checking R/sysdata.rda ... OK
* checking files in ‘vignettes’ ... OK
* checking examples ... OK
Examples with CPU (user + system) or elapsed time > 5s
                user system elapsed
impute       121.400  0.636 162.190
plot_dist      8.656  0.086  11.430
plot_volcano   7.088  0.099   9.651
plot_heatmap   6.302  0.087   8.279
analyze_dep    4.779  0.154   6.369
plot_missval   3.882  0.150   5.239
LFQ            3.726  0.131   5.257
plot_single    3.779  0.052   5.029
* checking for unstated dependencies in ‘tests’ ... OK
* checking tests ...
  Running ‘testthat.R’
 OK
* checking for unstated dependencies in vignettes ... OK
* checking package vignettes in ‘inst/doc’ ... OK
* checking running R code from vignettes ... SKIPPED
* checking re-building of vignette outputs ... SKIPPED
* checking PDF version of manual ... OK
* DONE

Status: 1 WARNING
See
  ‘/Users/biocbuild/bbs-3.17-bioc/meat/DEP.Rcheck/00check.log’
for details.



Installation output

DEP.Rcheck/00install.out

##############################################################################
##############################################################################
###
### Running command:
###
###   /Library/Frameworks/R.framework/Resources/bin/R CMD INSTALL DEP
###
##############################################################################
##############################################################################


* installing to library ‘/Library/Frameworks/R.framework/Versions/4.3-x86_64/Resources/library’
* installing *source* package ‘DEP’ ...
** using staged installation
** R
** data
*** moving datasets to lazyload DB
** inst
** byte-compile and prepare package for lazy loading
** help
*** installing help indices
** building package indices
** installing vignettes
** testing if installed package can be loaded from temporary location
** testing if installed package can be loaded from final location
** testing if installed package keeps a record of temporary installation path
* DONE (DEP)

Tests output

DEP.Rcheck/tests/testthat.Rout


R version 4.3.1 (2023-06-16) -- "Beagle Scouts"
Copyright (C) 2023 The R Foundation for Statistical Computing
Platform: x86_64-apple-darwin20 (64-bit)

R is free software and comes with ABSOLUTELY NO WARRANTY.
You are welcome to redistribute it under certain conditions.
Type 'license()' or 'licence()' for distribution details.

R is a collaborative project with many contributors.
Type 'contributors()' for more information and
'citation()' on how to cite R or R packages in publications.

Type 'demo()' for some demos, 'help()' for on-line help, or
'help.start()' for an HTML browser interface to help.
Type 'q()' to quit R.

> library(testthat)
> library(DEP)
> 
> test_check("DEP")
[ FAIL 0 | WARN 14 | SKIP 0 | PASS 333 ]

[ FAIL 0 | WARN 14 | SKIP 0 | PASS 333 ]
> 
> proc.time()
   user  system elapsed 
118.944   5.396 163.876 

Example timings

DEP.Rcheck/DEP-Ex.timings

nameusersystemelapsed
LFQ3.7260.1315.257
TMT0.0000.0010.001
add_rejections1.7980.1202.498
analyze_dep4.7790.1546.369
filter_missval1.2250.0401.648
filter_proteins0.7160.0200.981
get_df_long2.6090.0623.486
get_df_wide1.7180.0482.300
get_prefix0.0050.0010.005
get_results2.2880.0623.101
get_suffix0.0020.0000.004
import_IsobarQuant0.0000.0000.001
import_MaxQuant0.1260.0040.170
impute121.400 0.636162.190
make_se0.0910.0020.118
make_se_parse0.1320.0010.171
make_unique0.0450.0010.061
manual_impute1.5740.0692.156
meanSdPlot1.4160.0911.979
normalize_vsn0.8180.0281.111
plot_all3.7070.1104.978
plot_cond2.5910.0703.452
plot_cond_freq2.1190.0472.839
plot_cond_overlap2.1250.0462.880
plot_cor2.9180.0733.942
plot_coverage1.3710.0341.837
plot_detect1.8200.0382.433
plot_dist 8.656 0.08611.430
plot_frequency1.0510.0351.478
plot_gsea1.6550.0452.179
plot_heatmap6.3020.0878.279
plot_imputation2.5130.0963.424
plot_missval3.8820.1505.239
plot_normalization3.2530.1284.397
plot_numbers1.2850.0391.714
plot_p_hist2.9780.0593.911
plot_pca3.2800.0514.401
plot_single3.7790.0525.029
plot_volcano7.0880.0999.651
process3.3590.0834.457
report000
run_app0.0000.0000.001
se2msn0.2800.0030.366
test_diff2.1720.0732.940
test_gsea1.6960.0472.316
theme_DEP11.0300.0331.400
theme_DEP21.2700.0341.741