Back to Multiple platform build/check report for BioC 3.18:   simplified   long
[A]BCDEFGHIJKLMNOPQRSTUVWXYZ

This page was generated on 2024-02-22 11:35:44 -0500 (Thu, 22 Feb 2024).

HostnameOSArch (*)R versionInstalled pkgs
nebbiolo2Linux (Ubuntu 22.04.3 LTS)x86_644.3.2 Patched (2023-11-13 r85521) -- "Eye Holes" 4691
palomino4Windows Server 2022 Datacenterx644.3.2 (2023-10-31 ucrt) -- "Eye Holes" 4444
lconwaymacOS 12.7.1 Montereyx86_644.3.2 Patched (2023-11-01 r85457) -- "Eye Holes" 4465
Click on any hostname to see more info about the system (e.g. compilers)      (*) as reported by 'uname -p', except on Windows and Mac OS X

Package 69/2266HostnameOS / ArchINSTALLBUILDCHECKBUILD BIN
AnnotationDbi 1.64.1  (landing page)
Bioconductor Package Maintainer
Snapshot Date: 2024-02-21 14:05:05 -0500 (Wed, 21 Feb 2024)
git_url: https://git.bioconductor.org/packages/AnnotationDbi
git_branch: RELEASE_3_18
git_last_commit: e5b997e
git_last_commit_date: 2023-11-01 17:02:57 -0500 (Wed, 01 Nov 2023)
nebbiolo2Linux (Ubuntu 22.04.3 LTS) / x86_64  OK    OK    WARNINGS  UNNEEDED, same version is already published
palomino4Windows Server 2022 Datacenter / x64  OK    OK    WARNINGS    OK  UNNEEDED, same version is already published
lconwaymacOS 12.7.1 Monterey / x86_64  OK    OK    WARNINGS    OK  UNNEEDED, same version is already published
kjohnson1macOS 13.6.1 Ventura / arm64see weekly results here

CHECK results for AnnotationDbi on nebbiolo2


To the developers/maintainers of the AnnotationDbi package:
- Allow up to 24 hours (and sometimes 48 hours) for your latest push to git@git.bioconductor.org:packages/AnnotationDbi.git to reflect on this report. See Troubleshooting Build Report for more information.
- Use the following Renviron settings to reproduce errors and warnings.
- If 'R CMD check' started to fail recently on the Linux builder(s) over a missing dependency, add the missing dependency to 'Suggests:' in your DESCRIPTION file. See Renviron.bioc for more information.

raw results


Summary

Package: AnnotationDbi
Version: 1.64.1
Command: /home/biocbuild/bbs-3.18-bioc/R/bin/R CMD check --install=check:AnnotationDbi.install-out.txt --library=/home/biocbuild/bbs-3.18-bioc/R/site-library --timings AnnotationDbi_1.64.1.tar.gz
StartedAt: 2024-02-21 19:59:12 -0500 (Wed, 21 Feb 2024)
EndedAt: 2024-02-21 20:03:24 -0500 (Wed, 21 Feb 2024)
EllapsedTime: 252.0 seconds
RetCode: 0
Status:   WARNINGS  
CheckDir: AnnotationDbi.Rcheck
Warnings: 1

Command output

##############################################################################
##############################################################################
###
### Running command:
###
###   /home/biocbuild/bbs-3.18-bioc/R/bin/R CMD check --install=check:AnnotationDbi.install-out.txt --library=/home/biocbuild/bbs-3.18-bioc/R/site-library --timings AnnotationDbi_1.64.1.tar.gz
###
##############################################################################
##############################################################################


* using log directory ‘/home/biocbuild/bbs-3.18-bioc/meat/AnnotationDbi.Rcheck’
* using R version 4.3.2 Patched (2023-11-13 r85521)
* using platform: x86_64-pc-linux-gnu (64-bit)
* R was compiled by
    gcc (Ubuntu 11.4.0-1ubuntu1~22.04) 11.4.0
    GNU Fortran (Ubuntu 11.4.0-1ubuntu1~22.04) 11.4.0
* running under: Ubuntu 22.04.3 LTS
* using session charset: UTF-8
* checking for file ‘AnnotationDbi/DESCRIPTION’ ... OK
* this is package ‘AnnotationDbi’ version ‘1.64.1’
* package encoding: UTF-8
* checking package namespace information ... OK
* checking package dependencies ... OK
* checking if this is a source package ... OK
* checking if there is a namespace ... OK
* checking for hidden files and directories ... OK
* checking for portable file names ... OK
* checking for sufficient/correct file permissions ... OK
* checking whether package ‘AnnotationDbi’ can be installed ... OK
* checking installed package size ... NOTE
  installed size is  8.3Mb
  sub-directories of 1Mb or more:
    R         1.1Mb
    extdata   6.0Mb
* checking package directory ... OK
* checking ‘build’ directory ... OK
* checking DESCRIPTION meta-information ... OK
* checking top-level files ... OK
* checking for left-over files ... OK
* checking index information ... OK
* checking package subdirectories ... OK
* checking R files for non-ASCII characters ... OK
* checking R files for syntax errors ... OK
* checking whether the package can be loaded ... OK
* checking whether the package can be loaded with stated dependencies ... OK
* checking whether the package can be unloaded cleanly ... OK
* checking whether the namespace can be loaded with stated dependencies ... OK
* checking whether the namespace can be unloaded cleanly ... OK
* checking loading without being on the library search path ... OK
* checking dependencies in R code ... NOTE
Unexported object imported by a ':::' call: ‘BiocGenerics:::testPackage’
  See the note in ?`:::` about the use of this operator.
* checking S3 generic/method consistency ... OK
* checking replacement functions ... OK
* checking foreign function calls ... OK
* checking R code for possible problems ... NOTE
createORGANISMSeeds: no visible global function definition for
  ‘makeAnnDbMapSeeds’
Undefined global functions or variables:
  makeAnnDbMapSeeds
* checking Rd files ... WARNING
checkRd: (5) AnnDbObj-class.Rd:58-61: \item in \describe must have non-empty label
checkRd: (5) AnnDbObj-class.Rd:64-68: \item in \describe must have non-empty label
checkRd: (5) AnnDbObj-class.Rd:71-75: \item in \describe must have non-empty label
checkRd: (5) AnnDbObj-class.Rd:78-89: \item in \describe must have non-empty label
checkRd: (5) AnnDbObj-class.Rd:92-96: \item in \describe must have non-empty label
checkRd: (5) Bimap.Rd:79-82: \item in \describe must have non-empty label
checkRd: (5) Bimap.Rd:84-87: \item in \describe must have non-empty label
checkRd: (-1) inpIDMapper.Rd:91: Escaped LaTeX specials: \#
checkRd: (-1) inpIDMapper.Rd:95: Escaped LaTeX specials: \#
checkRd: (-1) inpIDMapper.Rd:99: Escaped LaTeX specials: \#
* checking Rd metadata ... OK
* checking Rd cross-references ... OK
* checking for missing documentation entries ... OK
* checking for code/documentation mismatches ... OK
* checking Rd \usage sections ... OK
* checking Rd contents ... OK
* checking for unstated dependencies in examples ... OK
* checking files in ‘vignettes’ ... OK
* checking examples ... OK
Examples with CPU (user + system) or elapsed time > 5s
                    user system elapsed
AnnDbPkg-checker  39.456  0.778  40.454
organismKEGGFrame  0.209  0.000   5.654
* checking for unstated dependencies in ‘tests’ ... OK
* checking tests ...
  Running ‘AnnotationDbi_unit_tests.R’
 OK
* checking for unstated dependencies in vignettes ... OK
* checking package vignettes in ‘inst/doc’ ... OK
* checking running R code from vignettes ...
  ‘AnnotationDbi.Rnw’ using ‘UTF-8’... OK
  ‘IntroToAnnotationPackages.Rnw’ using ‘UTF-8’... OK
 NONE
* checking re-building of vignette outputs ... OK
* checking PDF version of manual ... OK
* DONE

Status: 1 WARNING, 3 NOTEs
See
  ‘/home/biocbuild/bbs-3.18-bioc/meat/AnnotationDbi.Rcheck/00check.log’
for details.



Installation output

AnnotationDbi.Rcheck/00install.out

##############################################################################
##############################################################################
###
### Running command:
###
###   /home/biocbuild/bbs-3.18-bioc/R/bin/R CMD INSTALL AnnotationDbi
###
##############################################################################
##############################################################################


* installing to library ‘/home/biocbuild/bbs-3.18-bioc/R/site-library’
* installing *source* package ‘AnnotationDbi’ ...
** using staged installation
** R
** inst
** byte-compile and prepare package for lazy loading
Creating a new generic function for ‘packageName’ in package ‘AnnotationDbi’
Creating a generic function for ‘ls’ from package ‘base’ in package ‘AnnotationDbi’
Creating a generic function for ‘eapply’ from package ‘base’ in package ‘AnnotationDbi’
Creating a generic function for ‘exists’ from package ‘base’ in package ‘AnnotationDbi’
Creating a generic function for ‘sample’ from package ‘base’ in package ‘AnnotationDbi’
** help
*** installing help indices
** building package indices
** installing vignettes
** testing if installed package can be loaded from temporary location
** testing if installed package can be loaded from final location
** testing if installed package keeps a record of temporary installation path
* DONE (AnnotationDbi)

Tests output

AnnotationDbi.Rcheck/tests/AnnotationDbi_unit_tests.Rout


R version 4.3.2 Patched (2023-11-13 r85521) -- "Eye Holes"
Copyright (C) 2023 The R Foundation for Statistical Computing
Platform: x86_64-pc-linux-gnu (64-bit)

R is free software and comes with ABSOLUTELY NO WARRANTY.
You are welcome to redistribute it under certain conditions.
Type 'license()' or 'licence()' for distribution details.

R is a collaborative project with many contributors.
Type 'contributors()' for more information and
'citation()' on how to cite R or R packages in publications.

Type 'demo()' for some demos, 'help()' for on-line help, or
'help.start()' for an HTML browser interface to help.
Type 'q()' to quit R.

> require("AnnotationDbi") || stop("unable to load AnnotationDbi package")
Loading required package: AnnotationDbi
Loading required package: stats4
Loading required package: BiocGenerics

Attaching package: 'BiocGenerics'

The following objects are masked from 'package:stats':

    IQR, mad, sd, var, xtabs

The following objects are masked from 'package:base':

    Filter, Find, Map, Position, Reduce, anyDuplicated, aperm, append,
    as.data.frame, basename, cbind, colnames, dirname, do.call,
    duplicated, eval, evalq, get, grep, grepl, intersect, is.unsorted,
    lapply, mapply, match, mget, order, paste, pmax, pmax.int, pmin,
    pmin.int, rank, rbind, rownames, sapply, setdiff, sort, table,
    tapply, union, unique, unsplit, which.max, which.min

Loading required package: Biobase
Welcome to Bioconductor

    Vignettes contain introductory material; view with
    'browseVignettes()'. To cite Bioconductor, see
    'citation("Biobase")', and for packages 'citation("pkgname")'.

Loading required package: IRanges
Loading required package: S4Vectors

Attaching package: 'S4Vectors'

The following object is masked from 'package:utils':

    findMatches

The following objects are masked from 'package:base':

    I, expand.grid, unname

[1] TRUE
> 
> AnnotationDbi:::.test()
Loading required package: org.Hs.eg.db

'select()' returned 1:1 mapping between keys and columns
'select()' returned 1:many mapping between keys and columns

'select()' returned 1:1 mapping between keys and columns
'select()' returned 1:many mapping between keys and columns
'select()' returned 1:many mapping between keys and columns
'select()' returned 1:many mapping between keys and columns
'select()' returned 1:many mapping between keys and columns
'select()' returned 1:many mapping between keys and columns
'select()' returned 1:many mapping between keys and columns
'select()' returned 1:many mapping between keys and columns
Loading required package: RSQLite
Loading required package: org.At.tair.db

Loading required package: org.Sc.sgd.db

Loading required package: GO.db

Loading required package: hgu95av2.db
'select()' returned many:many mapping between keys and columns
'select()' returned 1:many mapping between keys and columns
'select()' returned 1:1 mapping between keys and columns
'select()' returned 1:1 mapping between keys and columns
'select()' returned many:1 mapping between keys and columns
'select()' returned 1:1 mapping between keys and columns
'select()' returned many:1 mapping between keys and columns
'select()' returned 1:1 mapping between keys and columns
'select()' returned many:1 mapping between keys and columns
'select()' returned 1:many mapping between keys and columns
'select()' returned 1:many mapping between keys and columns
'select()' returned 1:many mapping between keys and columns
'select()' returned 1:many mapping between keys and columns
'select()' returned 1:1 mapping between keys and columns
'select()' returned 1:1 mapping between keys and columns
'select()' returned 1:1 mapping between keys and columns
'select()' returned 1:1 mapping between keys and columns
'select()' returned 1:1 mapping between keys and columns
'select()' returned 1:1 mapping between keys and columns
'select()' returned 1:many mapping between keys and columns
'select()' returned 1:many mapping between keys and columns
'select()' returned 1:many mapping between keys and columns
'select()' returned 1:many mapping between keys and columns
'select()' returned 1:many mapping between keys and columns
'select()' returned 1:1 mapping between keys and columns
Warning: You have selected the following columns that can have a many to one
  relationship with the primary key: ACCNUM, ALIAS, ENSEMBL,
  ENSEMBLPROT, ENSEMBLTRANS, ENZYME, EVIDENCE, EVIDENCEALL, GO, GOALL,
  IPI, MAP, OMIM, ONTOLOGY, ONTOLOGYALL, PATH, PFAM, PMID, PROSITE,
  REFSEQ, UCSCKG, UNIPROT . Because you have selected more than a few
  such columns there is a risk that this selection may balloon up into
  a very large result as the number of rows returned multiplies
  accordingly. To experience smaller/more manageable results and faster
  retrieval times, you might want to consider selecting these columns
  separately.
'select()' returned 1:many mapping between keys and columns
'select()' returned 1:1 mapping between keys and columns
'select()' returned 1:many mapping between keys and columns
'select()' returned 1:many mapping between keys and columns
'select()' returned 1:many mapping between keys and columns
'select()' returned 1:1 mapping between keys and columns
'select()' returned many:1 mapping between keys and columns
'select()' returned 1:many mapping between keys and columns
'select()' returned many:1 mapping between keys and columns

'select()' returned 1:1 mapping between keys and columns
'select()' returned many:many mapping between keys and columns
'select()' returned 1:1 mapping between keys and columns
'select()' returned 1:1 mapping between keys and columns
'select()' returned 1:many mapping between keys and columns
'select()' returned 1:1 mapping between keys and columns
'select()' returned 1:1 mapping between keys and columns
'select()' returned 1:1 mapping between keys and columns
'select()' returned 1:many mapping between keys and columns
Loading required package: reactome.db
'select()' returned 1:many mapping between keys and columns
'select()' returned 1:1 mapping between keys and columns
'select()' returned 1:1 mapping between keys and columns
'select()' returned 1:many mapping between keys and columns
'select()' returned 1:many mapping between keys and columns


RUNIT TEST PROTOCOL -- Wed Feb 21 20:02:42 2024 
*********************************************** 
Number of test functions: 64 
Number of errors: 0 
Number of failures: 0 

 
1 Test Suite : 
AnnotationDbi RUnit Tests - 64 test functions, 0 errors, 0 failures
Number of test functions: 64 
Number of errors: 0 
Number of failures: 0 
Warning messages:
1: In .local(x, ...) : returned vector has duplicated names
2: In .local(x, ...) : returned vector has duplicated names
3: call dbDisconnect() when finished working with a connection 
4: In .deprecatedColsMessage() :
  Accessing gene location information via 'CHR','CHRLOC','CHRLOCEND' is
  deprecated. Please use a range based accessor like genes(), or select()
  with columns values like TXCHROM and TXSTART on a TxDb or OrganismDb
  object instead.
5: In .deprecatedColsMessage() :
  Accessing gene location information via 'CHR','CHRLOC','CHRLOCEND' is
  deprecated. Please use a range based accessor like genes(), or select()
  with columns values like TXCHROM and TXSTART on a TxDb or OrganismDb
  object instead.
6: In .deprecatedColsMessage() :
  Accessing gene location information via 'CHR','CHRLOC','CHRLOCEND' is
  deprecated. Please use a range based accessor like genes(), or select()
  with columns values like TXCHROM and TXSTART on a TxDb or OrganismDb
  object instead.
> 
> proc.time()
   user  system elapsed 
 57.254   2.192  59.468 

Example timings

AnnotationDbi.Rcheck/AnnotationDbi-Ex.timings

nameusersystemelapsed
AnnDbObj-class0.3950.0600.455
AnnDbPkg-checker39.456 0.77840.454
AnnotationDb-class2.0780.2002.278
Bimap-direction2.6510.2722.936
Bimap-envirAPI0.2720.0440.325
Bimap-keys0.6430.0120.654
Bimap-toTable1.8020.0401.842
Bimap1.3940.1241.518
BimapFiltering0.1010.0040.104
BimapFormatting0.2390.0120.251
GOColsAndKeytypes0.1310.0120.142
GOFrame1.0860.1601.248
GOTerms-class0.0000.0000.001
KEGGFrame0.0740.0121.780
colsAndKeytypes0.1330.0040.138
createSimpleBimap0.0670.0000.067
inpIDMapper000
makeGOGraph0.2060.0200.226
make_eg_to_go_map0.1060.0120.118
organismKEGGFrame0.2090.0005.654
print.probetable0.4090.1680.577
toSQLStringSet000
unlist20.1840.0280.212