Back to Workflows build report for BioC 3.18

This page was generated on 2023-09-22 14:00:11 -0400 (Fri, 22 Sep 2023).

HostnameOSArch (*)R versionInstalled pkgs
nebbiolo2Linux (Ubuntu 22.04.2 LTS)x86_644.3.1 (2023-06-16) -- "Beagle Scouts" 4659
palomino4Windows Server 2022 Datacenterx644.3.1 (2023-06-16 ucrt) -- "Beagle Scouts" 4394
lconwaymacOS 12.6.5 Montereyx86_644.3.1 Patched (2023-06-17 r84564) -- "Beagle Scouts" 4408
Click on any hostname to see more info about the system (e.g. compilers)      (*) as reported by 'uname -p', except on Windows and Mac OS X

Package 28/30HostnameOS / ArchINSTALLBUILD
spicyWorkflow 1.1.0  (landing page)
SOMS Maintainer
Snapshot Date: 2023-09-22 10:45:01 -0400 (Fri, 22 Sep 2023)
git_url: https://git.bioconductor.org/packages/spicyWorkflow
git_branch: devel
git_last_commit: a9aa984
git_last_commit_date: 2023-04-26 22:50:18 -0400 (Wed, 26 Apr 2023)
nebbiolo2Linux (Ubuntu 22.04.2 LTS) / x86_64  OK    ERROR  
palomino4Windows Server 2022 Datacenter / x64  OK    ERROR  
lconwaymacOS 12.6.5 Monterey / x86_64  OK    ERROR  

BUILD results for spicyWorkflow on lconway


To the developers/maintainers of the spicyWorkflow package:
- Use the following Renviron settings to reproduce errors and warnings.
- If 'R CMD check' started to fail recently on the Linux builder(s) over a missing dependency, add the missing dependency to 'Suggests:' in your DESCRIPTION file. See Renviron.bioc for more information.

raw results


Summary

Package: spicyWorkflow
Version: 1.1.0
Command: /Library/Frameworks/R.framework/Resources/bin/R CMD build --keep-empty-dirs --no-resave-data spicyWorkflow
StartedAt: 2023-09-22 11:05:02 -0400 (Fri, 22 Sep 2023)
EndedAt: 2023-09-22 11:25:32 -0400 (Fri, 22 Sep 2023)
EllapsedTime: 1230.3 seconds
RetCode: 1
Status:   ERROR  
PackageFile: None
PackageFileSize: NA

Command output

##############################################################################
##############################################################################
###
### Running command:
###
###   /Library/Frameworks/R.framework/Resources/bin/R CMD build --keep-empty-dirs --no-resave-data spicyWorkflow
###
##############################################################################
##############################################################################


* checking for file ‘spicyWorkflow/DESCRIPTION’ ... OK
* preparing ‘spicyWorkflow’:
* checking DESCRIPTION meta-information ... OK
* installing the package to build vignettes
* creating vignettes ... ERROR
--- re-building ‘spicyWorkflow.Rmd’ using rmarkdown

Quitting from lines 442-455 [unnamed-chunk-13] (spicyWorkflow.Rmd)
Error: processing vignette 'spicyWorkflow.Rmd' failed with diagnostics:
BiocParallel errors
  1 remote errors, element index: 53
  5 unevaluated and other errors
  first remote error:
Error in cut.default(p$d, Rs, labels = Rs[-1], include.lowest = TRUE): invalid number of intervals

--- failed re-building ‘spicyWorkflow.Rmd’

SUMMARY: processing the following file failed:
  ‘spicyWorkflow.Rmd’

Error: Vignette re-building failed.
Execution halted