Back to Multiple platform build/check report for BioC 3.18: simplified long |
|
This page was generated on 2024-04-17 11:38:05 -0400 (Wed, 17 Apr 2024).
Hostname | OS | Arch (*) | R version | Installed pkgs |
---|---|---|---|---|
nebbiolo2 | Linux (Ubuntu 22.04.3 LTS) | x86_64 | 4.3.3 (2024-02-29) -- "Angel Food Cake" | 4676 |
palomino4 | Windows Server 2022 Datacenter | x64 | 4.3.3 (2024-02-29 ucrt) -- "Angel Food Cake" | 4414 |
merida1 | macOS 12.7.1 Monterey | x86_64 | 4.3.3 (2024-02-29) -- "Angel Food Cake" | 4437 |
Click on any hostname to see more info about the system (e.g. compilers) (*) as reported by 'uname -p', except on Windows and Mac OS X |
Package 1611/2266 | Hostname | OS / Arch | INSTALL | BUILD | CHECK | BUILD BIN | ||||||||
ptairMS 1.10.0 (landing page) camille Roquencourt
| nebbiolo2 | Linux (Ubuntu 22.04.3 LTS) / x86_64 | OK | OK | WARNINGS | |||||||||
palomino4 | Windows Server 2022 Datacenter / x64 | OK | OK | WARNINGS | OK | |||||||||
merida1 | macOS 12.7.1 Monterey / x86_64 | OK | OK | WARNINGS | OK | |||||||||
kjohnson1 | macOS 13.6.1 Ventura / arm64 | see weekly results here | ||||||||||||
To the developers/maintainers of the ptairMS package: - Allow up to 24 hours (and sometimes 48 hours) for your latest push to git@git.bioconductor.org:packages/ptairMS.git to reflect on this report. See Troubleshooting Build Report for more information. - Use the following Renviron settings to reproduce errors and warnings. - If 'R CMD check' started to fail recently on the Linux builder(s) over a missing dependency, add the missing dependency to 'Suggests:' in your DESCRIPTION file. See Renviron.bioc for more information. |
Package: ptairMS |
Version: 1.10.0 |
Command: /Library/Frameworks/R.framework/Resources/bin/R CMD check --install=check:ptairMS.install-out.txt --library=/Library/Frameworks/R.framework/Resources/library --no-vignettes --timings ptairMS_1.10.0.tar.gz |
StartedAt: 2024-04-16 07:14:45 -0400 (Tue, 16 Apr 2024) |
EndedAt: 2024-04-16 07:31:13 -0400 (Tue, 16 Apr 2024) |
EllapsedTime: 988.3 seconds |
RetCode: 0 |
Status: WARNINGS |
CheckDir: ptairMS.Rcheck |
Warnings: 2 |
############################################################################## ############################################################################## ### ### Running command: ### ### /Library/Frameworks/R.framework/Resources/bin/R CMD check --install=check:ptairMS.install-out.txt --library=/Library/Frameworks/R.framework/Resources/library --no-vignettes --timings ptairMS_1.10.0.tar.gz ### ############################################################################## ############################################################################## * using log directory ‘/Users/biocbuild/bbs-3.18-bioc/meat/ptairMS.Rcheck’ * using R version 4.3.3 (2024-02-29) * using platform: x86_64-apple-darwin20 (64-bit) * R was compiled by Apple clang version 14.0.0 (clang-1400.0.29.202) GNU Fortran (GCC) 12.2.0 * running under: macOS Monterey 12.7.1 * using session charset: UTF-8 * using option ‘--no-vignettes’ * checking for file ‘ptairMS/DESCRIPTION’ ... OK * this is package ‘ptairMS’ version ‘1.10.0’ * package encoding: UTF-8 * checking package namespace information ... OK * checking package dependencies ... OK * checking if this is a source package ... OK * checking if there is a namespace ... OK * checking for hidden files and directories ... OK * checking for portable file names ... OK * checking for sufficient/correct file permissions ... OK * checking whether package ‘ptairMS’ can be installed ... WARNING Found the following significant warnings: Warning: replacing previous import ‘Biobase::cache’ by ‘bit64::cache’ when loading ‘ptairMS’ See ‘/Users/biocbuild/bbs-3.18-bioc/meat/ptairMS.Rcheck/00install.out’ for details. * used C++ compiler: ‘Apple clang version 14.0.0 (clang-1400.0.29.202)’ * used SDK: ‘MacOSX11.3.sdk’ * checking installed package size ... OK * checking package directory ... OK * checking ‘build’ directory ... OK * checking DESCRIPTION meta-information ... OK * checking top-level files ... OK * checking for left-over files ... OK * checking index information ... OK * checking package subdirectories ... OK * checking R files for non-ASCII characters ... OK * checking R files for syntax errors ... OK * checking whether the package can be loaded ... OK * checking whether the package can be loaded with stated dependencies ... OK * checking whether the package can be unloaded cleanly ... OK * checking whether the namespace can be loaded with stated dependencies ... OK * checking whether the namespace can be unloaded cleanly ... OK * checking dependencies in R code ... WARNING '::' or ':::' imports not declared from: ‘htmlwidgets’ ‘plyr’ There are ::: calls to the package's namespace in its code. A package almost never needs to use ::: for its own objects: ‘getCalibrationInfo’ ‘getPeakList’ ‘getPeaksInfo’ ‘getTimeInfo’ ‘processFileTemporalNominalMass’ ‘tofToMz’ * checking S3 generic/method consistency ... OK * checking replacement functions ... OK * checking foreign function calls ... OK * checking R code for possible problems ... OK * checking Rd files ... OK * checking Rd metadata ... OK * checking Rd cross-references ... OK * checking for missing documentation entries ... OK * checking for code/documentation mismatches ... OK * checking Rd \usage sections ... OK * checking Rd contents ... OK * checking for unstated dependencies in examples ... OK * checking line endings in C/C++/Fortran sources/headers ... OK * checking compiled code ... NOTE Note: information on .o files is not available * checking files in ‘vignettes’ ... OK * checking examples ... OK Examples with CPU (user + system) or elapsed time > 5s user system elapsed detectPeak 171.229 3.503 177.276 imputeMat 29.227 0.821 31.589 alignSamples 28.887 0.890 31.190 writeEset 27.014 0.774 29.080 impute 25.499 0.715 27.021 annotation 25.636 0.540 29.632 getPeakList 24.333 0.679 25.757 plot 22.575 0.543 23.658 plotFeatures 20.649 0.524 21.499 plotTIC 20.541 0.595 21.642 plotRaw 18.443 0.606 19.453 resetSampleMetadata 17.369 0.436 17.968 plotCalib 17.130 0.500 17.824 setSampleMetadata 17.066 0.441 19.531 defineKnots 17.066 0.438 17.921 updatePtrSet 16.408 0.454 17.097 rmPeakList 16.453 0.370 18.378 getFileNames 16.367 0.439 16.860 changeTimeLimits 16.410 0.306 17.405 getSampleMetadata 16.236 0.446 16.874 importSampleMetadata 15.997 0.396 16.553 getDirectory 15.750 0.425 16.251 exportSampleMetada 15.581 0.400 16.108 createPtrSet 15.095 0.540 15.883 convert_to_mzML 11.206 0.311 11.731 * checking for unstated dependencies in ‘tests’ ... OK * checking tests ... Running ‘testthat.R’ OK * checking for unstated dependencies in vignettes ... OK * checking package vignettes in ‘inst/doc’ ... OK * checking running R code from vignettes ... SKIPPED * checking re-building of vignette outputs ... SKIPPED * checking PDF version of manual ... OK * DONE Status: 2 WARNINGs, 1 NOTE See ‘/Users/biocbuild/bbs-3.18-bioc/meat/ptairMS.Rcheck/00check.log’ for details.
ptairMS.Rcheck/00install.out
############################################################################## ############################################################################## ### ### Running command: ### ### /Library/Frameworks/R.framework/Resources/bin/R CMD INSTALL ptairMS ### ############################################################################## ############################################################################## * installing to library ‘/Library/Frameworks/R.framework/Versions/4.3-x86_64/Resources/library’ * installing *source* package ‘ptairMS’ ... ** using staged installation ** libs using C++ compiler: ‘Apple clang version 14.0.0 (clang-1400.0.29.202)’ using SDK: ‘MacOSX11.3.sdk’ clang++ -arch x86_64 -std=gnu++17 -I"/Library/Frameworks/R.framework/Resources/include" -DNDEBUG -I'/Library/Frameworks/R.framework/Versions/4.3-x86_64/Resources/library/Rcpp/include' -I/opt/R/x86_64/include -fPIC -falign-functions=64 -Wall -g -O2 -c RcppExports.cpp -o RcppExports.o clang++ -arch x86_64 -std=gnu++17 -I"/Library/Frameworks/R.framework/Resources/include" -DNDEBUG -I'/Library/Frameworks/R.framework/Versions/4.3-x86_64/Resources/library/Rcpp/include' -I/opt/R/x86_64/include -fPIC -falign-functions=64 -Wall -g -O2 -c align.cpp -o align.o clang++ -arch x86_64 -std=gnu++17 -I"/Library/Frameworks/R.framework/Resources/include" -DNDEBUG -I'/Library/Frameworks/R.framework/Versions/4.3-x86_64/Resources/library/Rcpp/include' -I/opt/R/x86_64/include -fPIC -falign-functions=64 -Wall -g -O2 -c findEqualGreaterM.cpp -o findEqualGreaterM.o clang++ -arch x86_64 -std=gnu++17 -dynamiclib -Wl,-headerpad_max_install_names -undefined dynamic_lookup -L/Library/Frameworks/R.framework/Resources/lib -L/opt/R/x86_64/lib -o ptairMS.so RcppExports.o align.o findEqualGreaterM.o -F/Library/Frameworks/R.framework/.. -framework R -Wl,-framework -Wl,CoreFoundation installing to /Library/Frameworks/R.framework/Versions/4.3-x86_64/Resources/library/00LOCK-ptairMS/00new/ptairMS/libs ** R ** inst ** byte-compile and prepare package for lazy loading Warning: replacing previous import ‘Biobase::cache’ by ‘bit64::cache’ when loading ‘ptairMS’ ** help *** installing help indices ** building package indices ** installing vignettes ** testing if installed package can be loaded from temporary location Warning: replacing previous import ‘Biobase::cache’ by ‘bit64::cache’ when loading ‘ptairMS’ ** checking absolute paths in shared objects and dynamic libraries ** testing if installed package can be loaded from final location Warning: replacing previous import ‘Biobase::cache’ by ‘bit64::cache’ when loading ‘ptairMS’ ** testing if installed package keeps a record of temporary installation path * DONE (ptairMS)
ptairMS.Rcheck/tests/testthat.Rout
R version 4.3.3 (2024-02-29) -- "Angel Food Cake" Copyright (C) 2024 The R Foundation for Statistical Computing Platform: x86_64-apple-darwin20 (64-bit) R is free software and comes with ABSOLUTELY NO WARRANTY. You are welcome to redistribute it under certain conditions. Type 'license()' or 'licence()' for distribution details. R is a collaborative project with many contributors. Type 'contributors()' for more information and 'citation()' on how to cite R or R packages in publications. Type 'demo()' for some demos, 'help()' for on-line help, or 'help.start()' for an HTML browser interface to help. Type 'q()' to quit R. > library(testthat) > library(ptairMS) Warning message: replacing previous import 'Biobase::cache' by 'bit64::cache' when loading 'ptairMS' > > test_check("ptairMS") Control1.h5 : 3 peaks detected Control2.h5 : 4 peaks detected Specie-a1.h5 : 2 peaks detected Specie-a2.h5 : 3 peaks detected specie-b1.h5 : 4 peaks detected specie-b2.h5 : 3 peaks detected Control1.h5 : 2 peaks detected Control2.h5 : 2 peaks detected Specie-a1.h5 : 3 peaks detected Specie-a2.h5 : 3 peaks detected specie-b1.h5 : 2 peaks detected specie-b2.h5 : 3 peaks detected Control1.h5 : 4 peaks detected Control2.h5 : 6 peaks detected Specie-a1.h5 : 3 peaks detected Specie-a2.h5 : 4 peaks detected specie-b1.h5 : 5 peaks detected specie-b2.h5 : 4 peaks detected Control1.h5 : 3 peaks detected Control2.h5 : 2 peaks detected Specie-a1.h5 : 3 peaks detected Specie-a2.h5 : 3 peaks detected specie-b1.h5 : 4 peaks detected specie-b2.h5 : 4 peaks detected [ FAIL 0 | WARN 0 | SKIP 0 | PASS 59 ] > > proc.time() user system elapsed 144.001 4.276 159.053
ptairMS.Rcheck/ptairMS-Ex.timings
name | user | system | elapsed | |
LocalMaximaSG | 0.055 | 0.007 | 0.064 | |
PeakList | 1.500 | 0.159 | 1.709 | |
RunShinnyApp | 0.000 | 0.001 | 0.001 | |
alignSamples | 28.887 | 0.890 | 31.190 | |
annotation | 25.636 | 0.540 | 29.632 | |
calibration | 1.291 | 0.032 | 1.382 | |
changeTimeLimits | 16.410 | 0.306 | 17.405 | |
convert_to_mzML | 11.206 | 0.311 | 11.731 | |
createPtrSet | 15.095 | 0.540 | 15.883 | |
defineKnots | 17.066 | 0.438 | 17.921 | |
detectPeak | 171.229 | 3.503 | 177.276 | |
exportSampleMetada | 15.581 | 0.400 | 16.108 | |
formula2mass | 0.005 | 0.002 | 0.007 | |
getDirectory | 15.750 | 0.425 | 16.251 | |
getFileNames | 16.367 | 0.439 | 16.860 | |
getPeakList | 24.333 | 0.679 | 25.757 | |
getSampleMetadata | 16.236 | 0.446 | 16.874 | |
importSampleMetadata | 15.997 | 0.396 | 16.553 | |
impute | 25.499 | 0.715 | 27.021 | |
imputeMat | 29.227 | 0.821 | 31.589 | |
plot | 22.575 | 0.543 | 23.658 | |
plotCalib | 17.130 | 0.500 | 17.824 | |
plotFeatures | 20.649 | 0.524 | 21.499 | |
plotRaw | 18.443 | 0.606 | 19.453 | |
plotTIC | 20.541 | 0.595 | 21.642 | |
readRaw | 0.210 | 0.020 | 0.232 | |
resetSampleMetadata | 17.369 | 0.436 | 17.968 | |
rmPeakList | 16.453 | 0.370 | 18.378 | |
setSampleMetadata | 17.066 | 0.441 | 19.531 | |
timeLimits | 2.284 | 0.053 | 2.550 | |
updatePtrSet | 16.408 | 0.454 | 17.097 | |
writeEset | 27.014 | 0.774 | 29.080 | |