Back to Multiple platform build/check report for BioC 3.18: simplified long |
|
This page was generated on 2023-11-29 11:35:56 -0500 (Wed, 29 Nov 2023).
Hostname | OS | Arch (*) | R version | Installed pkgs |
---|---|---|---|---|
nebbiolo2 | Linux (Ubuntu 22.04.2 LTS) | x86_64 | 4.3.2 Patched (2023-11-13 r85521) -- "Eye Holes" | 4685 |
palomino4 | Windows Server 2022 Datacenter | x64 | 4.3.2 (2023-10-31 ucrt) -- "Eye Holes" | 4420 |
lconway | macOS 12.7.1 Monterey | x86_64 | 4.3.2 Patched (2023-11-01 r85457) -- "Eye Holes" | 4439 |
Click on any hostname to see more info about the system (e.g. compilers) (*) as reported by 'uname -p', except on Windows and Mac OS X |
Package 811/2266 | Hostname | OS / Arch | INSTALL | BUILD | CHECK | BUILD BIN | ||||||||
geneXtendeR 1.28.0 (landing page) Bohdan Khomtchouk
| nebbiolo2 | Linux (Ubuntu 22.04.2 LTS) / x86_64 | OK | OK | WARNINGS | ![]() | ||||||||
palomino4 | Windows Server 2022 Datacenter / x64 | OK | OK | WARNINGS | OK | ![]() | ||||||||
lconway | macOS 12.7.1 Monterey / x86_64 | OK | OK | WARNINGS | OK | ![]() | ||||||||
kjohnson1 | macOS 13.6.1 Ventura / arm64 | see weekly results here | ||||||||||||
To the developers/maintainers of the geneXtendeR package: - Allow up to 24 hours (and sometimes 48 hours) for your latest push to git@git.bioconductor.org:packages/geneXtendeR.git to reflect on this report. See Troubleshooting Build Report for more information. - Use the following Renviron settings to reproduce errors and warnings. - If 'R CMD check' started to fail recently on the Linux builder(s) over a missing dependency, add the missing dependency to 'Suggests:' in your DESCRIPTION file. See Renviron.bioc for more information. |
Package: geneXtendeR |
Version: 1.28.0 |
Command: /home/biocbuild/bbs-3.18-bioc/R/bin/R CMD check --install=check:geneXtendeR.install-out.txt --library=/home/biocbuild/bbs-3.18-bioc/R/site-library --timings geneXtendeR_1.28.0.tar.gz |
StartedAt: 2023-11-28 22:47:55 -0500 (Tue, 28 Nov 2023) |
EndedAt: 2023-11-28 22:59:07 -0500 (Tue, 28 Nov 2023) |
EllapsedTime: 671.9 seconds |
RetCode: 0 |
Status: WARNINGS |
CheckDir: geneXtendeR.Rcheck |
Warnings: 2 |
############################################################################## ############################################################################## ### ### Running command: ### ### /home/biocbuild/bbs-3.18-bioc/R/bin/R CMD check --install=check:geneXtendeR.install-out.txt --library=/home/biocbuild/bbs-3.18-bioc/R/site-library --timings geneXtendeR_1.28.0.tar.gz ### ############################################################################## ############################################################################## * using log directory ‘/home/biocbuild/bbs-3.18-bioc/meat/geneXtendeR.Rcheck’ * using R version 4.3.2 Patched (2023-11-13 r85521) * using platform: x86_64-pc-linux-gnu (64-bit) * R was compiled by gcc (Ubuntu 11.4.0-1ubuntu1~22.04) 11.4.0 GNU Fortran (Ubuntu 11.4.0-1ubuntu1~22.04) 11.4.0 * running under: Ubuntu 22.04.3 LTS * using session charset: UTF-8 * checking for file ‘geneXtendeR/DESCRIPTION’ ... OK * checking extension type ... Package * this is package ‘geneXtendeR’ version ‘1.28.0’ * package encoding: UTF-8 * checking package namespace information ... OK * checking package dependencies ... OK * checking if this is a source package ... OK * checking if there is a namespace ... OK * checking for hidden files and directories ... OK * checking for portable file names ... OK * checking for sufficient/correct file permissions ... OK * checking whether package ‘geneXtendeR’ can be installed ... WARNING Found the following significant warnings: annotate.c:106:5: warning: ignoring return value of ‘fgets’ declared with attribute ‘warn_unused_result’ [-Wunused-result] annotate.c:116:5: warning: ignoring return value of ‘fgets’ declared with attribute ‘warn_unused_result’ [-Wunused-result] extract_number.c:98:5: warning: ignoring return value of ‘fgets’ declared with attribute ‘warn_unused_result’ [-Wunused-result] extract_number.c:108:5: warning: ignoring return value of ‘fgets’ declared with attribute ‘warn_unused_result’ [-Wunused-result] extract_peaks.c:107:5: warning: ignoring return value of ‘fgets’ declared with attribute ‘warn_unused_result’ [-Wunused-result] extract_peaks.c:117:5: warning: ignoring return value of ‘fgets’ declared with attribute ‘warn_unused_result’ [-Wunused-result] See ‘/home/biocbuild/bbs-3.18-bioc/meat/geneXtendeR.Rcheck/00install.out’ for details. * used C compiler: ‘gcc (Ubuntu 11.4.0-1ubuntu1~22.04) 11.4.0’ * checking installed package size ... NOTE installed size is 11.5Mb sub-directories of 1Mb or more: data 5.8Mb doc 1.9Mb extdata 3.5Mb * checking package directory ... OK * checking DESCRIPTION meta-information ... NOTE Package listed in more than one of Depends, Imports, Suggests, Enhances: ‘rtracklayer’ A package should be listed in only one of these fields. * checking top-level files ... OK * checking for left-over files ... OK * checking index information ... OK * checking package subdirectories ... OK * checking R files for non-ASCII characters ... OK * checking R files for syntax errors ... OK * checking whether the package can be loaded ... OK * checking whether the package can be loaded with stated dependencies ... OK * checking whether the package can be unloaded cleanly ... OK * checking whether the namespace can be loaded with stated dependencies ... OK * checking whether the namespace can be unloaded cleanly ... OK * checking loading without being on the library search path ... OK * checking dependencies in R code ... NOTE Namespaces in Imports field not imported from: ‘BiocStyle’ ‘SnowballC’ ‘org.Rn.eg.db’ All declared Imports should be used. * checking S3 generic/method consistency ... OK * checking replacement functions ... OK * checking foreign function calls ... OK * checking R code for possible problems ... NOTE .geneXtender: no visible binding for global variable ‘type’ .geneXtender: no visible binding for global variable ‘seqid’ .geneXtender: no visible binding for global variable ‘gene_id’ .geneXtender: no visible binding for global variable ‘gene_name’ annotate_n: no visible binding for global variable ‘..I’ annotate_n: no visible binding for global variable ‘seqid’ diffGO: no visible binding for global variable ‘rat’ gene_annotate: no visible global function definition for ‘.’ gene_annotate: no visible binding for global variable ‘Distance-of-Gene-to-Nearest-Peak’ gene_annotate: no visible global function definition for ‘sd’ gene_annotate: no visible binding for global variable ‘Chromosome’ gene_annotate: no visible binding for global variable ‘Gene-Start’ gene_annotate: no visible binding for global variable ‘Gene-End’ gene_annotate: no visible binding for global variable ‘Gene-ID’ gene_annotate: no visible binding for global variable ‘Gene-Name’ gene_annotate: no visible binding for global variable ‘Peaks-on-Gene-Body’ gene_annotate: no visible binding for global variable ‘Number-of-Peaks-Associated-with-Gene’ gene_lookup: no visible binding for global variable ‘gene_name_id’ gene_lookup: no visible binding for global variable ‘gene_id’ gene_lookup : internal_find: no visible binding for global variable ‘Chromosome’ gene_lookup : internal_find: no visible binding for global variable ‘distance’ gene_lookup : internal_find: no visible global function definition for ‘na.omit’ gene_lookup: no visible binding for global variable ‘..I’ gene_lookup: no visible binding for global variable ‘distance’ makeWordCloud: no visible binding for global variable ‘rat’ meanPeakLength: no visible binding for global variable ‘rat’ peaksInput: no visible binding for global variable ‘chr’ peaksInput: no visible global function definition for ‘na.omit’ peaksMerge: no visible binding for global variable ‘chr’ peaksMerge: no visible binding for global variable ‘g’ peaksMerge: no visible global function definition for ‘.’ plotWordFreq : geneXtender: no visible binding for global variable ‘type’ plotWordFreq : geneXtender: no visible binding for global variable ‘seqid’ plotWordFreq : geneXtender: no visible binding for global variable ‘gene_id’ plotWordFreq : geneXtender: no visible binding for global variable ‘gene_name’ Undefined global functions or variables: . ..I Chromosome Distance-of-Gene-to-Nearest-Peak Gene-End Gene-ID Gene-Name Gene-Start Number-of-Peaks-Associated-with-Gene Peaks-on-Gene-Body chr distance g gene_id gene_name gene_name_id na.omit rat sd seqid type Consider adding importFrom("stats", "na.omit", "sd") to your NAMESPACE file. * checking Rd files ... OK * checking Rd metadata ... OK * checking Rd cross-references ... OK * checking for missing documentation entries ... OK * checking for code/documentation mismatches ... OK * checking Rd \usage sections ... OK * checking Rd contents ... OK * checking for unstated dependencies in examples ... OK * checking contents of ‘data’ directory ... OK * checking data for non-ASCII characters ... OK * checking LazyData ... WARNING LazyData DB of 5.8 MB without LazyDataCompression set See §1.1.6 of 'Writing R Extensions' * checking data for ASCII and uncompressed saves ... OK * checking line endings in C/C++/Fortran sources/headers ... OK * checking compiled code ... NOTE Note: information on .o files is not available * checking installed files from ‘inst/doc’ ... OK * checking files in ‘vignettes’ ... NOTE Files named as vignettes but with no recognized vignette engine: ‘vignettes/geneXtendeR.Rnw’ (Is a VignetteBuilder field missing?) * checking examples ... OK Examples with CPU (user + system) or elapsed time > 5s user system elapsed meanPeakLengthPlot 31.948 1.404 36.152 hotspotPlot 21.465 0.320 24.553 barChart 17.411 1.040 21.242 annotate 15.700 1.320 19.521 cumlinePlot 15.542 0.504 18.852 linePlot 15.231 0.384 18.416 gene_annotate 12.902 0.300 16.881 diffGO 11.920 0.405 15.126 makeNetwork 11.611 0.288 14.699 makeWordCloud 11.425 0.371 14.294 peakLengthBoxplot 10.591 0.265 13.639 distinct 10.416 0.300 13.522 meanPeakLength 10.021 0.496 13.279 plotWordFreq 9.728 0.203 12.721 gene_lookup 9.222 0.176 12.197 * checking for unstated dependencies in ‘tests’ ... OK * checking tests ... Running ‘testthat.R’ OK * checking PDF version of manual ... OK * DONE Status: 2 WARNINGs, 6 NOTEs See ‘/home/biocbuild/bbs-3.18-bioc/meat/geneXtendeR.Rcheck/00check.log’ for details.
geneXtendeR.Rcheck/00install.out
############################################################################## ############################################################################## ### ### Running command: ### ### /home/biocbuild/bbs-3.18-bioc/R/bin/R CMD INSTALL geneXtendeR ### ############################################################################## ############################################################################## * installing to library ‘/home/biocbuild/bbs-3.18-bioc/R/site-library’ * installing *source* package ‘geneXtendeR’ ... ** using staged installation ** libs using C compiler: ‘gcc (Ubuntu 11.4.0-1ubuntu1~22.04) 11.4.0’ gcc -I"/home/biocbuild/bbs-3.18-bioc/R/include" -DNDEBUG -I/usr/local/include -fpic -g -O2 -Wall -c annotate.c -o annotate.o annotate.c: In function ‘annotate’: annotate.c:106:5: warning: ignoring return value of ‘fgets’ declared with attribute ‘warn_unused_result’ [-Wunused-result] 106 | fgets(varstr, 50000, varfp); | ^~~~~~~~~~~~~~~~~~~~~~~~~~~ annotate.c:116:5: warning: ignoring return value of ‘fgets’ declared with attribute ‘warn_unused_result’ [-Wunused-result] 116 | fgets(vcfstr, 10000, vcffp); | ^~~~~~~~~~~~~~~~~~~~~~~~~~~ gcc -I"/home/biocbuild/bbs-3.18-bioc/R/include" -DNDEBUG -I/usr/local/include -fpic -g -O2 -Wall -c extract_number.c -o extract_number.o extract_number.c: In function ‘extractnumber’: extract_number.c:72:10: warning: variable ‘n_1’ set but not used [-Wunused-but-set-variable] 72 | long n_1; | ^~~ extract_number.c:66:10: warning: variable ‘j_1’ set but not used [-Wunused-but-set-variable] 66 | long j_1; | ^~~ extract_number.c:54:12: warning: variable ‘pvcfcol5_5’ set but not used [-Wunused-but-set-variable] 54 | char * pvcfcol5_5; | ^~~~~~~~~~ extract_number.c:53:12: warning: variable ‘pvcfcol4_4’ set but not used [-Wunused-but-set-variable] 53 | char * pvcfcol4_4; | ^~~~~~~~~~ extract_number.c:52:12: warning: variable ‘pvcfcol3_3’ set but not used [-Wunused-but-set-variable] 52 | char * pvcfcol3_3; | ^~~~~~~~~~ extract_number.c:51:12: warning: variable ‘pvcfcol2_2’ set but not used [-Wunused-but-set-variable] 51 | char * pvcfcol2_2; | ^~~~~~~~~~ extract_number.c:50:12: warning: variable ‘pvcfcol1_1’ set but not used [-Wunused-but-set-variable] 50 | char * pvcfcol1_1; | ^~~~~~~~~~ extract_number.c:98:5: warning: ignoring return value of ‘fgets’ declared with attribute ‘warn_unused_result’ [-Wunused-result] 98 | fgets(varstr, 50000, varfp); | ^~~~~~~~~~~~~~~~~~~~~~~~~~~ extract_number.c:108:5: warning: ignoring return value of ‘fgets’ declared with attribute ‘warn_unused_result’ [-Wunused-result] 108 | fgets(vcfstr, 10000, vcffp); | ^~~~~~~~~~~~~~~~~~~~~~~~~~~ gcc -I"/home/biocbuild/bbs-3.18-bioc/R/include" -DNDEBUG -I/usr/local/include -fpic -g -O2 -Wall -c extract_peaks.c -o extract_peaks.o extract_peaks.c: In function ‘extractpeaks’: extract_peaks.c:107:5: warning: ignoring return value of ‘fgets’ declared with attribute ‘warn_unused_result’ [-Wunused-result] 107 | fgets(varstr, 50000, varfp); | ^~~~~~~~~~~~~~~~~~~~~~~~~~~ extract_peaks.c:117:5: warning: ignoring return value of ‘fgets’ declared with attribute ‘warn_unused_result’ [-Wunused-result] 117 | fgets(vcfstr, 10000, vcffp); | ^~~~~~~~~~~~~~~~~~~~~~~~~~~ gcc -shared -L/home/biocbuild/bbs-3.18-bioc/R/lib -L/usr/local/lib -o geneXtendeR.so annotate.o extract_number.o extract_peaks.o -L/home/biocbuild/bbs-3.18-bioc/R/lib -lR installing to /home/biocbuild/bbs-3.18-bioc/R/site-library/00LOCK-geneXtendeR/00new/geneXtendeR/libs ** R ** data *** moving datasets to lazyload DB ** inst ** byte-compile and prepare package for lazy loading ** help *** installing help indices ** building package indices ** installing vignettes ** testing if installed package can be loaded from temporary location ** checking absolute paths in shared objects and dynamic libraries ** testing if installed package can be loaded from final location ** testing if installed package keeps a record of temporary installation path * DONE (geneXtendeR)
geneXtendeR.Rcheck/tests/testthat.Rout
R version 4.3.2 Patched (2023-11-13 r85521) -- "Eye Holes" Copyright (C) 2023 The R Foundation for Statistical Computing Platform: x86_64-pc-linux-gnu (64-bit) R is free software and comes with ABSOLUTELY NO WARRANTY. You are welcome to redistribute it under certain conditions. Type 'license()' or 'licence()' for distribution details. R is a collaborative project with many contributors. Type 'contributors()' for more information and 'citation()' on how to cite R or R packages in publications. Type 'demo()' for some demos, 'help()' for on-line help, or 'help.start()' for an HTML browser interface to help. Type 'q()' to quit R. > library(testthat) > library(geneXtendeR) Loading required package: rtracklayer Loading required package: GenomicRanges Loading required package: stats4 Loading required package: BiocGenerics Attaching package: 'BiocGenerics' The following objects are masked from 'package:stats': IQR, mad, sd, var, xtabs The following objects are masked from 'package:base': Filter, Find, Map, Position, Reduce, anyDuplicated, aperm, append, as.data.frame, basename, cbind, colnames, dirname, do.call, duplicated, eval, evalq, get, grep, grepl, intersect, is.unsorted, lapply, mapply, match, mget, order, paste, pmax, pmax.int, pmin, pmin.int, rank, rbind, rownames, sapply, setdiff, sort, table, tapply, union, unique, unsplit, which.max, which.min Loading required package: S4Vectors Attaching package: 'S4Vectors' The following object is masked from 'package:utils': findMatches The following objects are masked from 'package:base': I, expand.grid, unname Loading required package: IRanges Loading required package: GenomeInfoDb Loading required package: GO.db Loading required package: AnnotationDbi Loading required package: Biobase Welcome to Bioconductor Vignettes contain introductory material; view with 'browseVignettes()'. To cite Bioconductor, see 'citation("Biobase")', and for packages 'citation("pkgname")'. > > test_check("geneXtendeR") [ FAIL 0 | WARN 0 | SKIP 0 | PASS 86 ] > > proc.time() user system elapsed 142.178 5.143 146.792
geneXtendeR.Rcheck/geneXtendeR-Ex.timings
name | user | system | elapsed | |
allPeakLengths | 0.045 | 0.005 | 0.050 | |
annotate | 15.700 | 1.320 | 19.521 | |
annotate_n | 0 | 0 | 0 | |
barChart | 17.411 | 1.040 | 21.242 | |
cumlinePlot | 15.542 | 0.504 | 18.852 | |
diffGO | 11.920 | 0.405 | 15.126 | |
distinct | 10.416 | 0.300 | 13.522 | |
gene_annotate | 12.902 | 0.300 | 16.881 | |
gene_lookup | 9.222 | 0.176 | 12.197 | |
hotspotPlot | 21.465 | 0.320 | 24.553 | |
linePlot | 15.231 | 0.384 | 18.416 | |
makeNetwork | 11.611 | 0.288 | 14.699 | |
makeWordCloud | 11.425 | 0.371 | 14.294 | |
meanPeakLength | 10.021 | 0.496 | 13.279 | |
meanPeakLengthPlot | 31.948 | 1.404 | 36.152 | |
peakLengthBoxplot | 10.591 | 0.265 | 13.639 | |
peaksInput | 0.207 | 0.014 | 0.211 | |
peaksMerge | 0.139 | 0.000 | 0.116 | |
plotWordFreq | 9.728 | 0.203 | 12.721 | |
rat | 2.942 | 0.344 | 3.286 | |
samplepeaksinput | 0.007 | 0.000 | 0.007 | |