Back to Multiple platform build/check report for BioC 3.18:   simplified   long
ABCDE[F]GHIJKLMNOPQRSTUVWXYZ

This page was generated on 2023-12-08 11:36:48 -0500 (Fri, 08 Dec 2023).

HostnameOSArch (*)R versionInstalled pkgs
nebbiolo2Linux (Ubuntu 22.04.2 LTS)x86_644.3.2 Patched (2023-11-13 r85521) -- "Eye Holes" 4688
palomino4Windows Server 2022 Datacenterx644.3.2 (2023-10-31 ucrt) -- "Eye Holes" 4439
lconwaymacOS 12.7.1 Montereyx86_644.3.2 Patched (2023-11-01 r85457) -- "Eye Holes" 4458
Click on any hostname to see more info about the system (e.g. compilers)      (*) as reported by 'uname -p', except on Windows and Mac OS X

Package 756/2266HostnameOS / ArchINSTALLBUILDCHECKBUILD BIN
FunChIP 1.28.0  (landing page)
Alice Parodi
Snapshot Date: 2023-12-07 14:05:05 -0500 (Thu, 07 Dec 2023)
git_url: https://git.bioconductor.org/packages/FunChIP
git_branch: RELEASE_3_18
git_last_commit: ee9b6c9
git_last_commit_date: 2023-10-24 10:50:38 -0500 (Tue, 24 Oct 2023)
nebbiolo2Linux (Ubuntu 22.04.2 LTS) / x86_64  OK    OK    WARNINGS  UNNEEDED, same version is already published
palomino4Windows Server 2022 Datacenter / x64  OK    OK    WARNINGS    OK  UNNEEDED, same version is already published
lconwaymacOS 12.7.1 Monterey / x86_64  OK    OK    OK    OK  UNNEEDED, same version is already published
kjohnson1macOS 13.6.1 Ventura / arm64see weekly results here

CHECK results for FunChIP on palomino4


To the developers/maintainers of the FunChIP package:
- Allow up to 24 hours (and sometimes 48 hours) for your latest push to git@git.bioconductor.org:packages/FunChIP.git to reflect on this report. See Troubleshooting Build Report for more information.
- Use the following Renviron settings to reproduce errors and warnings.
- If 'R CMD check' started to fail recently on the Linux builder(s) over a missing dependency, add the missing dependency to 'Suggests:' in your DESCRIPTION file. See Renviron.bioc for more information.

raw results


Summary

Package: FunChIP
Version: 1.28.0
Command: F:\biocbuild\bbs-3.18-bioc\R\bin\R.exe CMD check --no-multiarch --install=check:FunChIP.install-out.txt --library=F:\biocbuild\bbs-3.18-bioc\R\library --no-vignettes --timings FunChIP_1.28.0.tar.gz
StartedAt: 2023-12-08 01:52:04 -0500 (Fri, 08 Dec 2023)
EndedAt: 2023-12-08 01:55:51 -0500 (Fri, 08 Dec 2023)
EllapsedTime: 227.4 seconds
RetCode: 0
Status:   WARNINGS  
CheckDir: FunChIP.Rcheck
Warnings: 1

Command output

##############################################################################
##############################################################################
###
### Running command:
###
###   F:\biocbuild\bbs-3.18-bioc\R\bin\R.exe CMD check --no-multiarch --install=check:FunChIP.install-out.txt --library=F:\biocbuild\bbs-3.18-bioc\R\library --no-vignettes --timings FunChIP_1.28.0.tar.gz
###
##############################################################################
##############################################################################


* using log directory 'F:/biocbuild/bbs-3.18-bioc/meat/FunChIP.Rcheck'
* using R version 4.3.2 (2023-10-31 ucrt)
* using platform: x86_64-w64-mingw32 (64-bit)
* R was compiled by
    gcc.exe (GCC) 12.3.0
    GNU Fortran (GCC) 12.3.0
* running under: Windows Server 2022 x64 (build 20348)
* using session charset: UTF-8
* using option '--no-vignettes'
* checking for file 'FunChIP/DESCRIPTION' ... OK
* checking extension type ... Package
* this is package 'FunChIP' version '1.28.0'
* checking package namespace information ... OK
* checking package dependencies ... OK
* checking if this is a source package ... OK
* checking if there is a namespace ... OK
* checking for hidden files and directories ... OK
* checking for portable file names ... OK
* checking whether package 'FunChIP' can be installed ... WARNING
Found the following significant warnings:
  kmean_function.cpp:677:52: warning: suggest parentheses around comparison in operand of '&' [-Wparentheses]
See 'F:/biocbuild/bbs-3.18-bioc/meat/FunChIP.Rcheck/00install.out' for details.
* used C++ compiler: 'G__~1.EXE (GCC) 12.3.0'
* checking C++ specification ... NOTE
  Specified C++11: please drop specification unless essential
* checking installed package size ... NOTE
  installed size is 23.4Mb
  sub-directories of 1Mb or more:
    extdata  21.5Mb
    libs      1.1Mb
* checking package directory ... OK
* checking 'build' directory ... OK
* checking DESCRIPTION meta-information ... OK
* checking top-level files ... OK
* checking for left-over files ... OK
* checking index information ... OK
* checking package subdirectories ... OK
* checking R files for non-ASCII characters ... OK
* checking R files for syntax errors ... OK
* checking whether the package can be loaded ... OK
* checking whether the package can be loaded with stated dependencies ... OK
* checking whether the package can be unloaded cleanly ... OK
* checking whether the namespace can be loaded with stated dependencies ... OK
* checking whether the namespace can be unloaded cleanly ... OK
* checking dependencies in R code ... OK
* checking S3 generic/method consistency ... OK
* checking replacement functions ... OK
* checking foreign function calls ... OK
* checking R code for possible problems ... OK
* checking Rd files ... OK
* checking Rd metadata ... OK
* checking Rd cross-references ... OK
* checking for missing documentation entries ... OK
* checking for code/documentation mismatches ... OK
* checking Rd \usage sections ... OK
* checking Rd contents ... OK
* checking for unstated dependencies in examples ... OK
* checking contents of 'data' directory ... OK
* checking data for non-ASCII characters ... OK
* checking LazyData ... OK
* checking data for ASCII and uncompressed saves ... OK
* checking line endings in C/C++/Fortran sources/headers ... OK
* checking line endings in Makefiles ... OK
* checking compilation flags in Makevars ... OK
* checking for GNU extensions in Makefiles ... OK
* checking for portable use of $(BLAS_LIBS) and $(LAPACK_LIBS) ... OK
* checking use of PKG_*FLAGS in Makefiles ... OK
* checking compiled code ... NOTE
Note: information on .o files for x64 is not available
File 'F:/biocbuild/bbs-3.18-bioc/R/library/FunChIP/libs/x64/FunChIP.dll':
  Found 'abort', possibly from 'abort' (C), 'runtime' (Fortran)
  Found 'exit', possibly from 'exit' (C), 'stop' (Fortran)

Compiled code should not call entry points which might terminate R nor
write to stdout/stderr instead of to the console, nor use Fortran I/O
nor system RNGs nor [v]sprintf. The detected symbols are linked into
the code but might come from libraries and not actually be called.

See 'Writing portable packages' in the 'Writing R Extensions' manual.
* checking sizes of PDF files under 'inst/doc' ... OK
* checking files in 'vignettes' ... OK
* checking examples ... OK
Examples with CPU (user + system) or elapsed time > 5s
                   user system elapsed
pileup_peak-method 2.77   0.14   11.83
* checking for unstated dependencies in vignettes ... OK
* checking package vignettes in 'inst/doc' ... OK
* checking running R code from vignettes ... SKIPPED
* checking re-building of vignette outputs ... SKIPPED
* checking PDF version of manual ... OK
* DONE

Status: 1 WARNING, 3 NOTEs
See
  'F:/biocbuild/bbs-3.18-bioc/meat/FunChIP.Rcheck/00check.log'
for details.



Installation output

FunChIP.Rcheck/00install.out

##############################################################################
##############################################################################
###
### Running command:
###
###   F:\biocbuild\bbs-3.18-bioc\R\bin\R.exe CMD INSTALL FunChIP
###
##############################################################################
##############################################################################


* installing to library 'F:/biocbuild/bbs-3.18-bioc/R/library'
* installing *source* package 'FunChIP' ...
** using staged installation
** libs
using C++ compiler: 'G__~1.EXE (GCC) 12.3.0'
using C++11
g++  -std=gnu++11 -I"F:/biocbuild/bbs-3.18-bioc/R/include" -DNDEBUG -I../inst/include -I. -DNDEBUG -I'F:/biocbuild/bbs-3.18-bioc/R/library/Rcpp/include'   -I"C:/rtools43/x86_64-w64-mingw32.static.posix/include"     -O2 -Wall  -mfpmath=sse -msse2 -mstackrealign  -c kmean_function.cpp -o kmean_function.o
kmean_function.cpp: In function 'SEXPREC* kmean_function(SEXP, SEXP, SEXP, SEXP, SEXP, SEXP, SEXP, SEXP, SEXP, SEXP, SEXP, SEXP)':
kmean_function.cpp:74:31: warning: comparison of integer expressions of different signedness: 'unsigned int' and 'int' [-Wsign-compare]
   74 |     for (unsigned int i =0 ; i<num_data; i++){
      |                              ~^~~~~~~~~
kmean_function.cpp:80:34: warning: comparison of integer expressions of different signedness: 'unsigned int' and 'int' [-Wsign-compare]
   80 |       for (unsigned int t =0 ; t < num_points; t++)
      |                                ~~^~~~~~~~~~~~
kmean_function.cpp: In function 'SEXPREC* distance_matrix(SEXP, SEXP, SEXP, SEXP, SEXP)':
kmean_function.cpp:210:35: warning: comparison of integer expressions of different signedness: 'unsigned int' and 'int' [-Wsign-compare]
  210 |         for (unsigned int i =0 ; i<num_data; i++){
      |                                  ~^~~~~~~~~
kmean_function.cpp:216:40: warning: comparison of integer expressions of different signedness: 'unsigned int' and 'int' [-Wsign-compare]
  216 |             for (unsigned int t =0 ; t < num_points; t++)
      |                                      ~~^~~~~~~~~~~~
kmean_function.cpp: In function 'void kma_discrete(std::vector<peak>&, const int&, std::vector<int>&, const double&, const double&, const int&, const char&, const double&, const double&, std::vector<int>&, std::vector<double>&, std::vector<int>&, const double&, const double&, int, char, char)':
kmean_function.cpp:638:51: warning: comparison of integer expressions of different signedness: 'int' and 'std::vector<peak>::size_type' {aka 'long long unsigned int'} [-Wsign-compare]
  638 |   while( iter < iter_max and number_distances_low < dati.size()  and cluster_vuoti==0){  //and number_clusters_different > 0
      |                              ~~~~~~~~~~~~~~~~~~~~~^~~~~~~~~~~~~
kmean_function.cpp:677:52: warning: suggest parentheses around comparison in operand of '&' [-Wparentheses]
  677 |       if ( (unsigned int)number_clusters_different == dati.size() & iter != 1)
      |            ~~~~~~~~~~~~~~~~~~~~~~~~~~~~~~~~~~~~~~~~^~~~~~~~~~~~~~
kmean_function.cpp:681:31: warning: comparison of integer expressions of different signedness: 'int' and 'std::vector<peak>::size_type' {aka 'long long unsigned int'} [-Wsign-compare]
  681 |       if (number_distances_low== dati.size())
      |           ~~~~~~~~~~~~~~~~~~~~^~~~~~~~~~~~~~
kmean_function.cpp: In function 'void normalize_data(std::vector<int>&, std::vector<int>&, const int&)':
kmean_function.cpp:759:27: warning: comparison of integer expressions of different signedness: 'unsigned int' and 'const int' [-Wsign-compare]
  759 |   for (unsigned int i=0; i<n_clust; i++)
      |                          ~^~~~~~~~
In file included from kmean_function.cpp:1:
peak.h: In member function 'std::vector<double> peak::area(int, char) const':
peak.h:154:46: warning: 'D' may be used uninitialized [-Wmaybe-uninitialized]
  154 |                 area_def[0] = sqrt(area[0]/2)/D;
      |                               ~~~~~~~~~~~~~~~^~
peak.h:130:17: note: 'D' was declared here
  130 |             int D;
      |                 ^
g++ -shared -s -static-libgcc -o FunChIP.dll tmp.def kmean_function.o -LC:/rtools43/x86_64-w64-mingw32.static.posix/lib/x64 -LC:/rtools43/x86_64-w64-mingw32.static.posix/lib -LF:/biocbuild/bbs-3.18-bioc/R/bin/x64 -lR
installing to F:/biocbuild/bbs-3.18-bioc/R/library/00LOCK-FunChIP/00new/FunChIP/libs/x64
** R
** data
*** moving datasets to lazyload DB
** inst
** byte-compile and prepare package for lazy loading
** help
*** installing help indices
** building package indices
** installing vignettes
** testing if installed package can be loaded from temporary location
** testing if installed package can be loaded from final location
** testing if installed package keeps a record of temporary installation path
* DONE (FunChIP)

Tests output


Example timings

FunChIP.Rcheck/FunChIP-Ex.timings

nameusersystemelapsed
GR1000.030.040.08
bending_index0.030.000.03
choose_k-method0.050.000.05
cluster_peak-method2.50.02.5
compute_fragments_length2.670.153.20
distance_peak0.010.000.01
peaks0.000.020.02
pileup_peak-method 2.77 0.1411.83
plot_peak-method0.050.030.08
silhouette_plot1.120.051.17
smooth_peak-method4.100.294.39
summit_peak-method0.010.000.01