Back to Multiple platform build/check report for BioC 3.16: simplified long |
|
This page was generated on 2023-03-17 11:06:13 -0400 (Fri, 17 Mar 2023).
Hostname | OS | Arch (*) | R version | Installed pkgs |
---|---|---|---|---|
nebbiolo2 | Linux (Ubuntu 20.04.5 LTS) | x86_64 | 4.2.2 (2022-10-31) -- "Innocent and Trusting" | 4516 |
palomino4 | Windows Server 2022 Datacenter | x64 | 4.2.2 (2022-10-31 ucrt) -- "Innocent and Trusting" | 4295 |
lconway | macOS 12.5.1 Monterey | x86_64 | 4.2.2 (2022-10-31) -- "Innocent and Trusting" | 4324 |
Click on any hostname to see more info about the system (e.g. compilers) (*) as reported by 'uname -p', except on Windows and Mac OS X |
To the developers/maintainers of the restfulSE package: - Please allow up to 24 hours (and sometimes 48 hours) for your latest push to git@git.bioconductor.org:packages/restfulSE.git to reflect on this report. See How and When does the builder pull? When will my changes propagate? for more information. - Make sure to use the following settings in order to reproduce any error or warning you see on this page. |
Package 1655/2183 | Hostname | OS / Arch | INSTALL | BUILD | CHECK | BUILD BIN | ||||||||
restfulSE 1.20.0 (landing page) Shweta Gopaulakrishnan
| nebbiolo2 | Linux (Ubuntu 20.04.5 LTS) / x86_64 | OK | OK | OK | ![]() | ||||||||
palomino4 | Windows Server 2022 Datacenter / x64 | OK | ERROR | skipped | skipped | |||||||||
lconway | macOS 12.5.1 Monterey / x86_64 | OK | OK | OK | OK | ![]() | ||||||||
Package: restfulSE |
Version: 1.20.0 |
Command: chmod a+r restfulSE -R && F:\biocbuild\bbs-3.16-bioc\R\bin\R.exe CMD build --keep-empty-dirs --no-resave-data restfulSE |
StartedAt: 2023-03-15 21:03:52 -0400 (Wed, 15 Mar 2023) |
EndedAt: 2023-03-15 21:04:48 -0400 (Wed, 15 Mar 2023) |
EllapsedTime: 55.4 seconds |
RetCode: 1 |
Status: ERROR |
PackageFile: None |
PackageFileSize: NA |
############################################################################## ############################################################################## ### ### Running command: ### ### chmod a+r restfulSE -R && F:\biocbuild\bbs-3.16-bioc\R\bin\R.exe CMD build --keep-empty-dirs --no-resave-data restfulSE ### ############################################################################## ############################################################################## * checking for file 'restfulSE/DESCRIPTION' ... OK * preparing 'restfulSE': * checking DESCRIPTION meta-information ... OK * installing the package to build vignettes * creating vignettes ... ERROR --- re-building 'restfulSE.Rmd' using rmarkdown Quitting from lines 51-54 (restfulSE.Rmd) Error: processing vignette 'restfulSE.Rmd' failed with diagnostics: failed to load resource name: EH1656 title: full_1Mneurons reason: error in evaluating the argument 'x' in selecting a method for function 'get': bad restore file magic number (file may be corrupted) -- no data loaded --- failed re-building 'restfulSE.Rmd' SUMMARY: processing the following file failed: 'restfulSE.Rmd' Error: Vignette re-building failed. Execution halted