Back to Multiple platform build/check report for BioC 3.16
ABCDEF[G]HIJKLMNOPQRSTUVWXYZ

This page was generated on 2022-08-06 11:05:05 -0400 (Sat, 06 Aug 2022).

HostnameOSArch (*)R versionInstalled pkgs
nebbiolo2Linux (Ubuntu 20.04.4 LTS)x86_644.2.1 (2022-06-23) -- "Funny-Looking Kid" 4371
palomino4Windows Server 2022 Datacenterx644.2.1 (2022-06-23 ucrt) -- "Funny-Looking Kid" 4155
lconwaymacOS 12.2.1 Montereyx86_644.2.1 Patched (2022-07-09 r82577) -- "Funny-Looking Kid" 4155
Click on any hostname to see more info about the system (e.g. compilers)      (*) as reported by 'uname -p', except on Windows and Mac OS X

CHECK results for gage on nebbiolo2


To the developers/maintainers of the gage package:
- Please allow up to 24 hours (and sometimes 48 hours) for your latest push to git@git.bioconductor.org:packages/gage.git to
reflect on this report. See How and When does the builder pull? When will my changes propagate? for more information.
- Make sure to use the following settings in order to reproduce any error or warning you see on this page.

raw results

Package 714/2137HostnameOS / ArchINSTALLBUILDCHECKBUILD BIN
gage 2.47.0  (landing page)
Weijun Luo
Snapshot Date: 2022-08-05 14:00:05 -0400 (Fri, 05 Aug 2022)
git_url: https://git.bioconductor.org/packages/gage
git_branch: master
git_last_commit: d33ece3
git_last_commit_date: 2022-04-26 11:06:03 -0400 (Tue, 26 Apr 2022)
nebbiolo2Linux (Ubuntu 20.04.4 LTS) / x86_64  OK    OK    WARNINGS  UNNEEDED, same version is already published
palomino4Windows Server 2022 Datacenter / x64  OK    ERROR  skippedskipped
lconwaymacOS 12.2.1 Monterey / x86_64  OK    OK    WARNINGS    OK  UNNEEDED, same version is already published

Summary

Package: gage
Version: 2.47.0
Command: /home/biocbuild/bbs-3.16-bioc/R/bin/R CMD check --install=check:gage.install-out.txt --library=/home/biocbuild/bbs-3.16-bioc/R/library --no-vignettes --timings gage_2.47.0.tar.gz
StartedAt: 2022-08-05 19:57:06 -0400 (Fri, 05 Aug 2022)
EndedAt: 2022-08-05 19:59:00 -0400 (Fri, 05 Aug 2022)
EllapsedTime: 113.2 seconds
RetCode: 0
Status:   WARNINGS  
CheckDir: gage.Rcheck
Warnings: 1

Command output

##############################################################################
##############################################################################
###
### Running command:
###
###   /home/biocbuild/bbs-3.16-bioc/R/bin/R CMD check --install=check:gage.install-out.txt --library=/home/biocbuild/bbs-3.16-bioc/R/library --no-vignettes --timings gage_2.47.0.tar.gz
###
##############################################################################
##############################################################################


* using log directory ‘/home/biocbuild/bbs-3.16-bioc/meat/gage.Rcheck’
* using R version 4.2.1 (2022-06-23)
* using platform: x86_64-pc-linux-gnu (64-bit)
* using session charset: UTF-8
* using option ‘--no-vignettes’
* checking for file ‘gage/DESCRIPTION’ ... OK
* checking extension type ... Package
* this is package ‘gage’ version ‘2.47.0’
* checking package namespace information ... OK
* checking package dependencies ... OK
* checking if this is a source package ... OK
* checking if there is a namespace ... OK
* checking for hidden files and directories ... OK
* checking for portable file names ... OK
* checking for sufficient/correct file permissions ... OK
* checking whether package ‘gage’ can be installed ... OK
* checking installed package size ... OK
* checking package directory ... OK
* checking ‘build’ directory ... OK
* checking DESCRIPTION meta-information ... OK
* checking top-level files ... OK
* checking for left-over files ... OK
* checking index information ... OK
* checking package subdirectories ... OK
* checking R files for non-ASCII characters ... OK
* checking R files for syntax errors ... OK
* checking whether the package can be loaded ... OK
* checking whether the package can be loaded with stated dependencies ... OK
* checking whether the package can be unloaded cleanly ... OK
* checking whether the namespace can be loaded with stated dependencies ... OK
* checking whether the namespace can be unloaded cleanly ... OK
* checking dependencies in R code ... WARNING
'::' or ':::' import not declared from: ‘BiocManager’
'loadNamespace' or 'requireNamespace' call not declared from: ‘BiocManager’
* checking S3 generic/method consistency ... OK
* checking replacement functions ... OK
* checking foreign function calls ... OK
* checking R code for possible problems ... NOTE
colorpanel: no visible global function definition for ‘col2rgb’
colorpanel: no visible global function definition for ‘rgb’
deComp: no visible global function definition for ‘annot.db’
deComp: no visible global function definition for ‘write.table’
eg2sym: no visible binding for global variable ‘egSymb’
essGene: no visible binding for global variable ‘sd’
essGene: no visible global function definition for ‘qchisq’
esset.grp: no visible global function definition for ‘sd’
esset.grp : <anonymous>: no visible global function definition for
  ‘phyper’
esset.grp: no visible global function definition for ‘as’
esset.grp: no visible global function definition for ‘write.table’
esset.grp: no visible global function definition for ‘nodes’
esset.grp: no visible global function definition for ‘edgeNames’
esset.grp: no visible global function definition for ‘pdf’
esset.grp: no visible global function definition for ‘make.graph’
esset.grp : <anonymous>: no visible global function definition for
  ‘nodes’
esset.grp: no visible global function definition for ‘points’
esset.grp: no visible global function definition for ‘dev.off’
gageComp: no visible global function definition for ‘pdf’
gageComp: no visible global function definition for ‘dev.off’
gagePipe: no visible global function definition for ‘write.table’
gagePipe: no visible global function definition for ‘pdf’
gagePipe: no visible global function definition for ‘dev.off’
gagePrep : <anonymous>: no visible global function definition for
  ‘t.test’
gageSum: no visible global function definition for ‘qnorm’
gageSum: no visible global function definition for ‘pnorm’
gageSum: no visible global function definition for ‘aggregate’
gageSum : <anonymous>: no visible global function definition for
  ‘pnorm’
gageSum: no visible global function definition for ‘pgamma’
gageSum: no visible global function definition for ‘p.adjust’
geneData: no visible global function definition for ‘write.table’
geneData: no visible global function definition for ‘pdf’
geneData: no visible global function definition for ‘dev.off’
geneData: no visible global function definition for ‘par’
geneData: no visible global function definition for ‘abline’
geneData: no visible global function definition for ‘points’
geneData: no visible global function definition for ‘legend’
go.gsets: no visible global function definition for ‘data’
go.gsets: no visible global function definition for ‘install.packages’
gs.KSTest : <anonymous>: no visible global function definition for
  ‘ks.test’
gs.tTest: no visible binding for global variable ‘sd’
gs.tTest: no visible global function definition for ‘pt’
gs.zTest: no visible binding for global variable ‘sd’
gs.zTest: no visible global function definition for ‘pnorm’
heatmap2: no visible binding for global variable ‘dist’
heatmap2: no visible binding for global variable ‘hclust’
heatmap2: no visible global function definition for ‘par’
heatmap2: no visible global function definition for ‘median’
heatmap2: no visible binding for global variable ‘sd’
heatmap2: no visible global function definition for ‘order.dendrogram’
heatmap2: no visible global function definition for ‘as.dendrogram’
heatmap2: no visible global function definition for ‘reorder’
heatmap2: no visible global function definition for ‘layout’
heatmap2: no visible global function definition for ‘image’
heatmap2: no visible global function definition for ‘axis’
heatmap2: no visible global function definition for ‘mtext’
heatmap2: no visible global function definition for ‘rect’
heatmap2: no visible global function definition for ‘abline’
heatmap2: no visible global function definition for ‘lines’
heatmap2: no visible global function definition for ‘text’
heatmap2: no visible global function definition for ‘plot.new’
heatmap2: no visible global function definition for ‘title’
heatmap2: no visible global function definition for ‘density’
heatmap2: no visible global function definition for ‘hist’
kegg.gsets: no visible global function definition for ‘data’
kegg.gsets: no visible binding for global variable ‘khier’
kegg.species.code: no visible global function definition for ‘data’
kegg.species.code: no visible binding for global variable ‘korg.1’
readExpData: no visible global function definition for ‘read.delim’
rownorm : <anonymous>: no visible global function definition for ‘sd’
sigGeneSet: no visible global function definition for ‘pdf’
sigGeneSet: no visible global function definition for ‘dev.off’
sym2eg: no visible binding for global variable ‘egSymb’
vennDiagram2: no visible global function definition for ‘is’
vennDiagram2: no visible global function definition for ‘par’
vennDiagram2: no visible global function definition for ‘lines’
vennDiagram2: no visible global function definition for ‘text’
vennDiagram2: no visible global function definition for ‘rect’
vennDiagram2 : printing: no visible global function definition for
  ‘text’
Undefined global functions or variables:
  abline aggregate annot.db as as.dendrogram axis col2rgb data density
  dev.off dist edgeNames egSymb hclust hist image install.packages is
  khier korg.1 ks.test layout legend lines make.graph median mtext
  nodes order.dendrogram p.adjust par pdf pgamma phyper plot.new pnorm
  points pt qchisq qnorm read.delim rect reorder rgb sd t.test text
  title write.table
Consider adding
  importFrom("grDevices", "col2rgb", "dev.off", "pdf", "rgb")
  importFrom("graphics", "abline", "axis", "hist", "image", "layout",
             "legend", "lines", "mtext", "par", "plot.new", "points",
             "rect", "text", "title")
  importFrom("methods", "as", "is")
  importFrom("stats", "aggregate", "as.dendrogram", "density", "dist",
             "hclust", "ks.test", "median", "order.dendrogram",
             "p.adjust", "pgamma", "phyper", "pnorm", "pt", "qchisq",
             "qnorm", "reorder", "sd", "t.test")
  importFrom("utils", "data", "install.packages", "read.delim",
             "write.table")
to your NAMESPACE file (and ensure that your DESCRIPTION Imports field
contains 'methods').
* checking Rd files ... OK
* checking Rd metadata ... OK
* checking Rd cross-references ... OK
* checking for missing documentation entries ... OK
* checking for code/documentation mismatches ... OK
* checking Rd \usage sections ... OK
* checking Rd contents ... OK
* checking for unstated dependencies in examples ... OK
* checking contents of ‘data’ directory ... OK
* checking data for non-ASCII characters ... OK
* checking data for ASCII and uncompressed saves ... OK
* checking files in ‘vignettes’ ... OK
* checking examples ... OK
Examples with CPU (user + system) or elapsed time > 5s
            user system elapsed
kegg.gsets 0.708  0.103   10.45
* checking for unstated dependencies in vignettes ... OK
* checking package vignettes in ‘inst/doc’ ... OK
* checking running R code from vignettes ... SKIPPED
* checking re-building of vignette outputs ... SKIPPED
* checking PDF version of manual ... OK
* DONE

Status: 1 WARNING, 1 NOTE
See
  ‘/home/biocbuild/bbs-3.16-bioc/meat/gage.Rcheck/00check.log’
for details.



Installation output

gage.Rcheck/00install.out

##############################################################################
##############################################################################
###
### Running command:
###
###   /home/biocbuild/bbs-3.16-bioc/R/bin/R CMD INSTALL gage
###
##############################################################################
##############################################################################


* installing to library ‘/home/biocbuild/bbs-3.16-bioc/R/library’
* installing *source* package ‘gage’ ...
** using staged installation
** R
** data
** inst
** byte-compile and prepare package for lazy loading
** help
*** installing help indices
** building package indices
** installing vignettes
** testing if installed package can be loaded from temporary location
** testing if installed package can be loaded from final location
** testing if installed package keeps a record of temporary installation path
* DONE (gage)

Tests output


Example timings

gage.Rcheck/gage-Ex.timings

nameusersystemelapsed
eg2sym0.9890.0121.001
egSymb0.9950.0591.055
essGene0.2230.0070.231
esset.grp0.9620.0481.010
gage1.3450.0281.373
gageComp0.7810.0080.790
gagePipe0.7500.0080.759
geneData0.2290.0080.237
go.gsets0.0010.0000.002
gs.tTest0.2400.0150.256
gse168730.3020.0050.306
heter.gage0.4500.0040.454
kegg.gs0.8130.0000.813
kegg.gsets 0.708 0.10310.450
readExpData0.0110.0000.012
readList0.1280.0040.132
sigGeneSet0.3990.0160.415