Back to Multiple platform build/check report for BioC 3.16:   simplified   long
ABCDEFGHIJKLMNOPQ[R]STUVWXYZ

This page was generated on 2023-03-24 11:06:51 -0400 (Fri, 24 Mar 2023).

HostnameOSArch (*)R versionInstalled pkgs
nebbiolo2Linux (Ubuntu 20.04.5 LTS)x86_644.2.3 (2023-03-15) -- "Shortstop Beagle" 4286
palomino4Windows Server 2022 Datacenterx644.2.3 (2023-03-15 ucrt) -- "Shortstop Beagle" 4276
lconwaymacOS 12.5.1 Montereyx86_644.2.3 (2023-03-15) -- "Shortstop Beagle" 4303
Click on any hostname to see more info about the system (e.g. compilers)      (*) as reported by 'uname -p', except on Windows and Mac OS X

CHECK results for RCyjs on lconway


To the developers/maintainers of the RCyjs package:
- Please allow up to 24 hours (and sometimes 48 hours) for your latest push to git@git.bioconductor.org:packages/RCyjs.git to
reflect on this report. See How and When does the builder pull? When will my changes propagate? for more information.
- Make sure to use the following settings in order to reproduce any error or warning you see on this page.

raw results

Package 1621/2183HostnameOS / ArchINSTALLBUILDCHECKBUILD BIN
RCyjs 2.20.0  (landing page)
Paul Shannon
Snapshot Date: 2023-03-22 14:00:04 -0400 (Wed, 22 Mar 2023)
git_url: https://git.bioconductor.org/packages/RCyjs
git_branch: RELEASE_3_16
git_last_commit: 78b2eb0
git_last_commit_date: 2022-11-01 11:11:32 -0400 (Tue, 01 Nov 2022)
nebbiolo2Linux (Ubuntu 20.04.5 LTS) / x86_64  OK    OK    WARNINGS  UNNEEDED, same version is already published
palomino4Windows Server 2022 Datacenter / x64  OK    OK    WARNINGS    OK  UNNEEDED, same version is already published
lconwaymacOS 12.5.1 Monterey / x86_64  OK    OK    WARNINGS    OK  UNNEEDED, same version is already published

Summary

Package: RCyjs
Version: 2.20.0
Command: /Library/Frameworks/R.framework/Resources/bin/R CMD check --install=check:RCyjs.install-out.txt --library=/Library/Frameworks/R.framework/Resources/library --no-vignettes --timings RCyjs_2.20.0.tar.gz
StartedAt: 2023-03-22 22:13:34 -0400 (Wed, 22 Mar 2023)
EndedAt: 2023-03-22 22:14:20 -0400 (Wed, 22 Mar 2023)
EllapsedTime: 45.4 seconds
RetCode: 0
Status:   WARNINGS  
CheckDir: RCyjs.Rcheck
Warnings: 1

Command output

##############################################################################
##############################################################################
###
### Running command:
###
###   /Library/Frameworks/R.framework/Resources/bin/R CMD check --install=check:RCyjs.install-out.txt --library=/Library/Frameworks/R.framework/Resources/library --no-vignettes --timings RCyjs_2.20.0.tar.gz
###
##############################################################################
##############################################################################


* using log directory ‘/Users/biocbuild/bbs-3.16-bioc/meat/RCyjs.Rcheck’
* using R version 4.2.3 (2023-03-15)
* using platform: x86_64-apple-darwin17.0 (64-bit)
* using session charset: UTF-8
* using option ‘--no-vignettes’
* checking for file ‘RCyjs/DESCRIPTION’ ... OK
* checking extension type ... Package
* this is package ‘RCyjs’ version ‘2.20.0’
* checking package namespace information ... OK
* checking package dependencies ... OK
* checking if this is a source package ... OK
* checking if there is a namespace ... OK
* checking for hidden files and directories ... OK
* checking for portable file names ... OK
* checking for sufficient/correct file permissions ... OK
* checking whether package ‘RCyjs’ can be installed ... OK
* checking installed package size ... OK
* checking package directory ... OK
* checking ‘build’ directory ... OK
* checking DESCRIPTION meta-information ... OK
* checking top-level files ... OK
* checking for left-over files ... OK
* checking index information ... OK
* checking package subdirectories ... OK
* checking R files for non-ASCII characters ... OK
* checking R files for syntax errors ... OK
* checking whether the package can be loaded ... OK
* checking whether the package can be loaded with stated dependencies ... OK
* checking whether the package can be unloaded cleanly ... OK
* checking whether the namespace can be loaded with stated dependencies ... OK
* checking whether the namespace can be unloaded cleanly ... OK
* checking dependencies in R code ... OK
* checking S3 generic/method consistency ... OK
* checking replacement functions ... OK
* checking foreign function calls ... OK
* checking R code for possible problems ... OK
* checking Rd files ... OK
* checking Rd metadata ... OK
* checking Rd cross-references ... OK
* checking for missing documentation entries ... OK
* checking for code/documentation mismatches ... OK
* checking Rd \usage sections ... WARNING
Undocumented arguments in documentation object 'hideNodes,RCyjs-method'
  ‘nodeIDs’

Undocumented arguments in documentation object 'readAndStandardizeJSONNetworkFile'
  ‘filename’
Documented arguments not in \usage in documentation object 'readAndStandardizeJSONNetworkFile':
  ‘file’

Undocumented arguments in documentation object 'readAndStandardizeJSONStyleFile'
  ‘filename’
Documented arguments not in \usage in documentation object 'readAndStandardizeJSONStyleFile':
  ‘file’

Undocumented arguments in documentation object 'showNodes,RCyjs-method'
  ‘nodeIDs’

Functions with \usage entries need to have the appropriate \alias
entries, and all their arguments documented.
The \usage entries must correspond to syntactically valid R code.
See chapter ‘Writing R documentation files’ in the ‘Writing R
Extensions’ manual.
* checking Rd contents ... OK
* checking for unstated dependencies in examples ... OK
* checking include directives in Makefiles ... OK
* checking files in ‘vignettes’ ... OK
* checking examples ... OK
* checking for unstated dependencies in ‘tests’ ... OK
* checking tests ...
  Running ‘runTests.R’
 OK
* checking for unstated dependencies in vignettes ... OK
* checking package vignettes in ‘inst/doc’ ... OK
* checking running R code from vignettes ... SKIPPED
* checking re-building of vignette outputs ... SKIPPED
* checking PDF version of manual ... OK
* DONE

Status: 1 WARNING
See
  ‘/Users/biocbuild/bbs-3.16-bioc/meat/RCyjs.Rcheck/00check.log’
for details.



Installation output

RCyjs.Rcheck/00install.out

##############################################################################
##############################################################################
###
### Running command:
###
###   /Library/Frameworks/R.framework/Resources/bin/R CMD INSTALL RCyjs
###
##############################################################################
##############################################################################


* installing to library ‘/Library/Frameworks/R.framework/Versions/4.2/Resources/library’
* installing *source* package ‘RCyjs’ ...
** using staged installation
** R
** inst
** byte-compile and prepare package for lazy loading
Creating a new generic function for ‘layout’ in package ‘RCyjs’
** help
*** installing help indices
** building package indices
** installing vignettes
** testing if installed package can be loaded from temporary location
** testing if installed package can be loaded from final location
** testing if installed package keeps a record of temporary installation path
* DONE (RCyjs)

Tests output

RCyjs.Rcheck/tests/runTests.Rout


R version 4.2.3 (2023-03-15) -- "Shortstop Beagle"
Copyright (C) 2023 The R Foundation for Statistical Computing
Platform: x86_64-apple-darwin17.0 (64-bit)

R is free software and comes with ABSOLUTELY NO WARRANTY.
You are welcome to redistribute it under certain conditions.
Type 'license()' or 'licence()' for distribution details.

R is a collaborative project with many contributors.
Type 'contributors()' for more information and
'citation()' on how to cite R or R packages in publications.

Type 'demo()' for some demos, 'help()' for on-line help, or
'help.start()' for an HTML browser interface to help.
Type 'q()' to quit R.

> # disabled: the bioc build system no longer supports browser use.
> # BiocGenerics:::testPackage("RCyjs")
> 
> proc.time()
   user  system elapsed 
  0.176   0.066   0.239 

Example timings

RCyjs.Rcheck/RCyjs-Ex.timings

nameusersystemelapsed
RCyjs-class0.0000.0000.001
addGraph000
addGraphFromFile0.0000.0010.000
clearSelection000
createTestGaph0.0050.0000.005
deleteGraph000
deleteSelectedNodes000
eda000
edaNames000
fit0.0000.0000.001
fitSelection0.0000.0000.001
getEdgeCount0.0000.0000.001
getJSON0.0000.0000.001
getLayoutStrategies0.0000.0000.001
getNodeCount000
getNodes000
getPosition0.0000.0010.000
getSelectedNodes000
getSupportedEdgeDecoratorShapes000
getSupportedNodeShapes000
getZoom000
graphNELtoJSON.string0.0000.0000.001
hAlign0.0000.0000.001
hideAllEdges0.0000.0000.001
hideEdges0.0000.0000.001
hideNodes0.0000.0000.001
hideSelectedNodes0.0000.0000.001
invertNodeSelection0.0010.0000.001
layout0.0000.0000.001
layoutSelectionInGrid0.0000.0000.001
layoutSelectionInGridInferAnchorm0.0000.0010.001
loadStyleFile0.0000.0000.001
noa0.0010.0010.001
noaNames000
redraw0.0010.0000.000
restoreLayout000
saveJPG0.0010.0000.001
saveLayout0.0000.0010.001
savePNG0.0000.0000.001
selectFirstNeighborsOfSelectedNodes0.0010.0000.001
selectNodes000
setBackgroundColor000
setDefaultEdgeColor0.0000.0010.000
setDefaultEdgeLineColor000
setDefaultEdgeLineStyle000
setDefaultEdgeSourceArrowColor000
setDefaultEdgeSourceArrowShape0.0000.0000.001
setDefaultEdgeTargetArrowColor0.0000.0010.001
setDefaultEdgeTargetArrowShape0.0000.0000.001
setDefaultEdgeWidth0.0000.0000.001
setDefaultNodeBorderColor000
setDefaultNodeBorderWidth000
setDefaultNodeColor000
setDefaultNodeFontColor000
setDefaultNodeFontSize0.0000.0010.000
setDefaultNodeHeight000
setDefaultNodeShape0.0000.0000.001
setDefaultNodeSize0.0000.0010.001
setDefaultNodeWidth000
setDefaultStyle000
setEdgeStyle000
setGraph0.0010.0000.001
setNodeAttributes000
setNodeBorderColor000
setNodeBorderWidth0.0000.0000.001
setNodeColor0.0000.0000.001
setNodeColorRule000
setNodeFontColor000
setNodeFontSize000
setNodeHeight000
setNodeLabelRule000
setNodeShape000
setNodeSize0.0000.0010.000
setNodeSizeRule0.0000.0000.001
setNodeWidth0.0000.0000.001
setPosition0.0000.0000.001
setZoom0.0000.0000.001
sfn0.0000.0010.001
showAll000
showEdges000
showNodes000
simpleDemoGraph0.0390.0010.039
vAlign0.0000.0000.001