Back to Build/check report for BioC 3.15 experimental data
ABCDEFGHIJKLMNOPQR[S]TUVWXYZ

This page was generated on 2022-06-30 14:50:10 -0400 (Thu, 30 Jun 2022).

HostnameOSArch (*)R versionInstalled pkgs
nebbiolo1Linux (Ubuntu 20.04.4 LTS)x86_644.2.0 (2022-04-22) -- "Vigorous Calisthenics" 4380
Click on any hostname to see more info about the system (e.g. compilers)      (*) as reported by 'uname -p', except on Windows and Mac OS X

CHECK results for SpikeInSubset on nebbiolo1


To the developers/maintainers of the SpikeInSubset package:
Make sure to use the following settings in order to reproduce any error or warning you see on this page.

raw results

Package 364/410HostnameOS / ArchINSTALLBUILDCHECK
SpikeInSubset 1.36.0  (landing page)
Rafael A. Irizarry
Snapshot Date: 2022-06-30 07:30:02 -0400 (Thu, 30 Jun 2022)
git_url: https://git.bioconductor.org/packages/SpikeInSubset
git_branch: RELEASE_3_15
git_last_commit: 827d613
git_last_commit_date: 2022-04-26 12:56:20 -0400 (Tue, 26 Apr 2022)
nebbiolo1Linux (Ubuntu 20.04.4 LTS) / x86_64  OK    OK    WARNINGS  UNNEEDED, same version is already published

Summary

Package: SpikeInSubset
Version: 1.36.0
Command: /home/biocbuild/bbs-3.15-bioc/R/bin/R CMD check --install=check:SpikeInSubset.install-out.txt --library=/home/biocbuild/bbs-3.15-bioc/R/library --no-vignettes --timings SpikeInSubset_1.36.0.tar.gz
StartedAt: 2022-06-30 11:46:13 -0400 (Thu, 30 Jun 2022)
EndedAt: 2022-06-30 11:47:30 -0400 (Thu, 30 Jun 2022)
EllapsedTime: 76.3 seconds
RetCode: 0
Status:   WARNINGS  
CheckDir: SpikeInSubset.Rcheck
Warnings: 3

Command output

##############################################################################
##############################################################################
###
### Running command:
###
###   /home/biocbuild/bbs-3.15-bioc/R/bin/R CMD check --install=check:SpikeInSubset.install-out.txt --library=/home/biocbuild/bbs-3.15-bioc/R/library --no-vignettes --timings SpikeInSubset_1.36.0.tar.gz
###
##############################################################################
##############################################################################


* using log directory ‘/home/biocbuild/bbs-3.15-data-experiment/meat/SpikeInSubset.Rcheck’
* using R version 4.2.0 (2022-04-22)
* using platform: x86_64-pc-linux-gnu (64-bit)
* using session charset: UTF-8
* using option ‘--no-vignettes’
* checking for file ‘SpikeInSubset/DESCRIPTION’ ... OK
* this is package ‘SpikeInSubset’ version ‘1.36.0’
* checking package namespace information ... OK
* checking package dependencies ... OK
* checking if this is a source package ... OK
* checking if there is a namespace ... OK
* checking for hidden files and directories ... OK
* checking for portable file names ... OK
* checking for sufficient/correct file permissions ... OK
* checking whether package ‘SpikeInSubset’ can be installed ... WARNING
Found the following significant warnings:
  Warning: xhyb.Rd: docType ‘instance’ is unrecognized
See ‘/home/biocbuild/bbs-3.15-data-experiment/meat/SpikeInSubset.Rcheck/00install.out’ for details.
* checking installed package size ... NOTE
  installed size is 18.6Mb
  sub-directories of 1Mb or more:
    data  18.5Mb
* checking package directory ... OK
* checking DESCRIPTION meta-information ... NOTE
Malformed Description field: should contain one or more complete sentences.
* checking top-level files ... OK
* checking for left-over files ... OK
* checking index information ... OK
* checking package subdirectories ... OK
* checking R files for non-ASCII characters ... OK
* checking R files for syntax errors ... OK
* checking whether the package can be loaded ... OK
* checking whether the package can be loaded with stated dependencies ... OK
* checking whether the package can be unloaded cleanly ... OK
* checking whether the namespace can be loaded with stated dependencies ... OK
* checking whether the namespace can be unloaded cleanly ... OK
* checking dependencies in R code ... NOTE
Packages in Depends field not imported from:
  ‘Biobase’ ‘affy’
  These packages need to be imported from (in the NAMESPACE file)
  for when this namespace is loaded but not attached.
* checking S3 generic/method consistency ... OK
* checking replacement functions ... OK
* checking foreign function calls ... OK
* checking R code for possible problems ... OK
* checking Rd files ... WARNING
prepare_Rd: xhyb.Rd: docType ‘instance’ is unrecognized
* checking Rd metadata ... OK
* checking Rd cross-references ... OK
* checking for missing documentation entries ... OK
* checking for code/documentation mismatches ... OK
* checking Rd \usage sections ... OK
* checking Rd contents ... OK
* checking for unstated dependencies in examples ... OK
* checking contents of ‘data’ directory ... OK
* checking data for non-ASCII characters ... OK
* checking data for ASCII and uncompressed saves ... WARNING
  
  Note: significantly better compression could be obtained
        by using R CMD build --resave-data
                           old_size new_size compress
  hgu133a.spikein.xhyb.rda     12Kb      2Kb     gzip
  mas133.rda                  2.2Mb    986Kb       xz
  mas95.rda                   1.3Mb    574Kb       xz
  rma133.rda                  2.2Mb    929Kb       xz
  rma95.rda                   1.3Mb    522Kb       xz
  spikein133.rda              7.3Mb    4.3Mb       xz
  spikein95.rda               6.1Mb    3.6Mb       xz
* checking examples ... NONE
* checking PDF version of manual ... OK
* DONE

Status: 3 WARNINGs, 3 NOTEs
See
  ‘/home/biocbuild/bbs-3.15-data-experiment/meat/SpikeInSubset.Rcheck/00check.log’
for details.



Installation output

SpikeInSubset.Rcheck/00install.out

##############################################################################
##############################################################################
###
### Running command:
###
###   /home/biocbuild/bbs-3.15-bioc/R/bin/R CMD INSTALL SpikeInSubset
###
##############################################################################
##############################################################################


* installing to library ‘/home/biocbuild/bbs-3.15-bioc/R/library’
* installing *source* package ‘SpikeInSubset’ ...
** using staged installation
** R
** data
** byte-compile and prepare package for lazy loading
** help
Warning: xhyb.Rd: docType ‘instance’ is unrecognized
*** installing help indices
** building package indices
** testing if installed package can be loaded from temporary location
** testing if installed package can be loaded from final location
** testing if installed package keeps a record of temporary installation path
* DONE (SpikeInSubset)

Tests output


Example timings