Back to Multiple platform build/check report for BioC 3.15
ABCDEFGHIJKLMNOP[Q]RSTUVWXYZ

This page was generated on 2022-08-08 13:19:48 -0400 (Mon, 08 Aug 2022).

HostnameOSArch (*)R versionInstalled pkgs
nebbiolo1Linux (Ubuntu 20.04.4 LTS)x86_644.2.1 (2022-06-23) -- "Funny-Looking Kid" 4362
merida1macOS 10.14.6 Mojavex86_644.2.1 (2022-06-23) -- "Funny-Looking Kid" 4180
Click on any hostname to see more info about the system (e.g. compilers)      (*) as reported by 'uname -p', except on Windows and Mac OS X

CHECK results for qsea on nebbiolo1


To the developers/maintainers of the qsea package:
- Please allow up to 24 hours (and sometimes 48 hours) for your latest push to git@git.bioconductor.org:packages/qsea.git to
reflect on this report. See How and When does the builder pull? When will my changes propagate? for more information.
- Make sure to use the following settings in order to reproduce any error or warning you see on this page.

raw results

Package 1542/2140HostnameOS / ArchINSTALLBUILDCHECKBUILD BIN
qsea 1.22.0  (landing page)
Matthias Lienhard
Snapshot Date: 2022-08-07 13:55:12 -0400 (Sun, 07 Aug 2022)
git_url: https://git.bioconductor.org/packages/qsea
git_branch: RELEASE_3_15
git_last_commit: 3fff61a
git_last_commit_date: 2022-04-26 11:33:15 -0400 (Tue, 26 Apr 2022)
nebbiolo1Linux (Ubuntu 20.04.4 LTS) / x86_64  OK    OK    WARNINGS  UNNEEDED, same version is already published
merida1macOS 10.14.6 Mojave / x86_64  OK    OK    WARNINGS    OK  UNNEEDED, same version is already published

Summary

Package: qsea
Version: 1.22.0
Command: /home/biocbuild/bbs-3.15-bioc/R/bin/R CMD check --install=check:qsea.install-out.txt --library=/home/biocbuild/bbs-3.15-bioc/R/library --no-vignettes --timings qsea_1.22.0.tar.gz
StartedAt: 2022-08-07 21:32:34 -0400 (Sun, 07 Aug 2022)
EndedAt: 2022-08-07 21:36:44 -0400 (Sun, 07 Aug 2022)
EllapsedTime: 250.6 seconds
RetCode: 0
Status:   WARNINGS  
CheckDir: qsea.Rcheck
Warnings: 2

Command output

##############################################################################
##############################################################################
###
### Running command:
###
###   /home/biocbuild/bbs-3.15-bioc/R/bin/R CMD check --install=check:qsea.install-out.txt --library=/home/biocbuild/bbs-3.15-bioc/R/library --no-vignettes --timings qsea_1.22.0.tar.gz
###
##############################################################################
##############################################################################


* using log directory ‘/home/biocbuild/bbs-3.15-bioc/meat/qsea.Rcheck’
* using R version 4.2.1 (2022-06-23)
* using platform: x86_64-pc-linux-gnu (64-bit)
* using session charset: UTF-8
* using option ‘--no-vignettes’
* checking for file ‘qsea/DESCRIPTION’ ... OK
* checking extension type ... Package
* this is package ‘qsea’ version ‘1.22.0’
* checking package namespace information ... OK
* checking package dependencies ... OK
* checking if this is a source package ... OK
* checking if there is a namespace ... OK
* checking for hidden files and directories ... OK
* checking for portable file names ... OK
* checking for sufficient/correct file permissions ... OK
* checking whether package ‘qsea’ can be installed ... OK
* checking installed package size ... OK
* checking package directory ... OK
* checking ‘build’ directory ... OK
* checking DESCRIPTION meta-information ... OK
* checking top-level files ... OK
* checking for left-over files ... OK
* checking index information ... OK
* checking package subdirectories ... OK
* checking R files for non-ASCII characters ... OK
* checking R files for syntax errors ... OK
* checking whether the package can be loaded ... OK
* checking whether the package can be loaded with stated dependencies ... OK
* checking whether the package can be unloaded cleanly ... OK
* checking whether the namespace can be loaded with stated dependencies ... OK
* checking whether the namespace can be unloaded cleanly ... OK
* checking dependencies in R code ... OK
* checking S3 generic/method consistency ... OK
* checking replacement functions ... OK
* checking foreign function calls ... OK
* checking R code for possible problems ... NOTE
subdivideRegions: no visible global function definition for ‘metadata’
Undefined global functions or variables:
  metadata
* checking Rd files ... OK
* checking Rd metadata ... OK
* checking Rd cross-references ... OK
* checking for missing documentation entries ... OK
* checking for code/documentation mismatches ... WARNING
Codoc mismatches from documentation object 'getPCA':
getPCA
  Code: function(qs, chr = getChrNames(qs), ROIs, minRowSum = 20, keep,
                 norm_method = normMethod(logRPM = c("log",
                 "library_size", "cnv", "preference", "psC10")), topVar
                 = 1000, samples = getSampleNames(qs), minEnrichment =
                 0)
  Docs: function(qs, chr = getChrNames(qs), ROIs, minRowSum = 20, keep,
                 norm_method = normMethod(logRPM = c("log",
                 "library_size", "cnv", "preference", "psC10")), topVar
                 = 1000, samples = getSampleNames(qs))
  Argument names in code not in docs:
    minEnrichment

* checking Rd \usage sections ... WARNING
Documented arguments not in \usage in documentation object 'getPCA':
  ‘minEnrichment’

Functions with \usage entries need to have the appropriate \alias
entries, and all their arguments documented.
The \usage entries must correspond to syntactically valid R code.
See chapter ‘Writing R documentation files’ in the ‘Writing R
Extensions’ manual.
* checking Rd contents ... OK
* checking for unstated dependencies in examples ... OK
* checking R/sysdata.rda ... OK
* checking line endings in C/C++/Fortran sources/headers ... OK
* checking compiled code ... NOTE
Note: information on .o files is not available
* checking files in ‘vignettes’ ... OK
* checking examples ... OK
Examples with CPU (user + system) or elapsed time > 5s
                    user system elapsed
addNewSamples     17.479  0.756  18.254
addPatternDensity  6.098  0.172   6.271
addCNV             5.809  0.261   6.109
* checking for unstated dependencies in ‘tests’ ... OK
* checking tests ...
  Running ‘testthat.R’
 OK
* checking for unstated dependencies in vignettes ... OK
* checking package vignettes in ‘inst/doc’ ... OK
* checking running R code from vignettes ... SKIPPED
* checking re-building of vignette outputs ... SKIPPED
* checking PDF version of manual ... OK
* DONE

Status: 2 WARNINGs, 2 NOTEs
See
  ‘/home/biocbuild/bbs-3.15-bioc/meat/qsea.Rcheck/00check.log’
for details.



Installation output

qsea.Rcheck/00install.out

##############################################################################
##############################################################################
###
### Running command:
###
###   /home/biocbuild/bbs-3.15-bioc/R/bin/R CMD INSTALL qsea
###
##############################################################################
##############################################################################


* installing to library ‘/home/biocbuild/bbs-3.15-bioc/R/library’
* installing *source* package ‘qsea’ ...
** using staged installation
** libs
gcc -I"/home/biocbuild/bbs-3.15-bioc/R/include" -DNDEBUG   -I/usr/local/include   -fpic  -g -O2  -Wall -c lm.c -o lm.o
gcc -shared -L/home/biocbuild/bbs-3.15-bioc/R/lib -L/usr/local/lib -o qsea.so lm.o -L/home/biocbuild/bbs-3.15-bioc/R/lib -lR
installing to /home/biocbuild/bbs-3.15-bioc/R/library/00LOCK-qsea/00new/qsea/libs
** R
** inst
** preparing package for lazy loading
** help
*** installing help indices
** building package indices
** installing vignettes
** testing if installed package can be loaded from temporary location
** checking absolute paths in shared objects and dynamic libraries
** testing if installed package can be loaded from final location
** testing if installed package keeps a record of temporary installation path
* DONE (qsea)

Tests output

qsea.Rcheck/tests/testthat.Rout


R version 4.2.1 (2022-06-23) -- "Funny-Looking Kid"
Copyright (C) 2022 The R Foundation for Statistical Computing
Platform: x86_64-pc-linux-gnu (64-bit)

R is free software and comes with ABSOLUTELY NO WARRANTY.
You are welcome to redistribute it under certain conditions.
Type 'license()' or 'licence()' for distribution details.

R is a collaborative project with many contributors.
Type 'contributors()' for more information and
'citation()' on how to cite R or R packages in publications.

Type 'demo()' for some demos, 'help()' for on-line help, or
'help.start()' for an HTML browser interface to help.
Type 'q()' to quit R.

> library(testthat)
> library(qsea)
> 
> test_check("qsea")
[ FAIL 0 | WARN 0 | SKIP 0 | PASS 3 ]
> 
> proc.time()
   user  system elapsed 
 11.770   0.478  12.235 

Example timings

qsea.Rcheck/qsea-Ex.timings

nameusersystemelapsed
addCNV5.8090.2616.109
addContrast1.2290.0081.238
addCoverage2.9750.0843.059
addEnrichmentParameters0.3370.0120.349
addLibraryFactors0.7910.0280.819
addNewSamples17.479 0.75618.254
addOffset0.2890.0000.288
addPatternDensity6.0980.1726.271
createQseaSet0.2120.0040.216
example0.1800.0000.181
fitNBglm0.6880.0030.690
getPCA0.6070.0010.608
isSignificant0.9180.0240.942
makeTable1.1390.0401.179
normMethod0.0000.0010.001
plotCNV0.2310.0020.233
plotCoverage0.570.000.57
plotEnrichmentProfile0.2910.0000.292
plotPCA0.4840.0000.484
qseaGLM-class0.0010.0000.001
qseaPCA-class0.0010.0000.000
qseaSet-class0.0000.0000.001
regionStats0.5140.0240.539