Back to Multiple platform build/check report for BioC 3.15
ABCDEFGHIJKL[M]NOPQRSTUVWXYZ

This page was generated on 2022-08-12 13:20:29 -0400 (Fri, 12 Aug 2022).

HostnameOSArch (*)R versionInstalled pkgs
nebbiolo1Linux (Ubuntu 20.04.4 LTS)x86_644.2.1 (2022-06-23) -- "Funny-Looking Kid" 4364
palomino3Windows Server 2022 Datacenterx644.2.1 (2022-06-23 ucrt) -- "Funny-Looking Kid" 4117
merida1macOS 10.14.6 Mojavex86_644.2.1 (2022-06-23) -- "Funny-Looking Kid" 4182
Click on any hostname to see more info about the system (e.g. compilers)      (*) as reported by 'uname -p', except on Windows and Mac OS X

CHECK results for methylKit on nebbiolo1


To the developers/maintainers of the methylKit package:
- Please allow up to 24 hours (and sometimes 48 hours) for your latest push to git@git.bioconductor.org:packages/methylKit.git to
reflect on this report. See How and When does the builder pull? When will my changes propagate? for more information.
- Make sure to use the following settings in order to reproduce any error or warning you see on this page.

raw results

Package 1152/2140HostnameOS / ArchINSTALLBUILDCHECKBUILD BIN
methylKit 1.22.0  (landing page)
Altuna Akalin , Alexander Gosdschan
Snapshot Date: 2022-08-11 13:55:06 -0400 (Thu, 11 Aug 2022)
git_url: https://git.bioconductor.org/packages/methylKit
git_branch: RELEASE_3_15
git_last_commit: 29b567d
git_last_commit_date: 2022-04-26 11:33:41 -0400 (Tue, 26 Apr 2022)
nebbiolo1Linux (Ubuntu 20.04.4 LTS) / x86_64  OK    OK    WARNINGS  UNNEEDED, same version is already published
palomino3Windows Server 2022 Datacenter / x64  OK    OK    WARNINGS    OK  UNNEEDED, same version is already published
merida1macOS 10.14.6 Mojave / x86_64  OK    OK    WARNINGS    OK  UNNEEDED, same version is already published

Summary

Package: methylKit
Version: 1.22.0
Command: /home/biocbuild/bbs-3.15-bioc/R/bin/R CMD check --install=check:methylKit.install-out.txt --library=/home/biocbuild/bbs-3.15-bioc/R/library --no-vignettes --timings methylKit_1.22.0.tar.gz
StartedAt: 2022-08-11 20:53:38 -0400 (Thu, 11 Aug 2022)
EndedAt: 2022-08-11 20:59:04 -0400 (Thu, 11 Aug 2022)
EllapsedTime: 325.9 seconds
RetCode: 0
Status:   WARNINGS  
CheckDir: methylKit.Rcheck
Warnings: 1

Command output

##############################################################################
##############################################################################
###
### Running command:
###
###   /home/biocbuild/bbs-3.15-bioc/R/bin/R CMD check --install=check:methylKit.install-out.txt --library=/home/biocbuild/bbs-3.15-bioc/R/library --no-vignettes --timings methylKit_1.22.0.tar.gz
###
##############################################################################
##############################################################################


* using log directory ‘/home/biocbuild/bbs-3.15-bioc/meat/methylKit.Rcheck’
* using R version 4.2.1 (2022-06-23)
* using platform: x86_64-pc-linux-gnu (64-bit)
* using session charset: UTF-8
* using option ‘--no-vignettes’
* checking for file ‘methylKit/DESCRIPTION’ ... OK
* checking extension type ... Package
* this is package ‘methylKit’ version ‘1.22.0’
* checking package namespace information ... OK
* checking package dependencies ... OK
* checking if this is a source package ... OK
* checking if there is a namespace ... OK
* checking for hidden files and directories ... OK
* checking for portable file names ... OK
* checking for sufficient/correct file permissions ... OK
* checking whether package ‘methylKit’ can be installed ... OK
* checking installed package size ... OK
* checking package directory ... OK
* checking ‘build’ directory ... OK
* checking DESCRIPTION meta-information ... OK
* checking top-level files ... OK
* checking for left-over files ... OK
* checking index information ... OK
* checking package subdirectories ... OK
* checking R files for non-ASCII characters ... OK
* checking R files for syntax errors ... OK
* checking whether the package can be loaded ... OK
* checking whether the package can be loaded with stated dependencies ... OK
* checking whether the package can be unloaded cleanly ... OK
* checking whether the namespace can be loaded with stated dependencies ... OK
* checking whether the namespace can be unloaded cleanly ... OK
* checking dependencies in R code ... NOTE
Namespace in Imports field not imported from: ‘KernSmooth’
  All declared Imports should be used.
* checking S3 generic/method consistency ... OK
* checking replacement functions ... OK
* checking foreign function calls ... OK
* checking R code for possible problems ... OK
* checking Rd files ... OK
* checking Rd metadata ... OK
* checking Rd cross-references ... OK
* checking for missing documentation entries ... OK
* checking for code/documentation mismatches ... OK
* checking Rd \usage sections ... WARNING
Undocumented arguments in documentation object 'methylRawList-class'
  ‘...’ ‘treatment’

Undocumented arguments in documentation object 'methylRawListDB-class'
  ‘...’ ‘treatment’

Functions with \usage entries need to have the appropriate \alias
entries, and all their arguments documented.
The \usage entries must correspond to syntactically valid R code.
See chapter ‘Writing R documentation files’ in the ‘Writing R
Extensions’ manual.
* checking Rd contents ... OK
* checking for unstated dependencies in examples ... OK
* checking contents of ‘data’ directory ... OK
* checking data for non-ASCII characters ... OK
* checking data for ASCII and uncompressed saves ... OK
* checking line endings in C/C++/Fortran sources/headers ... OK
* checking line endings in Makefiles ... OK
* checking compilation flags in Makevars ... OK
* checking for GNU extensions in Makefiles ... NOTE
GNU make is a SystemRequirements.
* checking for portable use of $(BLAS_LIBS) and $(LAPACK_LIBS) ... OK
* checking use of PKG_*FLAGS in Makefiles ... OK
* checking compiled code ... NOTE
Note: information on .o files is not available
File ‘/home/biocbuild/bbs-3.15-bioc/R/library/methylKit/libs/methylKit.so’:
  Found ‘__printf_chk’, possibly from ‘printf’ (C)
  Found ‘abort’, possibly from ‘abort’ (C)
  Found ‘exit’, possibly from ‘exit’ (C)
  Found ‘putchar’, possibly from ‘putchar’ (C)
  Found ‘puts’, possibly from ‘printf’ (C), ‘puts’ (C)
  Found ‘stderr’, possibly from ‘stderr’ (C)
  Found ‘stdout’, possibly from ‘stdout’ (C)

Compiled code should not call entry points which might terminate R nor
write to stdout/stderr instead of to the console, nor use Fortran I/O
nor system RNGs. The detected symbols are linked into the code but
might come from libraries and not actually be called.

See ‘Writing portable packages’ in the ‘Writing R Extensions’ manual.
* checking files in ‘vignettes’ ... OK
* checking examples ... OK
* checking for unstated dependencies in ‘tests’ ... OK
* checking tests ...
  Running ‘testthat.R’
 OK
* checking for unstated dependencies in vignettes ... OK
* checking package vignettes in ‘inst/doc’ ... OK
* checking running R code from vignettes ... SKIPPED
* checking re-building of vignette outputs ... SKIPPED
* checking PDF version of manual ... OK
* DONE

Status: 1 WARNING, 3 NOTEs
See
  ‘/home/biocbuild/bbs-3.15-bioc/meat/methylKit.Rcheck/00check.log’
for details.



Installation output

methylKit.Rcheck/00install.out

##############################################################################
##############################################################################
###
### Running command:
###
###   /home/biocbuild/bbs-3.15-bioc/R/bin/R CMD INSTALL methylKit
###
##############################################################################
##############################################################################


* installing to library ‘/home/biocbuild/bbs-3.15-bioc/R/library’
* installing *source* package ‘methylKit’ ...
** using staged installation
** libs
g++ -std=gnu++11 -I"/home/biocbuild/bbs-3.15-bioc/R/include" -DNDEBUG -D_FILE_OFFSET_BITS=64 -I'/home/biocbuild/bbs-3.15-bioc/R/library/Rcpp/include' -I'/home/biocbuild/bbs-3.15-bioc/R/library/Rhtslib/include' -I'/home/biocbuild/bbs-3.15-bioc/R/library/zlibbioc/include' -I/usr/local/include   -fpic  -g -O2  -Wall -c RcppExports.cpp -o RcppExports.o
g++ -std=gnu++11 -I"/home/biocbuild/bbs-3.15-bioc/R/include" -DNDEBUG -D_FILE_OFFSET_BITS=64 -I'/home/biocbuild/bbs-3.15-bioc/R/library/Rcpp/include' -I'/home/biocbuild/bbs-3.15-bioc/R/library/Rhtslib/include' -I'/home/biocbuild/bbs-3.15-bioc/R/library/zlibbioc/include' -I/usr/local/include   -fpic  -g -O2  -Wall -c methCall.cpp -o methCall.o
methCall.cpp: In function ‘int process_sam(std::istream*, std::string&, std::string&, std::string&, int&, int&, int&, int, int, size_t&)’:
methCall.cpp:687:39: warning: ‘CHGout’ may be used uninitialized in this function [-Wmaybe-uninitialized]
  687 |       if(CHGstatus){ processCHmethHash(CHGmethHash,CHGout,mincov);}
      |                      ~~~~~~~~~~~~~~~~~^~~~~~~~~~~~~~~~~~~~~~~~~~~
methCall.cpp:686:39: warning: ‘CHHout’ may be used uninitialized in this function [-Wmaybe-uninitialized]
  686 |       if(CHHstatus){ processCHmethHash(CHHmethHash,CHHout,mincov); }
      |                      ~~~~~~~~~~~~~~~~~^~~~~~~~~~~~~~~~~~~~~~~~~~~
methCall.cpp:685:39: warning: ‘out’ may be used uninitialized in this function [-Wmaybe-uninitialized]
  685 |       if(CpGstatus){ processCGmethHash(CGmethHash,out,mincov);}
      |                      ~~~~~~~~~~~~~~~~~^~~~~~~~~~~~~~~~~~~~~~~
methCall.cpp: In function ‘int process_bam(std::string&, std::string&, std::string&, std::string&, int&, int&, int&, int, size_t&)’:
methCall.cpp:1014:39: warning: ‘CHGout’ may be used uninitialized in this function [-Wmaybe-uninitialized]
 1014 |       if(CHGstatus){ processCHmethHash(CHGmethHash,CHGout,mincov);}
      |                      ~~~~~~~~~~~~~~~~~^~~~~~~~~~~~~~~~~~~~~~~~~~~
methCall.cpp:1013:39: warning: ‘CHHout’ may be used uninitialized in this function [-Wmaybe-uninitialized]
 1013 |       if(CHHstatus){ processCHmethHash(CHHmethHash,CHHout,mincov); }
      |                      ~~~~~~~~~~~~~~~~~^~~~~~~~~~~~~~~~~~~~~~~~~~~
methCall.cpp:1012:39: warning: ‘out’ may be used uninitialized in this function [-Wmaybe-uninitialized]
 1012 |       if(CpGstatus){ processCGmethHash(CGmethHash,out,mincov);}
      |                      ~~~~~~~~~~~~~~~~~^~~~~~~~~~~~~~~~~~~~~~~
methCall.cpp: In function ‘int process_single_bismark(std::istream*, std::string&, std::string&, std::string&, int&, int&, int&, size_t&)’:
methCall.cpp:1244:39: warning: ‘CHGout’ may be used uninitialized in this function [-Wmaybe-uninitialized]
 1244 |       if(CHGstatus){ processCHmethHash(CHGmethHash,CHGout,mincov);}
      |                      ~~~~~~~~~~~~~~~~~^~~~~~~~~~~~~~~~~~~~~~~~~~~
methCall.cpp:1243:39: warning: ‘CHHout’ may be used uninitialized in this function [-Wmaybe-uninitialized]
 1243 |       if(CHHstatus){ processCHmethHash(CHHmethHash,CHHout,mincov); }
      |                      ~~~~~~~~~~~~~~~~~^~~~~~~~~~~~~~~~~~~~~~~~~~~
methCall.cpp:1242:39: warning: ‘out’ may be used uninitialized in this function [-Wmaybe-uninitialized]
 1242 |       if(CpGstatus){ processCGmethHash(CGmethHash,out,mincov);}
      |                      ~~~~~~~~~~~~~~~~~^~~~~~~~~~~~~~~~~~~~~~~
g++ -std=gnu++11 -shared -L/home/biocbuild/bbs-3.15-bioc/R/lib -L/usr/local/lib -o methylKit.so RcppExports.o methCall.o /home/biocbuild/bbs-3.15-bioc/R/library/Rhtslib/usrlib/libhts.a -lcurl -L/home/biocbuild/bbs-3.15-bioc/R/lib -lR
installing to /home/biocbuild/bbs-3.15-bioc/R/library/00LOCK-methylKit/00new/methylKit/libs
** R
** data
** inst
** byte-compile and prepare package for lazy loading
** help
*** installing help indices
** building package indices
** installing vignettes
** testing if installed package can be loaded from temporary location
** checking absolute paths in shared objects and dynamic libraries
** testing if installed package can be loaded from final location
** testing if installed package keeps a record of temporary installation path
* DONE (methylKit)

Tests output

methylKit.Rcheck/tests/testthat.Rout


R version 4.2.1 (2022-06-23) -- "Funny-Looking Kid"
Copyright (C) 2022 The R Foundation for Statistical Computing
Platform: x86_64-pc-linux-gnu (64-bit)

R is free software and comes with ABSOLUTELY NO WARRANTY.
You are welcome to redistribute it under certain conditions.
Type 'license()' or 'licence()' for distribution details.

R is a collaborative project with many contributors.
Type 'contributors()' for more information and
'citation()' on how to cite R or R packages in publications.

Type 'demo()' for some demos, 'help()' for on-line help, or
'help.start()' for an HTML browser interface to help.
Type 'q()' to quit R.

> library(testthat)
> library(methylKit)
Loading required package: GenomicRanges
Loading required package: stats4
Loading required package: BiocGenerics

Attaching package: 'BiocGenerics'

The following objects are masked from 'package:stats':

    IQR, mad, sd, var, xtabs

The following objects are masked from 'package:base':

    Filter, Find, Map, Position, Reduce, anyDuplicated, append,
    as.data.frame, basename, cbind, colnames, dirname, do.call,
    duplicated, eval, evalq, get, grep, grepl, intersect, is.unsorted,
    lapply, mapply, match, mget, order, paste, pmax, pmax.int, pmin,
    pmin.int, rank, rbind, rownames, sapply, setdiff, sort, table,
    tapply, union, unique, unsplit, which.max, which.min

Loading required package: S4Vectors

Attaching package: 'S4Vectors'

The following objects are masked from 'package:base':

    I, expand.grid, unname

Loading required package: IRanges
Loading required package: GenomeInfoDb
> 
> 
> 
> test_check("methylKit")
Using internal DSS code... 
Using internal DSS code... 
[ FAIL 0 | WARN 0 | SKIP 0 | PASS 238 ]
> 
> proc.time()
   user  system elapsed 
 67.596   1.794  68.268 

Example timings

methylKit.Rcheck/methylKit-Ex.timings

nameusersystemelapsed
PCASamples-methods0.0220.0040.026
adjustMethylC0.1020.0240.106
assocComp-methods0.0190.0000.019
bedgraph-methods0.0220.0040.026
calculateDiffMeth-methods4.6260.1524.777
calculateDiffMethDSS-methods0.3780.0080.386
clusterSamples-methods0.0310.0000.032
dataSim-methods0.0170.0000.017
diffMethPerChr-methods0.0510.0000.042
extract-methods0.0280.0010.028
filterByCoverage-methods0.0770.0040.081
getAssembly-methods0.0050.0020.008
getContext-methods0.0090.0010.009
getCorrelation-methods0.0680.0040.054
getCoverageStats-methods0.0130.0000.013
getDBPath-methods0.0540.0070.044
getData-methods0.0160.0000.017
getMethylDiff-methods0.0090.0040.014
getMethylationStats-methods0.0180.0000.018
getSampleID-methods0.0050.0040.009
getTreatment-methods0.0090.0000.009
makeMethylDB-methods0.0010.0000.000
methRead-methods0.1900.0360.226
methSeg000
methylBase-class0.0160.0040.019
methylBaseDB-class0.0670.0090.060
methylDiff-class0.0190.0030.021
methylDiffDB-class1.6960.0001.695
methylRaw-class0.0490.0080.057
methylRawDB-class0.0780.0120.076
methylRawList-class0.0090.0000.009
methylRawListDB-class0.1060.0240.129
normalizeCoverage-methods0.1260.0080.134
percMethylation-methods0.0230.0000.023
pool-methods0.0150.0000.014
processBismarkAln-methods0.0450.0190.065
readMethylDB-methods0.0010.0000.001
reconstruct-methods0.0250.0120.037
regionCounts0.3190.0000.319
removeComp-methods0.0280.0000.028
reorganize-methods0.1650.0080.117
select-methods0.0930.0080.084
selectByOverlap-methods2.6090.0472.631
show-methods0.0280.0000.028
tileMethylCounts-methods0.5130.0040.476
unite-methods0.1610.0000.096