Back to Multiple platform build/check report for BioC 3.15 |
|
This page was generated on 2022-06-24 12:07:41 -0400 (Fri, 24 Jun 2022).
Hostname | OS | Arch (*) | R version | Installed pkgs |
---|---|---|---|---|
nebbiolo1 | Linux (Ubuntu 20.04.4 LTS) | x86_64 | 4.2.0 (2022-04-22) -- "Vigorous Calisthenics" | 4380 |
palomino3 | Windows Server 2022 Datacenter | x64 | 4.2.0 (2022-04-22 ucrt) -- "Vigorous Calisthenics" | 4156 |
merida1 | macOS 10.14.6 Mojave | x86_64 | 4.2.0 (2022-04-22) -- "Vigorous Calisthenics" | 4221 |
Click on any hostname to see more info about the system (e.g. compilers) (*) as reported by 'uname -p', except on Windows and Mac OS X |
To the developers/maintainers of the lumi package: - Please allow up to 24 hours (and sometimes 48 hours) for your latest push to git@git.bioconductor.org:packages/lumi.git to reflect on this report. See How and When does the builder pull? When will my changes propagate? for more information. - Make sure to use the following settings in order to reproduce any error or warning you see on this page. |
Package 1046/2140 | Hostname | OS / Arch | INSTALL | BUILD | CHECK | BUILD BIN | ||||||||
lumi 2.48.0 (landing page) Lei Huang
| nebbiolo1 | Linux (Ubuntu 20.04.4 LTS) / x86_64 | OK | OK | WARNINGS | ![]() | ||||||||
palomino3 | Windows Server 2022 Datacenter / x64 | OK | OK | WARNINGS | OK | ![]() | ||||||||
merida1 | macOS 10.14.6 Mojave / x86_64 | OK | OK | WARNINGS | OK | ![]() | ||||||||
Package: lumi |
Version: 2.48.0 |
Command: /Library/Frameworks/R.framework/Resources/bin/R CMD check --install=check:lumi.install-out.txt --library=/Library/Frameworks/R.framework/Resources/library --no-vignettes --timings lumi_2.48.0.tar.gz |
StartedAt: 2022-06-24 04:34:08 -0400 (Fri, 24 Jun 2022) |
EndedAt: 2022-06-24 04:47:22 -0400 (Fri, 24 Jun 2022) |
EllapsedTime: 794.8 seconds |
RetCode: 0 |
Status: WARNINGS |
CheckDir: lumi.Rcheck |
Warnings: 3 |
############################################################################## ############################################################################## ### ### Running command: ### ### /Library/Frameworks/R.framework/Resources/bin/R CMD check --install=check:lumi.install-out.txt --library=/Library/Frameworks/R.framework/Resources/library --no-vignettes --timings lumi_2.48.0.tar.gz ### ############################################################################## ############################################################################## * using log directory ‘/Users/biocbuild/bbs-3.15-bioc/meat/lumi.Rcheck’ * using R version 4.2.0 (2022-04-22) * using platform: x86_64-apple-darwin17.0 (64-bit) * using session charset: UTF-8 * using option ‘--no-vignettes’ * checking for file ‘lumi/DESCRIPTION’ ... OK * checking extension type ... Package * this is package ‘lumi’ version ‘2.48.0’ * checking package namespace information ... OK * checking package dependencies ... OK * checking if this is a source package ... OK * checking if there is a namespace ... OK * checking for hidden files and directories ... OK * checking for portable file names ... OK * checking for sufficient/correct file permissions ... OK * checking whether package ‘lumi’ can be installed ... OK * checking installed package size ... OK * checking package directory ... OK * checking DESCRIPTION meta-information ... OK * checking top-level files ... OK * checking for left-over files ... OK * checking index information ... OK * checking package subdirectories ... OK * checking R files for non-ASCII characters ... OK * checking R files for syntax errors ... OK * checking whether the package can be loaded ... OK * checking whether the package can be loaded with stated dependencies ... OK * checking whether the package can be unloaded cleanly ... OK * checking whether the namespace can be loaded with stated dependencies ... OK * checking whether the namespace can be unloaded cleanly ... OK * checking dependencies in R code ... WARNING '::' or ':::' imports not declared from: ‘IRanges’ ‘bigmemoryExtras’ * checking S3 generic/method consistency ... OK * checking replacement functions ... OK * checking foreign function calls ... OK * checking R code for possible problems ... OK * checking Rd files ... OK * checking Rd metadata ... OK * checking Rd cross-references ... WARNING Unknown package ‘bigmemoryExtras’ in Rd xrefs Missing link or links in documentation object 'lumiN.Rd': ‘[vsn]{vsn}’ See section 'Cross-references' in the 'Writing R Extensions' manual. * checking for missing documentation entries ... OK * checking for code/documentation mismatches ... OK * checking Rd \usage sections ... OK * checking Rd contents ... OK * checking for unstated dependencies in examples ... OK * checking contents of ‘data’ directory ... OK * checking data for non-ASCII characters ... OK * checking data for ASCII and uncompressed saves ... OK * checking files in ‘vignettes’ ... WARNING Files in the 'vignettes' directory but no files in 'inst/doc': ‘IlluminaAnnotation.R’, ‘IlluminaAnnotation.pdf’, ‘lumi.R’, ‘lumi.pdf’, ‘lumi_VST_evaluation.R’, ‘lumi_VST_evaluation.pdf’, ‘methylationAnalysis.R’, ‘methylationAnalysis.pdf’ Package has no Sweave vignette sources and no VignetteBuilder field. * checking examples ... OK Examples with CPU (user + system) or elapsed time > 5s user system elapsed lumiMethyStatus 89.563 8.073 101.030 getChipInfo 7.126 0.309 7.564 plotGammaFit 6.159 0.642 6.884 nuID2IlluminaID 6.513 0.046 6.904 gammaFitEM 5.172 0.533 5.824 MAplot-methods 5.337 0.075 5.458 methylationCall 5.073 0.334 5.689 probeID2nuID 5.185 0.031 5.350 targetID2nuID 5.081 0.027 5.326 nuID2targetID 5.023 0.024 5.113 nuID2probeID 4.935 0.021 5.077 * checking PDF version of manual ... OK * DONE Status: 3 WARNINGs See ‘/Users/biocbuild/bbs-3.15-bioc/meat/lumi.Rcheck/00check.log’ for details.
lumi.Rcheck/00install.out
############################################################################## ############################################################################## ### ### Running command: ### ### /Library/Frameworks/R.framework/Resources/bin/R CMD INSTALL lumi ### ############################################################################## ############################################################################## * installing to library ‘/Library/Frameworks/R.framework/Versions/4.2/Resources/library’ * installing *source* package ‘lumi’ ... ** using staged installation ** R ** data ** inst ** byte-compile and prepare package for lazy loading No methods found in package ‘RSQLite’ for request: ‘dbListFields’ when loading ‘lumi’ ** help *** installing help indices ** building package indices ** installing vignettes ** testing if installed package can be loaded from temporary location No methods found in package ‘RSQLite’ for request: ‘dbListFields’ when loading ‘lumi’ ** testing if installed package can be loaded from final location No methods found in package ‘RSQLite’ for request: ‘dbListFields’ when loading ‘lumi’ ** testing if installed package keeps a record of temporary installation path * DONE (lumi)
lumi.Rcheck/lumi-Ex.timings
name | user | system | elapsed | |
LumiBatch-class | 2.225 | 0.087 | 2.327 | |
MAplot-methods | 5.337 | 0.075 | 5.458 | |
addAnnotationInfo | 0.104 | 0.004 | 0.108 | |
addControlData2lumi | 0 | 0 | 0 | |
addNuID2lumi | 0 | 0 | 0 | |
adjColorBias.quantile | 2.172 | 0.106 | 2.293 | |
adjColorBias.ssn | 1.651 | 0.037 | 1.708 | |
bgAdjust | 0.125 | 0.002 | 0.127 | |
bgAdjustMethylation | 0.264 | 0.011 | 0.280 | |
boxplot-MethyLumiM-methods | 0.833 | 0.027 | 0.874 | |
boxplot-methods | 0.140 | 0.004 | 0.145 | |
boxplotColorBias | 0.206 | 0.009 | 0.220 | |
density-methods | 0.134 | 0.003 | 0.145 | |
detectOutlier | 0.138 | 0.004 | 0.144 | |
detectionCall | 0.256 | 0.014 | 0.275 | |
estimateBeta | 0.296 | 0.006 | 0.308 | |
estimateIntensity | 0.340 | 0.006 | 0.349 | |
estimateLumiCV | 0.145 | 0.003 | 0.151 | |
estimateM | 0.782 | 0.015 | 0.809 | |
estimateMethylationBG | 0.238 | 0.011 | 0.252 | |
example.lumi | 0.116 | 0.003 | 0.124 | |
example.lumiMethy | 0.101 | 0.003 | 0.104 | |
example.methyTitration | 0.271 | 0.007 | 0.283 | |
gammaFitEM | 5.172 | 0.533 | 5.824 | |
getChipInfo | 7.126 | 0.309 | 7.564 | |
getControlData | 0.002 | 0.000 | 0.002 | |
getControlProbe | 0.001 | 0.000 | 0.002 | |
getControlType | 0.001 | 0.000 | 0.002 | |
getNuIDMappingInfo | 1.642 | 0.074 | 1.760 | |
hist-methods | 0.171 | 0.004 | 0.176 | |
id2seq | 0.001 | 0.000 | 0.002 | |
inverseVST | 0.834 | 0.032 | 0.874 | |
is.nuID | 0.001 | 0.000 | 0.001 | |
lumiB | 0.137 | 0.003 | 0.142 | |
lumiExpresso | 0.354 | 0.009 | 0.365 | |
lumiMethyB | 0.109 | 0.003 | 0.112 | |
lumiMethyC | 1.546 | 0.103 | 1.673 | |
lumiMethyN | 0.139 | 0.003 | 0.142 | |
lumiMethyStatus | 89.563 | 8.073 | 101.030 | |
lumiN | 0.681 | 0.015 | 0.730 | |
lumiQ | 0.452 | 0.033 | 0.510 | |
lumiR | 0 | 0 | 0 | |
lumiR.batch | 0.000 | 0.001 | 0.000 | |
lumiT | 0.469 | 0.015 | 0.517 | |
methylationCall | 5.073 | 0.334 | 5.689 | |
normalizeMethylation.quantile | 0.280 | 0.015 | 0.311 | |
normalizeMethylation.ssn | 0.241 | 0.003 | 0.255 | |
nuID2EntrezID | 1.632 | 0.032 | 1.751 | |
nuID2IlluminaID | 6.513 | 0.046 | 6.904 | |
nuID2RefSeqID | 1.743 | 0.030 | 1.840 | |
nuID2probeID | 4.935 | 0.021 | 5.077 | |
nuID2targetID | 5.023 | 0.024 | 5.113 | |
pairs-methods | 1.199 | 0.043 | 1.251 | |
plot-methods | 2.540 | 0.041 | 2.618 | |
plotCDF | 0.197 | 0.007 | 0.206 | |
plotColorBias1D | 0.381 | 0.009 | 0.393 | |
plotColorBias2D | 0.260 | 0.006 | 0.268 | |
plotControlData | 0.002 | 0.000 | 0.002 | |
plotDensity | 0.175 | 0.004 | 0.180 | |
plotGammaFit | 6.159 | 0.642 | 6.884 | |
plotHousekeepingGene | 0.002 | 0.000 | 0.002 | |
plotSampleRelation | 1.143 | 0.005 | 1.154 | |
plotStringencyGene | 0.001 | 0.001 | 0.002 | |
plotVST | 0.459 | 0.014 | 0.480 | |
probeID2nuID | 5.185 | 0.031 | 5.350 | |
produceGEOPlatformFile | 0 | 0 | 0 | |
produceGEOSubmissionFile | 0 | 0 | 0 | |
produceMethylationGEOSubmissionFile | 0.000 | 0.000 | 0.001 | |
seq2id | 0.001 | 0.000 | 0.001 | |
targetID2nuID | 5.081 | 0.027 | 5.326 | |
vst | 0.386 | 0.007 | 0.415 | |