Back to Multiple platform build/check report for BioC 3.15
ABCDEFGHIJK[L]MNOPQRSTUVWXYZ

This page was generated on 2022-05-18 12:08:23 -0400 (Wed, 18 May 2022).

HostnameOSArch (*)R versionInstalled pkgs
nebbiolo1Linux (Ubuntu 20.04.4 LTS)x86_644.2.0 (2022-04-22) -- "Vigorous Calisthenics" 4379
palomino3Windows Server 2022 Datacenterx644.2.0 (2022-04-22 ucrt) -- "Vigorous Calisthenics" 4154
merida1macOS 10.14.6 Mojavex86_644.2.0 (2022-04-22) -- "Vigorous Calisthenics" 4220
Click on any hostname to see more info about the system (e.g. compilers)      (*) as reported by 'uname -p', except on Windows and Mac OS X

CHECK results for lmdme on merida1


To the developers/maintainers of the lmdme package:
- Please allow up to 24 hours (and sometimes 48 hours) for your latest push to git@git.bioconductor.org:packages/lmdme.git to
reflect on this report. See How and When does the builder pull? When will my changes propagate? for more information.
- Make sure to use the following settings in order to reproduce any error or warning you see on this page.

raw results

Package 1032/2140HostnameOS / ArchINSTALLBUILDCHECKBUILD BIN
lmdme 1.38.0  (landing page)
Cristobal Fresno
Snapshot Date: 2022-05-17 13:55:01 -0400 (Tue, 17 May 2022)
git_url: https://git.bioconductor.org/packages/lmdme
git_branch: RELEASE_3_15
git_last_commit: 80d7b3e
git_last_commit_date: 2022-04-26 11:11:54 -0400 (Tue, 26 Apr 2022)
nebbiolo1Linux (Ubuntu 20.04.4 LTS) / x86_64  OK    OK    WARNINGS  UNNEEDED, same version is already published
palomino3Windows Server 2022 Datacenter / x64  OK    OK    WARNINGS    OK  UNNEEDED, same version is already published
merida1macOS 10.14.6 Mojave / x86_64  OK    OK    WARNINGS    OK  UNNEEDED, same version is already published

Summary

Package: lmdme
Version: 1.38.0
Command: /Library/Frameworks/R.framework/Resources/bin/R CMD check --install=check:lmdme.install-out.txt --library=/Library/Frameworks/R.framework/Resources/library --no-vignettes --timings lmdme_1.38.0.tar.gz
StartedAt: 2022-05-18 03:50:59 -0400 (Wed, 18 May 2022)
EndedAt: 2022-05-18 03:52:29 -0400 (Wed, 18 May 2022)
EllapsedTime: 89.3 seconds
RetCode: 0
Status:   WARNINGS  
CheckDir: lmdme.Rcheck
Warnings: 1

Command output

##############################################################################
##############################################################################
###
### Running command:
###
###   /Library/Frameworks/R.framework/Resources/bin/R CMD check --install=check:lmdme.install-out.txt --library=/Library/Frameworks/R.framework/Resources/library --no-vignettes --timings lmdme_1.38.0.tar.gz
###
##############################################################################
##############################################################################


* using log directory ‘/Users/biocbuild/bbs-3.15-bioc/meat/lmdme.Rcheck’
* using R version 4.2.0 (2022-04-22)
* using platform: x86_64-apple-darwin17.0 (64-bit)
* using session charset: UTF-8
* using option ‘--no-vignettes’
* checking for file ‘lmdme/DESCRIPTION’ ... OK
* checking extension type ... Package
* this is package ‘lmdme’ version ‘1.38.0’
* checking package namespace information ... OK
* checking package dependencies ... OK
* checking if this is a source package ... OK
* checking if there is a namespace ... OK
* checking for hidden files and directories ... OK
* checking for portable file names ... OK
* checking for sufficient/correct file permissions ... OK
* checking whether package ‘lmdme’ can be installed ... OK
* checking installed package size ... OK
* checking package directory ... OK
* checking ‘build’ directory ... OK
* checking DESCRIPTION meta-information ... OK
* checking top-level files ... OK
* checking for left-over files ... OK
* checking index information ... OK
* checking package subdirectories ... OK
* checking R files for non-ASCII characters ... OK
* checking R files for syntax errors ... OK
* checking whether the package can be loaded ... OK
* checking whether the package can be loaded with stated dependencies ... OK
* checking whether the package can be unloaded cleanly ... OK
* checking whether the namespace can be loaded with stated dependencies ... OK
* checking whether the namespace can be unloaded cleanly ... OK
* checking dependencies in R code ... NOTE
'library' or 'require' call to ‘parallel’ in package code.
  Please use :: or requireNamespace() instead.
  See section 'Suggested packages' in the 'Writing R Extensions' manual.
* checking S3 generic/method consistency ... OK
* checking replacement functions ... OK
* checking foreign function calls ... OK
* checking R code for possible problems ... NOTE
biplot,lmdme : <anonymous>: no visible global function definition for
  ‘X11’
biplot,lmdme : <anonymous>: no visible global function definition for
  ‘par’
biplot,lmdme : <anonymous>: no visible global function definition for
  ‘abline’
decomposition,lmdme : <anonymous>: no visible global function
  definition for ‘prcomp’
decomposition,lmdme : <anonymous>: no visible global function
  definition for ‘model.matrix’
decomposition,lmdme : <anonymous>: no visible global function
  definition for ‘plsr’
fitted.values,lmdme : <anonymous>: no visible global function
  definition for ‘model.matrix’
fitted.values,lmdme : <anonymous>: no visible global function
  definition for ‘as.formula’
leverage,lmdme: no visible global function definition for ‘prcomp’
leverage,lmdme: no visible global function definition for ‘quantile’
lmdme,formula-ANY-data.frame : printnow: no visible global function
  definition for ‘flush.console’
lmdme,formula-ANY-data.frame: no visible global function definition for
  ‘terms’
lmdme,formula-ANY-data.frame: no visible binding for global variable
  ‘as.formula’
lmdme,formula-ANY-data.frame : <anonymous>: no visible global function
  definition for ‘model.matrix’
lmdme,formula-ANY-data.frame : <anonymous>: no visible global function
  definition for ‘as.formula’
lmdme,formula-ANY-data.frame : <anonymous>: no visible global function
  definition for ‘pt’
lmdme,formula-ANY-data.frame : <anonymous>: no visible global function
  definition for ‘pchisq’
lmdme,formula-ANY-data.frame : <anonymous>: no visible global function
  definition for ‘pf’
lmdme,formula-ANY-data.frame : <anonymous>: no visible global function
  definition for ‘terms’
loadingplot,lmdme: no visible global function definition for ‘loadings’
loadingplot,lmdme: no visible global function definition for ‘matplot’
loadingplot,lmdme: no visible global function definition for ‘box’
loadingplot,lmdme: no visible global function definition for ‘axis’
loadingplot,lmdme: no visible global function definition for ‘legend’
p.adjust,lmdme: no visible binding for global variable
  ‘p.adjust.methods’
permutation,formula-data.frame-data.frame : printnow: no visible global
  function definition for ‘flush.console’
permutation,formula-data.frame-data.frame: no visible binding for
  global variable ‘mclapply’
permutation,formula-data.frame-data.frame: no visible global function
  definition for ‘detectCores’
print,lmdme: no visible global function definition for ‘head’
print,lmdme: no visible global function definition for ‘pvalues’
print,lmdme: no visible binding for global variable ‘head’
screeplot,lmdme : <anonymous>: no visible global function definition
  for ‘X11’
screeplot,lmdme : <anonymous>: no visible global function definition
  for ‘par’
screeplot,lmdme : <anonymous>: no visible global function definition
  for ‘lines’
screeplot,lmdme: no visible global function definition for ‘legend’
show,lmdme: no visible global function definition for ‘head’
Undefined global functions or variables:
  X11 abline as.formula axis box detectCores flush.console head legend
  lines loadings matplot mclapply model.matrix p.adjust.methods par
  pchisq pf plsr prcomp pt pvalues quantile terms
Consider adding
  importFrom("grDevices", "X11")
  importFrom("graphics", "abline", "axis", "box", "legend", "lines",
             "matplot", "par")
  importFrom("stats", "as.formula", "loadings", "model.matrix",
             "p.adjust.methods", "pchisq", "pf", "prcomp", "pt",
             "quantile", "terms")
  importFrom("utils", "flush.console", "head")
to your NAMESPACE file.
* checking Rd files ... OK
* checking Rd metadata ... OK
* checking Rd cross-references ... OK
* checking for missing documentation entries ... OK
* checking for code/documentation mismatches ... OK
* checking Rd \usage sections ... WARNING
Documented arguments not in \usage in documentation object 'p.adjust':
  ‘...’

Functions with \usage entries need to have the appropriate \alias
entries, and all their arguments documented.
The \usage entries must correspond to syntactically valid R code.
See chapter ‘Writing R documentation files’ in the ‘Writing R
Extensions’ manual.
* checking Rd contents ... OK
* checking for unstated dependencies in examples ... OK
* checking sizes of PDF files under ‘inst/doc’ ... OK
* checking files in ‘vignettes’ ... OK
* checking examples ... OK
Examples with CPU (user + system) or elapsed time > 5s
                    user system elapsed
lmdme-printshow   10.558  1.664   3.796
lmdme-permutation  4.909  0.969   6.049
* checking for unstated dependencies in vignettes ... OK
* checking package vignettes in ‘inst/doc’ ... OK
* checking running R code from vignettes ... SKIPPED
* checking re-building of vignette outputs ... SKIPPED
* checking PDF version of manual ... OK
* DONE

Status: 1 WARNING, 2 NOTEs
See
  ‘/Users/biocbuild/bbs-3.15-bioc/meat/lmdme.Rcheck/00check.log’
for details.



Installation output

lmdme.Rcheck/00install.out

##############################################################################
##############################################################################
###
### Running command:
###
###   /Library/Frameworks/R.framework/Resources/bin/R CMD INSTALL lmdme
###
##############################################################################
##############################################################################


* installing to library ‘/Library/Frameworks/R.framework/Versions/4.2/Resources/library’
* installing *source* package ‘lmdme’ ...
** using staged installation
** R
** inst
** byte-compile and prepare package for lazy loading
Creating a new generic function for ‘p.adjust’ in package ‘lmdme’
** help
*** installing help indices
** building package indices
** installing vignettes
** testing if installed package can be loaded from temporary location
** testing if installed package can be loaded from final location
** testing if installed package keeps a record of temporary installation path
* DONE (lmdme)

Tests output


Example timings

lmdme.Rcheck/lmdme-Ex.timings

nameusersystemelapsed
lmdme-biplot4.0050.3614.375
lmdme-decomposition3.5600.1873.752
lmdme-getters3.9120.1394.057
lmdme-leverage4.1310.1674.306
lmdme-lmdme3.5490.1333.689
lmdme-loadingplot3.5590.1633.730
lmdme-padjust3.6930.1663.866
lmdme-permutation4.9090.9696.049
lmdme-printshow10.558 1.664 3.796
lmdme-screeplot3.6300.1713.810