Back to Multiple platform build/check report for BioC 3.15
AB[C]DEFGHIJKLMNOPQRSTUVWXYZ

This page was generated on 2022-05-20 12:05:09 -0400 (Fri, 20 May 2022).

HostnameOSArch (*)R versionInstalled pkgs
nebbiolo1Linux (Ubuntu 20.04.4 LTS)x86_644.2.0 (2022-04-22) -- "Vigorous Calisthenics" 4380
palomino3Windows Server 2022 Datacenterx644.2.0 (2022-04-22 ucrt) -- "Vigorous Calisthenics" 4155
merida1macOS 10.14.6 Mojavex86_644.2.0 (2022-04-22) -- "Vigorous Calisthenics" 4221
Click on any hostname to see more info about the system (e.g. compilers)      (*) as reported by 'uname -p', except on Windows and Mac OS X

CHECK results for conclus on nebbiolo1


To the developers/maintainers of the conclus package:
- Please allow up to 24 hours (and sometimes 48 hours) for your latest push to git@git.bioconductor.org:packages/conclus.git to
reflect on this report. See How and When does the builder pull? When will my changes propagate? for more information.
- Make sure to use the following settings in order to reproduce any error or warning you see on this page.

raw results

Package 395/2140HostnameOS / ArchINSTALLBUILDCHECKBUILD BIN
conclus 1.4.0  (landing page)
Ilyess Rachedi
Snapshot Date: 2022-05-19 13:55:15 -0400 (Thu, 19 May 2022)
git_url: https://git.bioconductor.org/packages/conclus
git_branch: RELEASE_3_15
git_last_commit: 396fe44
git_last_commit_date: 2022-04-26 12:14:35 -0400 (Tue, 26 Apr 2022)
nebbiolo1Linux (Ubuntu 20.04.4 LTS) / x86_64  OK    OK    ERROR  
palomino3Windows Server 2022 Datacenter / x64  OK    OK    ERROR    OK  
merida1macOS 10.14.6 Mojave / x86_64  OK    OK    ERROR    OK  

Summary

Package: conclus
Version: 1.4.0
Command: /home/biocbuild/bbs-3.15-bioc/R/bin/R CMD check --install=check:conclus.install-out.txt --library=/home/biocbuild/bbs-3.15-bioc/R/library --no-vignettes --timings conclus_1.4.0.tar.gz
StartedAt: 2022-05-19 18:58:06 -0400 (Thu, 19 May 2022)
EndedAt: 2022-05-19 18:58:12 -0400 (Thu, 19 May 2022)
EllapsedTime: 5.7 seconds
RetCode: 1
Status:   ERROR  
CheckDir: conclus.Rcheck
Warnings: NA

Command output

##############################################################################
##############################################################################
###
### Running command:
###
###   /home/biocbuild/bbs-3.15-bioc/R/bin/R CMD check --install=check:conclus.install-out.txt --library=/home/biocbuild/bbs-3.15-bioc/R/library --no-vignettes --timings conclus_1.4.0.tar.gz
###
##############################################################################
##############################################################################


* using log directory ‘/home/biocbuild/bbs-3.15-bioc/meat/conclus.Rcheck’
* using R version 4.2.0 (2022-04-22)
* using platform: x86_64-pc-linux-gnu (64-bit)
* using session charset: UTF-8
* using option ‘--no-vignettes’
* checking for file ‘conclus/DESCRIPTION’ ... OK
* this is package ‘conclus’ version ‘1.4.0’
* package encoding: UTF-8
* checking package namespace information ... OK
* checking package dependencies ... ERROR
Namespace dependency missing from DESCRIPTION Imports/Depends entries: ‘DT’

See section ‘The DESCRIPTION file’ in the ‘Writing R Extensions’
manual.
* DONE

Status: 1 ERROR
See
  ‘/home/biocbuild/bbs-3.15-bioc/meat/conclus.Rcheck/00check.log’
for details.


Installation output


Tests output


Example timings