Back to Multiple platform build/check report for BioC 3.15
AB[C]DEFGHIJKLMNOPQRSTUVWXYZ

This page was generated on 2022-05-25 12:06:16 -0400 (Wed, 25 May 2022).

HostnameOSArch (*)R versionInstalled pkgs
nebbiolo1Linux (Ubuntu 20.04.4 LTS)x86_644.2.0 (2022-04-22) -- "Vigorous Calisthenics" 4380
palomino3Windows Server 2022 Datacenterx644.2.0 (2022-04-22 ucrt) -- "Vigorous Calisthenics" 4155
merida1macOS 10.14.6 Mojavex86_644.2.0 (2022-04-22) -- "Vigorous Calisthenics" 4221
Click on any hostname to see more info about the system (e.g. compilers)      (*) as reported by 'uname -p', except on Windows and Mac OS X

CHECK results for casper on palomino3


To the developers/maintainers of the casper package:
- Please allow up to 24 hours (and sometimes 48 hours) for your latest push to git@git.bioconductor.org:packages/casper.git to
reflect on this report. See How and When does the builder pull? When will my changes propagate? for more information.
- Make sure to use the following settings in order to reproduce any error or warning you see on this page.

raw results

Package 254/2140HostnameOS / ArchINSTALLBUILDCHECKBUILD BIN
casper 2.30.0  (landing page)
David Rossell
Snapshot Date: 2022-05-24 13:55:11 -0400 (Tue, 24 May 2022)
git_url: https://git.bioconductor.org/packages/casper
git_branch: RELEASE_3_15
git_last_commit: 140c9ad
git_last_commit_date: 2022-04-26 11:13:19 -0400 (Tue, 26 Apr 2022)
nebbiolo1Linux (Ubuntu 20.04.4 LTS) / x86_64  OK    OK    WARNINGS  UNNEEDED, same version is already published
palomino3Windows Server 2022 Datacenter / x64  OK    OK    WARNINGS    OK  UNNEEDED, same version is already published
merida1macOS 10.14.6 Mojave / x86_64  OK    OK    WARNINGS    OK  UNNEEDED, same version is already published

Summary

Package: casper
Version: 2.30.0
Command: F:\biocbuild\bbs-3.15-bioc\R\bin\R.exe CMD check --no-multiarch --install=check:casper.install-out.txt --library=F:\biocbuild\bbs-3.15-bioc\R\library --no-vignettes --timings casper_2.30.0.tar.gz
StartedAt: 2022-05-24 22:24:25 -0400 (Tue, 24 May 2022)
EndedAt: 2022-05-24 22:30:12 -0400 (Tue, 24 May 2022)
EllapsedTime: 347.4 seconds
RetCode: 0
Status:   WARNINGS  
CheckDir: casper.Rcheck
Warnings: 1

Command output

##############################################################################
##############################################################################
###
### Running command:
###
###   F:\biocbuild\bbs-3.15-bioc\R\bin\R.exe CMD check --no-multiarch --install=check:casper.install-out.txt --library=F:\biocbuild\bbs-3.15-bioc\R\library --no-vignettes --timings casper_2.30.0.tar.gz
###
##############################################################################
##############################################################################


* using log directory 'F:/biocbuild/bbs-3.15-bioc/meat/casper.Rcheck'
* using R version 4.2.0 (2022-04-22 ucrt)
* using platform: x86_64-w64-mingw32 (64-bit)
* using session charset: UTF-8
* using option '--no-vignettes'
* checking for file 'casper/DESCRIPTION' ... OK
* this is package 'casper' version '2.30.0'
* checking package namespace information ... OK
* checking package dependencies ... OK
* checking if this is a source package ... OK
* checking if there is a namespace ... OK
* checking for hidden files and directories ... OK
* checking for portable file names ... OK
* checking whether package 'casper' can be installed ... WARNING
Found the following significant warnings:
  model.cpp:147:10: warning: 'sprintf' argument 3 overlaps destination object '<unknown>' [-Wrestrict]
  variant.cpp:164:45: warning: 'sprintf' argument 3 overlaps destination object 'str' [-Wrestrict]
See 'F:/biocbuild/bbs-3.15-bioc/meat/casper.Rcheck/00install.out' for details.
* checking installed package size ... OK
* checking package directory ... OK
* checking 'build' directory ... OK
* checking DESCRIPTION meta-information ... OK
* checking top-level files ... OK
* checking for left-over files ... OK
* checking index information ... OK
* checking package subdirectories ... OK
* checking R files for non-ASCII characters ... OK
* checking R files for syntax errors ... OK
* checking whether the package can be loaded ... OK
* checking whether the package can be loaded with stated dependencies ... OK
* checking whether the package can be unloaded cleanly ... OK
* checking whether the namespace can be loaded with stated dependencies ... OK
* checking whether the namespace can be unloaded cleanly ... OK
* checking dependencies in R code ... OK
* checking S3 generic/method consistency ... OK
* checking replacement functions ... OK
* checking foreign function calls ... OK
* checking R code for possible problems ... OK
* checking Rd files ... OK
* checking Rd metadata ... OK
* checking Rd cross-references ... OK
* checking for missing documentation entries ... OK
* checking for code/documentation mismatches ... OK
* checking Rd \usage sections ... OK
* checking Rd contents ... OK
* checking for unstated dependencies in examples ... OK
* checking contents of 'data' directory ... OK
* checking data for non-ASCII characters ... OK
* checking data for ASCII and uncompressed saves ... OK
* checking line endings in C/C++/Fortran sources/headers ... OK
* checking compiled code ... OK
* checking sizes of PDF files under 'inst/doc' ... OK
* checking installed files from 'inst/doc' ... OK
* checking files in 'vignettes' ... OK
* checking examples ... OK
Examples with CPU (user + system) or elapsed time > 5s
           user system elapsed
calcExp    3.91   0.34    5.45
denovoExpr 3.76   0.38    5.70
* checking for unstated dependencies in vignettes ... OK
* checking package vignettes in 'inst/doc' ... OK
* checking running R code from vignettes ... SKIPPED
* checking re-building of vignette outputs ... SKIPPED
* checking PDF version of manual ... OK
* DONE

Status: 1 WARNING
See
  'F:/biocbuild/bbs-3.15-bioc/meat/casper.Rcheck/00check.log'
for details.



Installation output

casper.Rcheck/00install.out

##############################################################################
##############################################################################
###
### Running command:
###
###   F:\biocbuild\bbs-3.15-bioc\R\bin\R.exe CMD INSTALL casper
###
##############################################################################
##############################################################################


* installing to library 'F:/biocbuild/bbs-3.15-bioc/R/library'
* installing *source* package 'casper' ...
** using staged installation
** libs
g++ -std=gnu++11  -I"F:/biocbuild/bbs-3.15-bioc/R/include" -DNDEBUG     -I"C:/rtools42/x86_64-w64-mingw32.static.posix/include"     -O2 -Wall  -mfpmath=sse -msse2 -mstackrealign  -c casper.cpp -o casper.o
g++ -std=gnu++11  -I"F:/biocbuild/bbs-3.15-bioc/R/include" -DNDEBUG     -I"C:/rtools42/x86_64-w64-mingw32.static.posix/include"     -O2 -Wall  -mfpmath=sse -msse2 -mstackrealign  -c cstat.cpp -o cstat.o
g++ -std=gnu++11  -I"F:/biocbuild/bbs-3.15-bioc/R/include" -DNDEBUG     -I"C:/rtools42/x86_64-w64-mingw32.static.posix/include"     -O2 -Wall  -mfpmath=sse -msse2 -mstackrealign  -c dataframe.cpp -o dataframe.o
g++ -std=gnu++11  -I"F:/biocbuild/bbs-3.15-bioc/R/include" -DNDEBUG     -I"C:/rtools42/x86_64-w64-mingw32.static.posix/include"     -O2 -Wall  -mfpmath=sse -msse2 -mstackrealign  -c discretedf.cpp -o discretedf.o
g++ -std=gnu++11  -I"F:/biocbuild/bbs-3.15-bioc/R/include" -DNDEBUG     -I"C:/rtools42/x86_64-w64-mingw32.static.posix/include"     -O2 -Wall  -mfpmath=sse -msse2 -mstackrealign  -c dropVariant.cpp -o dropVariant.o
g++ -std=gnu++11  -I"F:/biocbuild/bbs-3.15-bioc/R/include" -DNDEBUG     -I"C:/rtools42/x86_64-w64-mingw32.static.posix/include"     -O2 -Wall  -mfpmath=sse -msse2 -mstackrealign  -c exon.cpp -o exon.o
gcc  -I"F:/biocbuild/bbs-3.15-bioc/R/include" -DNDEBUG     -I"C:/rtools42/x86_64-w64-mingw32.static.posix/include"     -O2 -Wall  -std=gnu99 -mfpmath=sse -msse2 -mstackrealign  -c fragFunc.c -o fragFunc.o
g++ -std=gnu++11  -I"F:/biocbuild/bbs-3.15-bioc/R/include" -DNDEBUG     -I"C:/rtools42/x86_64-w64-mingw32.static.posix/include"     -O2 -Wall  -mfpmath=sse -msse2 -mstackrealign  -c fragment.cpp -o fragment.o
gcc  -I"F:/biocbuild/bbs-3.15-bioc/R/include" -DNDEBUG     -I"C:/rtools42/x86_64-w64-mingw32.static.posix/include"     -O2 -Wall  -std=gnu99 -mfpmath=sse -msse2 -mstackrealign  -c functions.c -o functions.o
gcc  -I"F:/biocbuild/bbs-3.15-bioc/R/include" -DNDEBUG     -I"C:/rtools42/x86_64-w64-mingw32.static.posix/include"     -O2 -Wall  -std=gnu99 -mfpmath=sse -msse2 -mstackrealign  -c hash.c -o hash.o
gcc  -I"F:/biocbuild/bbs-3.15-bioc/R/include" -DNDEBUG     -I"C:/rtools42/x86_64-w64-mingw32.static.posix/include"     -O2 -Wall  -std=gnu99 -mfpmath=sse -msse2 -mstackrealign  -c join_exons.c -o join_exons.o
gcc  -I"F:/biocbuild/bbs-3.15-bioc/R/include" -DNDEBUG     -I"C:/rtools42/x86_64-w64-mingw32.static.posix/include"     -O2 -Wall  -std=gnu99 -mfpmath=sse -msse2 -mstackrealign  -c makeIslands.c -o makeIslands.o
g++ -std=gnu++11  -I"F:/biocbuild/bbs-3.15-bioc/R/include" -DNDEBUG     -I"C:/rtools42/x86_64-w64-mingw32.static.posix/include"     -O2 -Wall  -mfpmath=sse -msse2 -mstackrealign  -c model.cpp -o model.o
model.cpp: In member function 'char* Model::toString()':
model.cpp:147:10: warning: 'sprintf' argument 3 overlaps destination object '<unknown>' [-Wrestrict]
  147 |   sprintf(str, "%s {%s}", str, vstr);
      |   ~~~~~~~^~~~~~~~~~~~~~~~~~~~~~~~~~~
g++ -std=gnu++11  -I"F:/biocbuild/bbs-3.15-bioc/R/include" -DNDEBUG     -I"C:/rtools42/x86_64-w64-mingw32.static.posix/include"     -O2 -Wall  -mfpmath=sse -msse2 -mstackrealign  -c model_cmp.cpp -o model_cmp.o
gcc  -I"F:/biocbuild/bbs-3.15-bioc/R/include" -DNDEBUG     -I"C:/rtools42/x86_64-w64-mingw32.static.posix/include"     -O2 -Wall  -std=gnu99 -mfpmath=sse -msse2 -mstackrealign  -c pathCounts.c -o pathCounts.o
gcc  -I"F:/biocbuild/bbs-3.15-bioc/R/include" -DNDEBUG     -I"C:/rtools42/x86_64-w64-mingw32.static.posix/include"     -O2 -Wall  -std=gnu99 -mfpmath=sse -msse2 -mstackrealign  -c procBam.c -o procBam.o
g++ -std=gnu++11  -I"F:/biocbuild/bbs-3.15-bioc/R/include" -DNDEBUG     -I"C:/rtools42/x86_64-w64-mingw32.static.posix/include"     -O2 -Wall  -mfpmath=sse -msse2 -mstackrealign  -c rcasper.cpp -o rcasper.o
g++ -std=gnu++11  -I"F:/biocbuild/bbs-3.15-bioc/R/include" -DNDEBUG     -I"C:/rtools42/x86_64-w64-mingw32.static.posix/include"     -O2 -Wall  -mfpmath=sse -msse2 -mstackrealign  -c seppel.cpp -o seppel.o
gcc  -I"F:/biocbuild/bbs-3.15-bioc/R/include" -DNDEBUG     -I"C:/rtools42/x86_64-w64-mingw32.static.posix/include"     -O2 -Wall  -std=gnu99 -mfpmath=sse -msse2 -mstackrealign  -c simReads.c -o simReads.o
gcc  -I"F:/biocbuild/bbs-3.15-bioc/R/include" -DNDEBUG     -I"C:/rtools42/x86_64-w64-mingw32.static.posix/include"     -O2 -Wall  -std=gnu99 -mfpmath=sse -msse2 -mstackrealign  -c simReadsfunc.c -o simReadsfunc.o
g++ -std=gnu++11  -I"F:/biocbuild/bbs-3.15-bioc/R/include" -DNDEBUG     -I"C:/rtools42/x86_64-w64-mingw32.static.posix/include"     -O2 -Wall  -mfpmath=sse -msse2 -mstackrealign  -c smartmodeldist.cpp -o smartmodeldist.o
gcc  -I"F:/biocbuild/bbs-3.15-bioc/R/include" -DNDEBUG     -I"C:/rtools42/x86_64-w64-mingw32.static.posix/include"     -O2 -Wall  -std=gnu99 -mfpmath=sse -msse2 -mstackrealign  -c uniqQname.c -o uniqQname.o
g++ -std=gnu++11  -I"F:/biocbuild/bbs-3.15-bioc/R/include" -DNDEBUG     -I"C:/rtools42/x86_64-w64-mingw32.static.posix/include"     -O2 -Wall  -mfpmath=sse -msse2 -mstackrealign  -c variant.cpp -o variant.o
variant.cpp: In member function 'void Variant::toString(char*)':
variant.cpp:164:45: warning: 'sprintf' argument 3 overlaps destination object 'str' [-Wrestrict]
  164 |  for (int e = 0; e < exonCount; e++) sprintf(str, "%s,%i", str, exons[e]->id);
      |                                      ~~~~~~~^~~~~~~~~~~~~~~~~~~~~~~~~~~~~~~~~
variant.cpp:156:30: note: destination object referenced by 'restrict'-qualified argument 1 was declared here
  156 | void Variant::toString(char *str)
      |                        ~~~~~~^~~
g++ -std=gnu++11  -I"F:/biocbuild/bbs-3.15-bioc/R/include" -DNDEBUG     -I"C:/rtools42/x86_64-w64-mingw32.static.posix/include"     -O2 -Wall  -mfpmath=sse -msse2 -mstackrealign  -c variant_cmp.cpp -o variant_cmp.o
g++ -std=gnu++11 -shared -s -static-libgcc -o casper.dll tmp.def casper.o cstat.o dataframe.o discretedf.o dropVariant.o exon.o fragFunc.o fragment.o functions.o hash.o join_exons.o makeIslands.o model.o model_cmp.o pathCounts.o procBam.o rcasper.o seppel.o simReads.o simReadsfunc.o smartmodeldist.o uniqQname.o variant.o variant_cmp.o -LC:/rtools42/x86_64-w64-mingw32.static.posix/lib/x64 -LC:/rtools42/x86_64-w64-mingw32.static.posix/lib -LF:/biocbuild/bbs-3.15-bioc/R/bin/x64 -lR
installing to F:/biocbuild/bbs-3.15-bioc/R/library/00LOCK-casper/00new/casper/libs/x64
** R
** data
** inst
** byte-compile and prepare package for lazy loading
Creating a new generic function for 'transcripts' in package 'casper'
** help
*** installing help indices
** building package indices
** installing vignettes
** testing if installed package can be loaded from temporary location
** testing if installed package can be loaded from final location
** testing if installed package keeps a record of temporary installation path
* DONE (casper)

Tests output


Example timings

casper.Rcheck/casper-Ex.timings

nameusersystemelapsed
K562.r1l10.300.100.39
annotatedGenome-class000
asymmetryCheck0.020.000.02
calcDenovo000
calcExp3.910.345.45
denovoExpr3.760.385.70
denovoGeneExpr-class000
denovoGenomeExpr-class000
distrsGSE377040.170.010.19
genePlot0.450.000.45
getDistrs0.630.110.73
getIsland0.170.000.17
getNreads000
getReads000
getRoc000
hg19DB0.140.020.16
mergeBatches0.170.000.17
mergeExp000
modelPrior0.420.010.49
modelPriorAS-class000
pathCounts-class000
pathCounts000
plot-methods000
plotExpr000
plotPriorAS000
probNonEquiv0.150.000.16
procBam-class000
procBam000
procGenome000
qqnormGenomeWide0.070.000.06
quantileNorm0.010.000.02
relexprByGene000
rmShortInserts000
simMAE000
simMAEcheck000
simMultSamples000
simReads0.40.10.5
simulatedSamples-class000
splitGenomeByLength000
transcripts0.180.000.17
wrapDenovo000
wrapKnown0.010.000.02