Back to Build/check report for BioC 3.15
ABCDEFGHIJKLMNOPQRSTU[V]WXYZ

This page was generated on 2022-06-27 11:10:12 -0400 (Mon, 27 Jun 2022).

HostnameOSArch (*)R versionInstalled pkgs
nebbiolo1Linux (Ubuntu 20.04.4 LTS)x86_644.2.0 (2022-04-22) -- "Vigorous Calisthenics" 4380
Click on any hostname to see more info about the system (e.g. compilers)      (*) as reported by 'uname -p', except on Windows and Mac OS X

BUILD results for VplotR on nebbiolo1


To the developers/maintainers of the VplotR package:
- Please allow up to 24 hours (and sometimes 48 hours) for your latest push to git@git.bioconductor.org:packages/VplotR.git to
reflect on this report. See How and When does the builder pull? When will my changes propagate? for more information.
- Make sure to use the following settings in order to reproduce any error or warning you see on this page.

raw results

Package 2110/2140HostnameOS / ArchINSTALLBUILDCHECKBUILD BIN
VplotR 1.6.0  (landing page)
Jacques Serizay
Snapshot Date: 2022-06-26 13:55:11 -0400 (Sun, 26 Jun 2022)
git_url: https://git.bioconductor.org/packages/VplotR
git_branch: RELEASE_3_15
git_last_commit: e48df2f
git_last_commit_date: 2022-04-26 12:07:30 -0400 (Tue, 26 Apr 2022)
nebbiolo1Linux (Ubuntu 20.04.4 LTS) / x86_64  OK    ERROR  skipped

Summary

Package: VplotR
Version: 1.6.0
Command: /home/biocbuild/bbs-3.15-bioc/R/bin/R CMD build --keep-empty-dirs --no-resave-data VplotR
StartedAt: 2022-06-26 18:09:42 -0400 (Sun, 26 Jun 2022)
EndedAt: 2022-06-26 18:10:55 -0400 (Sun, 26 Jun 2022)
EllapsedTime: 73.3 seconds
RetCode: 1
Status:   ERROR  
PackageFile: None
PackageFileSize: NA

Command output

##############################################################################
##############################################################################
###
### Running command:
###
###   /home/biocbuild/bbs-3.15-bioc/R/bin/R CMD build --keep-empty-dirs --no-resave-data VplotR
###
##############################################################################
##############################################################################


* checking for file ‘VplotR/DESCRIPTION’ ... OK
* preparing ‘VplotR’:
* checking DESCRIPTION meta-information ... OK
* installing the package to build vignettes
* creating vignettes ... ERROR
--- re-building ‘VplotR.Rmd’ using rmarkdown
Warning: replacing previous import 'GenomicRanges::subtract' by 'magrittr::subtract' when loading 'VplotR'
Quitting from lines 216-225 (VplotR.Rmd) 
Error: processing vignette 'VplotR.Rmd' failed with diagnostics:
replacement has length zero
--- failed re-building ‘VplotR.Rmd’

SUMMARY: processing the following file failed:
  ‘VplotR.Rmd’

Error: Vignette re-building failed.
Execution halted