Back to Multiple platform build/check report for BioC 3.15
ABCDEFGHIJKLMNO[P]QRSTUVWXYZ

This page was generated on 2022-08-12 13:20:41 -0400 (Fri, 12 Aug 2022).

HostnameOSArch (*)R versionInstalled pkgs
nebbiolo1Linux (Ubuntu 20.04.4 LTS)x86_644.2.1 (2022-06-23) -- "Funny-Looking Kid" 4364
palomino3Windows Server 2022 Datacenterx644.2.1 (2022-06-23 ucrt) -- "Funny-Looking Kid" 4117
merida1macOS 10.14.6 Mojavex86_644.2.1 (2022-06-23) -- "Funny-Looking Kid" 4182
Click on any hostname to see more info about the system (e.g. compilers)      (*) as reported by 'uname -p', except on Windows and Mac OS X

CHECK results for Pviz on nebbiolo1


To the developers/maintainers of the Pviz package:
- Please allow up to 24 hours (and sometimes 48 hours) for your latest push to git@git.bioconductor.org:packages/Pviz.git to
reflect on this report. See How and When does the builder pull? When will my changes propagate? for more information.
- Make sure to use the following settings in order to reproduce any error or warning you see on this page.

raw results

Package 1529/2140HostnameOS / ArchINSTALLBUILDCHECKBUILD BIN
Pviz 1.30.0  (landing page)
Renan Sauteraud
Snapshot Date: 2022-08-11 13:55:06 -0400 (Thu, 11 Aug 2022)
git_url: https://git.bioconductor.org/packages/Pviz
git_branch: RELEASE_3_15
git_last_commit: 805b735
git_last_commit_date: 2022-04-26 11:20:26 -0400 (Tue, 26 Apr 2022)
nebbiolo1Linux (Ubuntu 20.04.4 LTS) / x86_64  OK    OK    WARNINGS  UNNEEDED, same version is already published
palomino3Windows Server 2022 Datacenter / x64  OK    OK    WARNINGS    OK  UNNEEDED, same version is already published
merida1macOS 10.14.6 Mojave / x86_64  OK    OK    WARNINGS    OK  UNNEEDED, same version is already published

Summary

Package: Pviz
Version: 1.30.0
Command: /home/biocbuild/bbs-3.15-bioc/R/bin/R CMD check --install=check:Pviz.install-out.txt --library=/home/biocbuild/bbs-3.15-bioc/R/library --no-vignettes --timings Pviz_1.30.0.tar.gz
StartedAt: 2022-08-11 21:37:29 -0400 (Thu, 11 Aug 2022)
EndedAt: 2022-08-11 21:42:20 -0400 (Thu, 11 Aug 2022)
EllapsedTime: 291.1 seconds
RetCode: 0
Status:   WARNINGS  
CheckDir: Pviz.Rcheck
Warnings: 1

Command output

##############################################################################
##############################################################################
###
### Running command:
###
###   /home/biocbuild/bbs-3.15-bioc/R/bin/R CMD check --install=check:Pviz.install-out.txt --library=/home/biocbuild/bbs-3.15-bioc/R/library --no-vignettes --timings Pviz_1.30.0.tar.gz
###
##############################################################################
##############################################################################


* using log directory ‘/home/biocbuild/bbs-3.15-bioc/meat/Pviz.Rcheck’
* using R version 4.2.1 (2022-06-23)
* using platform: x86_64-pc-linux-gnu (64-bit)
* using session charset: UTF-8
* using option ‘--no-vignettes’
* checking for file ‘Pviz/DESCRIPTION’ ... OK
* checking extension type ... Package
* this is package ‘Pviz’ version ‘1.30.0’
* checking package namespace information ... OK
* checking package dependencies ... OK
* checking if this is a source package ... OK
* checking if there is a namespace ... OK
* checking for hidden files and directories ... OK
* checking for portable file names ... OK
* checking for sufficient/correct file permissions ... OK
* checking whether package ‘Pviz’ can be installed ... OK
* checking installed package size ... OK
* checking package directory ... OK
* checking ‘build’ directory ... OK
* checking DESCRIPTION meta-information ... OK
* checking top-level files ... OK
* checking for left-over files ... OK
* checking index information ... OK
* checking package subdirectories ... OK
* checking R files for non-ASCII characters ... OK
* checking R files for syntax errors ... OK
* checking whether the package can be loaded ... OK
* checking whether the package can be loaded with stated dependencies ... OK
* checking whether the package can be unloaded cleanly ... OK
* checking whether the namespace can be loaded with stated dependencies ... OK
* checking whether the namespace can be unloaded cleanly ... OK
* checking dependencies in R code ... OK
* checking S3 generic/method consistency ... OK
* checking replacement functions ... OK
* checking foreign function calls ... OK
* checking R code for possible problems ... NOTE
.makeParMapping: no visible global function definition for
  'assignInNamespace'
plot_clade: no visible global function definition for 'tail'
drawGD,ProbeTrack: no visible global function definition for
  'pushViewport'
drawGD,ProbeTrack: no visible global function definition for 'viewport'
drawGD,ProbeTrack: no visible global function definition for
  'popViewport'
drawGD,ProbeTrack: no visible global function definition for 'unit'
drawGD,ProbeTrack: no visible global function definition for 'gpar'
drawGD,ProbeTrack: no visible global function definition for
  'convertWidth'
drawGD,ProbeTrack: no visible global function definition for
  'stringWidth'
drawGD,ProbeTrack: no visible global function definition for
  'stringHeight'
drawGD,ProbeTrack: no visible global function definition for
  'grid.text'
drawGD,ProbeTrack: no visible global function definition for
  'grid.rect'
drawGD,ProbeTrack: no visible global function definition for
  'dataViewport'
drawGD,ProbeTrack : <anonymous>: no visible global function definition
  for 'grid.rect'
drawGD,ProbeTrack : <anonymous>: no visible global function definition
  for 'gpar'
drawGD,ProbeTrack : <anonymous>: no visible global function definition
  for 'grid.text'
drawGD,ProteinAxisTrack: no visible global function definition for
  'pushViewport'
drawGD,ProteinAxisTrack: no visible global function definition for
  'dataViewport'
drawGD,ProteinAxisTrack: no visible global function definition for
  'convertHeight'
drawGD,ProteinAxisTrack: no visible global function definition for
  'stringHeight'
drawGD,ProteinAxisTrack: no visible global function definition for
  'popViewport'
drawGD,ProteinAxisTrack: no visible global function definition for
  '.getGapPos'
drawGD,ProteinAxisTrack: no visible global function definition for
  'gaps'
drawGD,ProteinAxisTrack: no visible global function definition for
  'viewport'
drawGD,ProteinAxisTrack: no visible global function definition for
  'grid.segments'
drawGD,ProteinAxisTrack: no visible global function definition for
  'gpar'
drawGD,ProteinAxisTrack: no visible global function definition for
  'coord2ext'
drawGD,ProteinAxisTrack: no visible global function definition for
  'grid.text'
drawGD,ProteinAxisTrack: no visible global function definition for
  'convertWidth'
drawGD,ProteinAxisTrack: no visible global function definition for
  'stringWidth'
drawGD,ProteinSequenceTrack: no visible global function definition for
  'pushViewport'
drawGD,ProteinSequenceTrack: no visible global function definition for
  'dataViewport'
drawGD,ProteinSequenceTrack: no visible global function definition for
  'gpar'
drawGD,ProteinSequenceTrack: no visible global function definition for
  'popViewport'
drawGD,ProteinSequenceTrack: no visible global function definition for
  'convertUnit'
drawGD,ProteinSequenceTrack: no visible global function definition for
  'stringWidth'
drawGD,ProteinSequenceTrack: no visible global function definition for
  'grid.lines'
drawGD,ProteinSequenceTrack: no visible global function definition for
  'unit'
drawGD,ProteinSequenceTrack: no visible global function definition for
  'grid.text'
drawGD,ProteinSequenceTrack: no visible global function definition for
  'grid.rect'
Undefined global functions or variables:
  .getGapPos assignInNamespace convertHeight convertUnit convertWidth
  coord2ext dataViewport gaps gpar grid.lines grid.rect grid.segments
  grid.text popViewport pushViewport stringHeight stringWidth tail unit
  viewport
Consider adding
  importFrom("utils", "assignInNamespace", "tail")
to your NAMESPACE file.
* checking Rd files ... OK
* checking Rd metadata ... OK
* checking Rd cross-references ... WARNING
Missing link or links in documentation object 'ATrack.Rd':
  ‘GdObject’

Missing link or links in documentation object 'DTrack.Rd':
  ‘GdObject’

Missing link or links in documentation object 'ProbeTrack.Rd':
  ‘GdObject’

See section 'Cross-references' in the 'Writing R Extensions' manual.
* checking for missing documentation entries ... OK
* checking for code/documentation mismatches ... OK
* checking Rd \usage sections ... OK
* checking Rd contents ... OK
* checking for unstated dependencies in examples ... OK
* checking installed files from ‘inst/doc’ ... OK
* checking files in ‘vignettes’ ... OK
* checking examples ... OK
* checking for unstated dependencies in vignettes ... OK
* checking package vignettes in ‘inst/doc’ ... OK
* checking running R code from vignettes ... SKIPPED
* checking re-building of vignette outputs ... SKIPPED
* checking PDF version of manual ... OK
* DONE

Status: 1 WARNING, 1 NOTE
See
  ‘/home/biocbuild/bbs-3.15-bioc/meat/Pviz.Rcheck/00check.log’
for details.



Installation output

Pviz.Rcheck/00install.out

##############################################################################
##############################################################################
###
### Running command:
###
###   /home/biocbuild/bbs-3.15-bioc/R/bin/R CMD INSTALL Pviz
###
##############################################################################
##############################################################################


* installing to library ‘/home/biocbuild/bbs-3.15-bioc/R/library’
* installing *source* package ‘Pviz’ ...
** using staged installation
** R
** inst
** byte-compile and prepare package for lazy loading
** help
*** installing help indices
** building package indices
** installing vignettes
** testing if installed package can be loaded from temporary location
** testing if installed package can be loaded from final location
** testing if installed package keeps a record of temporary installation path
* DONE (Pviz)

Tests output


Example timings

Pviz.Rcheck/Pviz-Ex.timings

nameusersystemelapsed
ATrack3.0210.1273.148
CladeTrack1.3390.0641.406
DTrack0.1070.0040.111
ProbeTrack2.7550.1042.858
ProteinAxisTrack0.4080.0080.415
ProteinSequenceTrack0.2460.0080.254
plot_clade1.4320.0271.461
plot_inter0.7390.0080.733