Back to Multiple platform build/check report for BioC 3.15
ABCDEFGHIJKLM[N]OPQRSTUVWXYZ

This page was generated on 2022-06-24 12:07:51 -0400 (Fri, 24 Jun 2022).

HostnameOSArch (*)R versionInstalled pkgs
nebbiolo1Linux (Ubuntu 20.04.4 LTS)x86_644.2.0 (2022-04-22) -- "Vigorous Calisthenics" 4380
palomino3Windows Server 2022 Datacenterx644.2.0 (2022-04-22 ucrt) -- "Vigorous Calisthenics" 4156
merida1macOS 10.14.6 Mojavex86_644.2.0 (2022-04-22) -- "Vigorous Calisthenics" 4221
Click on any hostname to see more info about the system (e.g. compilers)      (*) as reported by 'uname -p', except on Windows and Mac OS X

CHECK results for NanoStringDiff on merida1


To the developers/maintainers of the NanoStringDiff package:
- Please allow up to 24 hours (and sometimes 48 hours) for your latest push to git@git.bioconductor.org:packages/NanoStringDiff.git to
reflect on this report. See How and When does the builder pull? When will my changes propagate? for more information.
- Make sure to use the following settings in order to reproduce any error or warning you see on this page.

raw results

Package 1297/2140HostnameOS / ArchINSTALLBUILDCHECKBUILD BIN
NanoStringDiff 1.26.0  (landing page)
tingting zhai ,hong wang
Snapshot Date: 2022-06-23 13:55:15 -0400 (Thu, 23 Jun 2022)
git_url: https://git.bioconductor.org/packages/NanoStringDiff
git_branch: RELEASE_3_15
git_last_commit: 3f46a94
git_last_commit_date: 2022-04-26 11:26:41 -0400 (Tue, 26 Apr 2022)
nebbiolo1Linux (Ubuntu 20.04.4 LTS) / x86_64  OK    OK    WARNINGS  UNNEEDED, same version is already published
palomino3Windows Server 2022 Datacenter / x64  OK    OK    WARNINGS    OK  UNNEEDED, same version is already published
merida1macOS 10.14.6 Mojave / x86_64  OK    OK    WARNINGS    OK  UNNEEDED, same version is already published

Summary

Package: NanoStringDiff
Version: 1.26.0
Command: /Library/Frameworks/R.framework/Resources/bin/R CMD check --install=check:NanoStringDiff.install-out.txt --library=/Library/Frameworks/R.framework/Resources/library --no-vignettes --timings NanoStringDiff_1.26.0.tar.gz
StartedAt: 2022-06-24 05:52:50 -0400 (Fri, 24 Jun 2022)
EndedAt: 2022-06-24 05:56:23 -0400 (Fri, 24 Jun 2022)
EllapsedTime: 212.8 seconds
RetCode: 0
Status:   WARNINGS  
CheckDir: NanoStringDiff.Rcheck
Warnings: 1

Command output

##############################################################################
##############################################################################
###
### Running command:
###
###   /Library/Frameworks/R.framework/Resources/bin/R CMD check --install=check:NanoStringDiff.install-out.txt --library=/Library/Frameworks/R.framework/Resources/library --no-vignettes --timings NanoStringDiff_1.26.0.tar.gz
###
##############################################################################
##############################################################################


* using log directory ‘/Users/biocbuild/bbs-3.15-bioc/meat/NanoStringDiff.Rcheck’
* using R version 4.2.0 (2022-04-22)
* using platform: x86_64-apple-darwin17.0 (64-bit)
* using session charset: UTF-8
* using option ‘--no-vignettes’
* checking for file ‘NanoStringDiff/DESCRIPTION’ ... OK
* checking extension type ... Package
* this is package ‘NanoStringDiff’ version ‘1.26.0’
* checking package namespace information ... OK
* checking package dependencies ... OK
* checking if this is a source package ... OK
* checking if there is a namespace ... OK
* checking for hidden files and directories ... OK
* checking for portable file names ... OK
* checking for sufficient/correct file permissions ... OK
* checking whether package ‘NanoStringDiff’ can be installed ... OK
* checking installed package size ... OK
* checking package directory ... OK
* checking ‘build’ directory ... OK
* checking DESCRIPTION meta-information ... OK
* checking top-level files ... OK
* checking for left-over files ... OK
* checking index information ... OK
* checking package subdirectories ... OK
* checking R files for non-ASCII characters ... OK
* checking R files for syntax errors ... OK
* checking whether the package can be loaded ... OK
* checking whether the package can be loaded with stated dependencies ... OK
* checking whether the package can be unloaded cleanly ... OK
* checking whether the namespace can be loaded with stated dependencies ... OK
* checking whether the namespace can be unloaded cleanly ... OK
* checking dependencies in R code ... OK
* checking S3 generic/method consistency ... OK
* checking replacement functions ... OK
* checking foreign function calls ... OK
* checking R code for possible problems ... NOTE
PlotsPositiveHousekeeping: no visible global function definition for
  ‘read.table’
PlotsPositiveHousekeeping: no visible global function definition for
  ‘glm’
PlotsPositiveHousekeeping: no visible global function definition for
  ‘poisson’
PlotsPositiveHousekeeping: no visible global function definition for
  ‘rowVars’
PlotsPositiveHousekeeping: no visible global function definition for
  ‘par’
PlotsPositiveHousekeeping: no visible global function definition for
  ‘abline’
PlotsPositiveHousekeeping: no visible global function definition for
  ‘lm’
PlotsPositiveHousekeeping: no visible global function definition for
  ‘title’
PlotsPositiveHousekeeping: no visible global function definition for
  ‘textxy’
compute.baseSigma: no visible global function definition for ‘IQR’
createNanoStringSetFromCsv: no visible global function definition for
  ‘read.table’
est.dispersion : get.phihat: no visible global function definition for
  ‘optimize’
estNormalizationFactors: no visible global function definition for
  ‘glm’
estNormalizationFactors: no visible global function definition for
  ‘poisson’
estNormalizationFactors: no visible binding for global variable
  ‘median’
glm.LRT: no visible global function definition for ‘pchisq’
glm.LRT: no visible global function definition for ‘p.adjust’
glmfit.OneGroup : get.mu: no visible global function definition for
  ‘optimize’
glmfit.full: no visible global function definition for ‘lm’
glmfit.full: no visible global function definition for ‘median’
glmfit.full: no visible global function definition for ‘IQR’
glmfit.full : get.phi: no visible global function definition for
  ‘optimize’
glmfit.full : get.beta.full: no visible global function definition for
  ‘optim’
glmfit.reduce: no visible global function definition for ‘lm’
glmfit.reduce : get.beta.reduce: no visible global function definition
  for ‘optim’
rnegbinom: no visible global function definition for ‘rpois’
rnegbinom: no visible global function definition for ‘rgamma’
Undefined global functions or variables:
  IQR abline glm lm median optim optimize p.adjust par pchisq poisson
  read.table rgamma rowVars rpois textxy title
Consider adding
  importFrom("graphics", "abline", "par", "title")
  importFrom("stats", "IQR", "glm", "lm", "median", "optim", "optimize",
             "p.adjust", "pchisq", "poisson", "rgamma", "rpois")
  importFrom("utils", "read.table")
to your NAMESPACE file.
* checking Rd files ... OK
* checking Rd metadata ... OK
* checking Rd cross-references ... OK
* checking for missing documentation entries ... WARNING
Undocumented code objects:
  ‘compute.baseSigma’ ‘est.dispersion’ ‘fun5’ ‘glmfit.OneGroup’
  ‘glmfit.full’ ‘glmfit.reduce’ ‘rnegbinom’
All user-level objects in a package should have documentation entries.
See chapter ‘Writing R documentation files’ in the ‘Writing R
Extensions’ manual.
* checking for code/documentation mismatches ... OK
* checking Rd \usage sections ... OK
* checking Rd contents ... OK
* checking for unstated dependencies in examples ... OK
* checking contents of ‘data’ directory ... OK
* checking data for non-ASCII characters ... OK
* checking data for ASCII and uncompressed saves ... OK
* checking line endings in C/C++/Fortran sources/headers ... OK
* checking compiled code ... NOTE
Note: information on .o files is not available
* checking sizes of PDF files under ‘inst/doc’ ... OK
* checking installed files from ‘inst/doc’ ... NOTE
The following files look like leftovers/mistakes:
  ‘NanoStringDiff.log’
Please remove them from your package.
* checking files in ‘vignettes’ ... OK
* checking examples ... OK
Examples with CPU (user + system) or elapsed time > 5s
          user system elapsed
glm.LRT 140.13  1.244 147.781
* checking for unstated dependencies in ‘tests’ ... OK
* checking tests ...
  Running ‘testthat.R’
 OK
* checking for unstated dependencies in vignettes ... OK
* checking package vignettes in ‘inst/doc’ ... OK
* checking running R code from vignettes ... SKIPPED
* checking re-building of vignette outputs ... SKIPPED
* checking PDF version of manual ... OK
* DONE

Status: 1 WARNING, 3 NOTEs
See
  ‘/Users/biocbuild/bbs-3.15-bioc/meat/NanoStringDiff.Rcheck/00check.log’
for details.



Installation output

NanoStringDiff.Rcheck/00install.out

##############################################################################
##############################################################################
###
### Running command:
###
###   /Library/Frameworks/R.framework/Resources/bin/R CMD INSTALL NanoStringDiff
###
##############################################################################
##############################################################################


* installing to library ‘/Library/Frameworks/R.framework/Versions/4.2/Resources/library’
* installing *source* package ‘NanoStringDiff’ ...
** using staged installation
** libs
clang++ -mmacosx-version-min=10.13 -std=gnu++14 -I"/Library/Frameworks/R.framework/Resources/include" -DNDEBUG  -I'/Library/Frameworks/R.framework/Versions/4.2/Resources/library/Rcpp/include' -I/usr/local/include   -fPIC  -Wall -g -O2  -c RcppExports.cpp -o RcppExports.o
clang++ -mmacosx-version-min=10.13 -std=gnu++14 -I"/Library/Frameworks/R.framework/Resources/include" -DNDEBUG  -I'/Library/Frameworks/R.framework/Versions/4.2/Resources/library/Rcpp/include' -I/usr/local/include   -fPIC  -Wall -g -O2  -c fun5.cpp -o fun5.o
clang++ -mmacosx-version-min=10.13 -std=gnu++14 -dynamiclib -Wl,-headerpad_max_install_names -undefined dynamic_lookup -single_module -multiply_defined suppress -L/Library/Frameworks/R.framework/Resources/lib -L/usr/local/lib -o NanoStringDiff.so RcppExports.o fun5.o -F/Library/Frameworks/R.framework/.. -framework R -Wl,-framework -Wl,CoreFoundation
installing to /Library/Frameworks/R.framework/Versions/4.2/Resources/library/00LOCK-NanoStringDiff/00new/NanoStringDiff/libs
** R
** data
** inst
** byte-compile and prepare package for lazy loading
** help
*** installing help indices
** building package indices
** installing vignettes
** testing if installed package can be loaded from temporary location
** checking absolute paths in shared objects and dynamic libraries
** testing if installed package can be loaded from final location
** testing if installed package keeps a record of temporary installation path
* DONE (NanoStringDiff)

Tests output

NanoStringDiff.Rcheck/tests/testthat.Rout


R version 4.2.0 (2022-04-22) -- "Vigorous Calisthenics"
Copyright (C) 2022 The R Foundation for Statistical Computing
Platform: x86_64-apple-darwin17.0 (64-bit)

R is free software and comes with ABSOLUTELY NO WARRANTY.
You are welcome to redistribute it under certain conditions.
Type 'license()' or 'licence()' for distribution details.

R is a collaborative project with many contributors.
Type 'contributors()' for more information and
'citation()' on how to cite R or R packages in publications.

Type 'demo()' for some demos, 'help()' for on-line help, or
'help.start()' for an HTML browser interface to help.
Type 'q()' to quit R.

> library(testthat)
> library(NanoStringDiff)
Loading required package: Biobase
Loading required package: BiocGenerics

Attaching package: 'BiocGenerics'

The following objects are masked from 'package:stats':

    IQR, mad, sd, var, xtabs

The following objects are masked from 'package:base':

    Filter, Find, Map, Position, Reduce, anyDuplicated, append,
    as.data.frame, basename, cbind, colnames, dirname, do.call,
    duplicated, eval, evalq, get, grep, grepl, intersect, is.unsorted,
    lapply, mapply, match, mget, order, paste, pmax, pmax.int, pmin,
    pmin.int, rank, rbind, rownames, sapply, setdiff, sort, table,
    tapply, union, unique, unsplit, which.max, which.min

Welcome to Bioconductor

    Vignettes contain introductory material; view with
    'browseVignettes()'. To cite Bioconductor, see
    'citation("Biobase")', and for packages 'citation("pkgname")'.

> 
> test_check("NanoStringDiff")
[ FAIL 0 | WARN 0 | SKIP 0 | PASS 13 ]
> 
> proc.time()
   user  system elapsed 
  4.511   0.214   4.768 

Example timings

NanoStringDiff.Rcheck/NanoStringDiff-Ex.timings

nameusersystemelapsed
NanoStringData0.0400.0090.053
NanoStringDataNormalization000
NanoStringDiff-class0.3570.0050.384
NanoStringDiff-package000
PlotsPositiveHousekeeping0.0010.0000.000
estNormalizationFactors0.0270.0030.030
glm.LRT140.130 1.244147.781
housekeepingControl0.0050.0020.006
housekeepingFactor0.0030.0020.006
negativeControl0.0040.0010.006
negativeFactor0.0040.0020.006
positiveControl0.0040.0020.006
positiveFactor0.0030.0020.005