Back to Multiple platform build/check report for BioC 3.14
ABCDEFGHIJKLM[N]OPQRSTUVWXYZ

This page was generated on 2022-01-19 13:07:02 -0500 (Wed, 19 Jan 2022).

HostnameOSArch (*)R versionInstalled pkgs
nebbiolo2Linux (Ubuntu 20.04.4 LTS)x86_644.1.2 (2021-11-01) -- "Bird Hippie" 4328
tokay2Windows Server 2012 R2 Standardx644.1.2 (2021-11-01) -- "Bird Hippie" 4077
machv2macOS 10.14.6 Mojavex86_644.1.2 (2021-11-01) -- "Bird Hippie" 4138
Click on any hostname to see more info about the system (e.g. compilers)      (*) as reported by 'uname -p', except on Windows and Mac OS X

CHECK results for nucleR on tokay2


To the developers/maintainers of the nucleR package:
- Please allow up to 24 hours (and sometimes 48 hours) for your latest push to git@git.bioconductor.org:packages/nucleR.git to
reflect on this report. See How and When does the builder pull? When will my changes propagate? here for more information.
- Make sure to use the following settings in order to reproduce any error or warning you see on this page.

raw results

Package 1308/2083HostnameOS / ArchINSTALLBUILDCHECKBUILD BIN
nucleR 2.26.0  (landing page)
Alba Sala
Snapshot Date: 2022-01-18 01:55:07 -0500 (Tue, 18 Jan 2022)
git_url: https://git.bioconductor.org/packages/nucleR
git_branch: RELEASE_3_14
git_last_commit: 25bc1aa
git_last_commit_date: 2021-10-26 11:59:45 -0500 (Tue, 26 Oct 2021)
nebbiolo2Linux (Ubuntu 20.04.4 LTS) / x86_64  OK    OK    WARNINGS  UNNEEDED, same version is already published
tokay2Windows Server 2012 R2 Standard / x64  OK    OK    WARNINGS    OK  UNNEEDED, same version is already published
machv2macOS 10.14.6 Mojave / x86_64  OK    OK    WARNINGS    OK  UNNEEDED, same version is already published

Summary

Package: nucleR
Version: 2.26.0
Command: C:\Users\biocbuild\bbs-3.14-bioc\R\bin\R.exe CMD check --force-multiarch --install=check:nucleR.install-out.txt --library=C:\Users\biocbuild\bbs-3.14-bioc\R\library --no-vignettes --timings nucleR_2.26.0.tar.gz
StartedAt: 2022-01-18 23:34:16 -0500 (Tue, 18 Jan 2022)
EndedAt: 2022-01-18 23:40:16 -0500 (Tue, 18 Jan 2022)
EllapsedTime: 360.0 seconds
RetCode: 0
Status:   WARNINGS  
CheckDir: nucleR.Rcheck
Warnings: 1

Command output

##############################################################################
##############################################################################
###
### Running command:
###
###   C:\Users\biocbuild\bbs-3.14-bioc\R\bin\R.exe CMD check --force-multiarch --install=check:nucleR.install-out.txt --library=C:\Users\biocbuild\bbs-3.14-bioc\R\library --no-vignettes --timings nucleR_2.26.0.tar.gz
###
##############################################################################
##############################################################################


* using log directory 'C:/Users/biocbuild/bbs-3.14-bioc/meat/nucleR.Rcheck'
* using R version 4.1.2 (2021-11-01)
* using platform: x86_64-w64-mingw32 (64-bit)
* using session charset: ISO8859-1
* using option '--no-vignettes'
* checking for file 'nucleR/DESCRIPTION' ... OK
* checking extension type ... Package
* this is package 'nucleR' version '2.26.0'
* package encoding: UTF-8
* checking package namespace information ... OK
* checking package dependencies ... OK
* checking if this is a source package ... OK
* checking if there is a namespace ... OK
* checking for hidden files and directories ... OK
* checking for portable file names ... OK
* checking whether package 'nucleR' can be installed ... OK
* checking installed package size ... OK
* checking package directory ... OK
* checking 'build' directory ... OK
* checking DESCRIPTION meta-information ... OK
* checking top-level files ... OK
* checking for left-over files ... OK
* checking index information ... OK
* checking package subdirectories ... OK
* checking R files for non-ASCII characters ... OK
* checking R files for syntax errors ... OK
* loading checks for arch 'i386'
** checking whether the package can be loaded ... OK
** checking whether the package can be loaded with stated dependencies ... OK
** checking whether the package can be unloaded cleanly ... OK
** checking whether the namespace can be loaded with stated dependencies ... OK
** checking whether the namespace can be unloaded cleanly ... OK
* loading checks for arch 'x64'
** checking whether the package can be loaded ... OK
** checking whether the package can be loaded with stated dependencies ... OK
** checking whether the package can be unloaded cleanly ... OK
** checking whether the namespace can be loaded with stated dependencies ... OK
** checking whether the namespace can be unloaded cleanly ... OK
* checking dependencies in R code ... OK
* checking S3 generic/method consistency ... OK
* checking replacement functions ... OK
* checking foreign function calls ... OK
* checking R code for possible problems ... OK
* checking Rd files ... OK
* checking Rd metadata ... OK
* checking Rd cross-references ... NOTE
Unknown package 'Starr' in Rd xrefs
* checking for missing documentation entries ... OK
* checking for code/documentation mismatches ... OK
* checking Rd \usage sections ... WARNING
Undocumented arguments in documentation object '.fftRegion'
  'data2' 'pcKeepComp'

Undocumented arguments in documentation object '.loadFiles'
  'singleLoad' 'pairedLoad'

Undocumented arguments in documentation object '.loadPairedBam'
  'file'

Undocumented arguments in documentation object '.loadSingleBam'
  'exp'

Undocumented arguments in documentation object '.mid'
  'x'

Undocumented arguments in documentation object '.unlist_as_integer'
  'x'

Undocumented arguments in documentation object '.xlapply'
  'X' 'FUN' '...' 'mc.cores'

Documented arguments not in \usage in documentation object 'pcKeepCompDetect':
  '...'

Functions with \usage entries need to have the appropriate \alias
entries, and all their arguments documented.
The \usage entries must correspond to syntactically valid R code.
See chapter 'Writing R documentation files' in the 'Writing R
Extensions' manual.
* checking Rd contents ... OK
* checking for unstated dependencies in examples ... OK
* checking contents of 'data' directory ... OK
* checking data for non-ASCII characters ... OK
* checking data for ASCII and uncompressed saves ... OK
* checking files in 'vignettes' ... OK
* checking examples ...
** running examples for arch 'i386' ... OK
Examples with CPU (user + system) or elapsed time > 5s
                 user system elapsed
syntheticNucMap 32.48   0.32   32.81
** running examples for arch 'x64' ... OK
Examples with CPU (user + system) or elapsed time > 5s
                 user system elapsed
syntheticNucMap 35.86   0.06   35.93
* checking for unstated dependencies in 'tests' ... OK
* checking tests ...
** running tests for arch 'i386' ...
  Running 'testthat.R'
 OK
** running tests for arch 'x64' ...
  Running 'testthat.R'
 OK
* checking for unstated dependencies in vignettes ... OK
* checking package vignettes in 'inst/doc' ... OK
* checking running R code from vignettes ... SKIPPED
* checking re-building of vignette outputs ... SKIPPED
* checking PDF version of manual ... OK
* DONE

Status: 1 WARNING, 1 NOTE
See
  'C:/Users/biocbuild/bbs-3.14-bioc/meat/nucleR.Rcheck/00check.log'
for details.



Installation output

nucleR.Rcheck/00install.out

##############################################################################
##############################################################################
###
### Running command:
###
###   C:\cygwin\bin\curl.exe -O http://155.52.207.166/BBS/3.14/bioc/src/contrib/nucleR_2.26.0.tar.gz && rm -rf nucleR.buildbin-libdir && mkdir nucleR.buildbin-libdir && C:\Users\biocbuild\bbs-3.14-bioc\R\bin\R.exe CMD INSTALL --merge-multiarch --build --library=nucleR.buildbin-libdir nucleR_2.26.0.tar.gz && C:\Users\biocbuild\bbs-3.14-bioc\R\bin\R.exe CMD INSTALL nucleR_2.26.0.zip && rm nucleR_2.26.0.tar.gz nucleR_2.26.0.zip
###
##############################################################################
##############################################################################


  % Total    % Received % Xferd  Average Speed   Time    Time     Time  Current
                                 Dload  Upload   Total   Spent    Left  Speed

  0     0    0     0    0     0      0      0 --:--:-- --:--:-- --:--:--     0
100  805k  100  805k    0     0  1833k      0 --:--:-- --:--:-- --:--:-- 1835k

install for i386

* installing *source* package 'nucleR' ...
** using staged installation
** R
** data
** inst
** byte-compile and prepare package for lazy loading
Loading required package: usethis

Welcome at Tue Jan 18 05:30:15 2022 

Goodbye at  Tue Jan 18 05:30:25 2022 
** help
*** installing help indices
  converting help for package 'nucleR'
    finding HTML links ... done
    controlCorrection                       html  
    coverage.rpm                            html  
    dot-fftRegion                           html  
    dot-getThreshold                        html  
    dot-loadFiles                           html  
    dot-loadPairedBam                       html  
    dot-loadSingleBam                       html  
    dot-mid                                 html  
    dot-processStrand                       html  
    dot-unlist_as_integer                   html  
    dot-vectorizedAll                       html  
    dot-xlapply                             html  
    export.bed                              html  
    export.wig                              html  
    filterFFT                               html  
    fragmentLenDetect                       html  
    mergeCalls                              html  
    nucleR-package                          html  
    nucleosome_htseq                        html  
    nucleosome_tiling                       html  
    pcKeepCompDetect                        html  
    peakDetection                           html  
    peakScoring                             html  
    plotPeaks                               html  
    processReads                            html  
    processTilingArray                      html  
    readBAM                                 html  
    readBowtie                              html  
    syntheticNucMap                         html  
** building package indices
Loading required package: usethis

Welcome at Tue Jan 18 05:30:33 2022 

Goodbye at  Tue Jan 18 05:30:33 2022 
** installing vignettes
** testing if installed package can be loaded from temporary location
Loading required package: usethis

Welcome at Tue Jan 18 05:30:35 2022 

Goodbye at  Tue Jan 18 05:30:42 2022 
** testing if installed package can be loaded from final location
Loading required package: usethis

Welcome at Tue Jan 18 05:30:44 2022 

Goodbye at  Tue Jan 18 05:30:52 2022 
** testing if installed package keeps a record of temporary installation path

install for x64

* installing *source* package 'nucleR' ...
** testing if installed package can be loaded
Loading required package: usethis

Welcome at Tue Jan 18 05:31:00 2022 

Goodbye at  Tue Jan 18 05:31:08 2022 
* MD5 sums
packaged installation of 'nucleR' as nucleR_2.26.0.zip
* DONE (nucleR)
* installing to library 'C:/Users/biocbuild/bbs-3.14-bioc/R/library'
package 'nucleR' successfully unpacked and MD5 sums checked

Tests output

nucleR.Rcheck/tests_i386/testthat.Rout


R version 4.1.2 (2021-11-01) -- "Bird Hippie"
Copyright (C) 2021 The R Foundation for Statistical Computing
Platform: i386-w64-mingw32/i386 (32-bit)

R is free software and comes with ABSOLUTELY NO WARRANTY.
You are welcome to redistribute it under certain conditions.
Type 'license()' or 'licence()' for distribution details.

R is a collaborative project with many contributors.
Type 'contributors()' for more information and
'citation()' on how to cite R or R packages in publications.

Type 'demo()' for some demos, 'help()' for on-line help, or
'help.start()' for an HTML browser interface to help.
Type 'q()' to quit R.

> library(testthat)
> library(nucleR)
> 
> test_check("nucleR")
[ FAIL 0 | WARN 0 | SKIP 0 | PASS 2 ]
> 
> proc.time()
   user  system elapsed 
   9.50    0.89   10.35 

nucleR.Rcheck/tests_x64/testthat.Rout


R version 4.1.2 (2021-11-01) -- "Bird Hippie"
Copyright (C) 2021 The R Foundation for Statistical Computing
Platform: x86_64-w64-mingw32/x64 (64-bit)

R is free software and comes with ABSOLUTELY NO WARRANTY.
You are welcome to redistribute it under certain conditions.
Type 'license()' or 'licence()' for distribution details.

R is a collaborative project with many contributors.
Type 'contributors()' for more information and
'citation()' on how to cite R or R packages in publications.

Type 'demo()' for some demos, 'help()' for on-line help, or
'help.start()' for an HTML browser interface to help.
Type 'q()' to quit R.

> library(testthat)
> library(nucleR)
> 
> test_check("nucleR")
[ FAIL 0 | WARN 0 | SKIP 0 | PASS 2 ]
> 
> proc.time()
   user  system elapsed 
   8.53    0.35    8.89 

Example timings

nucleR.Rcheck/examples_i386/nucleR-Ex.timings

nameusersystemelapsed
controlCorrection0.600.030.63
coverage.rpm0.340.010.36
export.bed0.140.000.14
export.wig0.080.000.08
filterFFT0.530.030.57
fragmentLenDetect0.470.020.48
mergeCalls0.510.050.56
nucleR-package1.200.121.33
pcKeepCompDetect0.30.00.3
peakDetection1.450.131.58
peakScoring0.380.010.39
plotPeaks1.110.001.11
processReads0.510.070.57
processTilingArray000
readBAM0.250.000.39
syntheticNucMap32.48 0.3232.81

nucleR.Rcheck/examples_x64/nucleR-Ex.timings

nameusersystemelapsed
controlCorrection0.060.010.07
coverage.rpm0.310.000.32
export.bed0.130.030.15
export.wig0.050.020.07
filterFFT1.140.001.14
fragmentLenDetect0.610.060.67
mergeCalls0.540.020.56
nucleR-package1.280.011.30
pcKeepCompDetect0.290.020.29
peakDetection1.780.081.86
peakScoring1.120.001.13
plotPeaks1.170.001.17
processReads0.300.030.33
processTilingArray000
readBAM0.130.000.12
syntheticNucMap35.86 0.0635.93