Back to Multiple platform build/check report for BioC 3.14
[A]BCDEFGHIJKLMNOPQRSTUVWXYZ

This page was generated on 2022-01-26 13:05:04 -0500 (Wed, 26 Jan 2022).

HostnameOSArch (*)R versionInstalled pkgs
nebbiolo2Linux (Ubuntu 20.04.4 LTS)x86_644.1.2 (2021-11-01) -- "Bird Hippie" 4329
tokay2Windows Server 2012 R2 Standardx644.1.2 (2021-11-01) -- "Bird Hippie" 4080
machv2macOS 10.14.6 Mojavex86_644.1.2 (2021-11-01) -- "Bird Hippie" 4141
Click on any hostname to see more info about the system (e.g. compilers)      (*) as reported by 'uname -p', except on Windows and Mac OS X

CHECK results for affy on nebbiolo2


To the developers/maintainers of the affy package:
- Please allow up to 24 hours (and sometimes 48 hours) for your latest push to git@git.bioconductor.org:packages/affy.git to
reflect on this report. See How and When does the builder pull? When will my changes propagate? here for more information.
- Make sure to use the following settings in order to reproduce any error or warning you see on this page.

raw results

Package 23/2083HostnameOS / ArchINSTALLBUILDCHECKBUILD BIN
affy 1.72.0  (landing page)
Rafael A. Irizarry
Snapshot Date: 2022-01-25 01:55:07 -0500 (Tue, 25 Jan 2022)
git_url: https://git.bioconductor.org/packages/affy
git_branch: RELEASE_3_14
git_last_commit: 3750b4e
git_last_commit_date: 2021-10-26 11:45:47 -0500 (Tue, 26 Oct 2021)
nebbiolo2Linux (Ubuntu 20.04.4 LTS) / x86_64  OK    OK    WARNINGS  UNNEEDED, same version is already published
tokay2Windows Server 2012 R2 Standard / x64  OK    OK    WARNINGS    OK  UNNEEDED, same version is already published
machv2macOS 10.14.6 Mojave / x86_64  OK    OK    WARNINGS    OK  UNNEEDED, same version is already published

Summary

Package: affy
Version: 1.72.0
Command: /home/biocbuild/bbs-3.14-bioc/R/bin/R CMD check --install=check:affy.install-out.txt --library=/home/biocbuild/bbs-3.14-bioc/R/library --no-vignettes --timings affy_1.72.0.tar.gz
StartedAt: 2022-01-25 06:19:19 -0500 (Tue, 25 Jan 2022)
EndedAt: 2022-01-25 06:21:10 -0500 (Tue, 25 Jan 2022)
EllapsedTime: 111.8 seconds
RetCode: 0
Status:   WARNINGS  
CheckDir: affy.Rcheck
Warnings: 1

Command output

##############################################################################
##############################################################################
###
### Running command:
###
###   /home/biocbuild/bbs-3.14-bioc/R/bin/R CMD check --install=check:affy.install-out.txt --library=/home/biocbuild/bbs-3.14-bioc/R/library --no-vignettes --timings affy_1.72.0.tar.gz
###
##############################################################################
##############################################################################


* using log directory ‘/home/biocbuild/bbs-3.14-bioc/meat/affy.Rcheck’
* using R version 4.1.2 (2021-11-01)
* using platform: x86_64-pc-linux-gnu (64-bit)
* using session charset: UTF-8
* using option ‘--no-vignettes’
* checking for file ‘affy/DESCRIPTION’ ... OK
* this is package ‘affy’ version ‘1.72.0’
* checking package namespace information ... OK
* checking package dependencies ... OK
* checking if this is a source package ... OK
* checking if there is a namespace ... OK
* checking for hidden files and directories ... OK
* checking for portable file names ... OK
* checking for sufficient/correct file permissions ... OK
* checking whether package ‘affy’ can be installed ... OK
* checking installed package size ... OK
* checking package directory ... OK
* checking ‘build’ directory ... OK
* checking DESCRIPTION meta-information ... OK
* checking top-level files ... OK
* checking for left-over files ... OK
* checking index information ... OK
* checking package subdirectories ... OK
* checking R files for non-ASCII characters ... OK
* checking R files for syntax errors ... OK
* checking whether the package can be loaded ... OK
* checking whether the package can be loaded with stated dependencies ... OK
* checking whether the package can be unloaded cleanly ... OK
* checking whether the namespace can be loaded with stated dependencies ... OK
* checking whether the namespace can be unloaded cleanly ... OK
* checking dependencies in R code ... NOTE
Unexported objects imported by ':::' calls:
  ‘stats:::C_loess_raw’ ‘stats:::C_lowesp’ ‘stats:::C_lowesw’
  See the note in ?`:::` about the use of this operator.
* checking S3 generic/method consistency ... OK
* checking replacement functions ... OK
* checking foreign function calls ... WARNING
Foreign function calls to a base package:
  .C(stats:::C_loess_raw, ...)
  .Fortran(stats:::C_lowesp, ...)
  .Fortran(stats:::C_lowesw, ...)
Packages should not make .C/.Call/.External/.Fortran calls to a base
package. They are not part of the API, for use only by R itself and
subject to change without notice.
* checking R code for possible problems ... OK
* checking Rd files ... OK
* checking Rd metadata ... OK
* checking Rd cross-references ... OK
* checking for missing documentation entries ... OK
* checking for code/documentation mismatches ... OK
* checking Rd \usage sections ... OK
* checking Rd contents ... OK
* checking for unstated dependencies in examples ... OK
* checking contents of ‘data’ directory ... OK
* checking data for non-ASCII characters ... OK
* checking data for ASCII and uncompressed saves ... OK
* checking line endings in shell scripts ... OK
* checking line endings in C/C++/Fortran sources/headers ... OK
* checking line endings in Makefiles ... OK
* checking compilation flags in Makevars ... OK
* checking for GNU extensions in Makefiles ... OK
* checking for portable use of $(BLAS_LIBS) and $(LAPACK_LIBS) ... OK
* checking use of PKG_*FLAGS in Makefiles ... OK
* checking compiled code ... NOTE
Note: information on .o files is not available
* checking files in ‘vignettes’ ... OK
* checking examples ... OK
Examples with CPU (user + system) or elapsed time > 5s
                        user system elapsed
mas5                  17.631  0.204  17.835
MAplot                12.476  0.236  12.712
expresso               7.966  0.060   8.026
ProgressBarText-class  0.848  0.007  16.349
* checking for unstated dependencies in vignettes ... OK
* checking package vignettes in ‘inst/doc’ ... OK
* checking running R code from vignettes ... SKIPPED
* checking re-building of vignette outputs ... SKIPPED
* checking PDF version of manual ... OK
* DONE

Status: 1 WARNING, 2 NOTEs
See
  ‘/home/biocbuild/bbs-3.14-bioc/meat/affy.Rcheck/00check.log’
for details.



Installation output

affy.Rcheck/00install.out

##############################################################################
##############################################################################
###
### Running command:
###
###   /home/biocbuild/bbs-3.14-bioc/R/bin/R CMD INSTALL affy
###
##############################################################################
##############################################################################


* installing to library ‘/home/biocbuild/bbs-3.14-bioc/R/library’
* installing *source* package ‘affy’ ...
** using staged installation
creating cache ./config.cache
checking how to run the C preprocessor... cc -E
checking for main in -lz... yes
checking for zlib.h... yes
checking if zlib version >= 1.1.3... yes
updating cache ./config.cache
creating ./config.status
creating src/Makevars
** libs
gcc -I"/home/biocbuild/bbs-3.14-bioc/R/include" -DNDEBUG -DHAVE_ZLIB=1  -I'/home/biocbuild/bbs-3.14-bioc/R/library/preprocessCore/include' -I/usr/local/include   -fpic  -g -O2  -Wall -c chipbackground.c -o chipbackground.o
gcc -I"/home/biocbuild/bbs-3.14-bioc/R/include" -DNDEBUG -DHAVE_ZLIB=1  -I'/home/biocbuild/bbs-3.14-bioc/R/library/preprocessCore/include' -I/usr/local/include   -fpic  -g -O2  -Wall -c getall_locations.c -o getall_locations.o
gcc -I"/home/biocbuild/bbs-3.14-bioc/R/include" -DNDEBUG -DHAVE_ZLIB=1  -I'/home/biocbuild/bbs-3.14-bioc/R/library/preprocessCore/include' -I/usr/local/include   -fpic  -g -O2  -Wall -c mas5calls.c -o mas5calls.o
gcc -I"/home/biocbuild/bbs-3.14-bioc/R/include" -DNDEBUG -DHAVE_ZLIB=1  -I'/home/biocbuild/bbs-3.14-bioc/R/library/preprocessCore/include' -I/usr/local/include   -fpic  -g -O2  -Wall -c rma2.c -o rma2.o
gcc -I"/home/biocbuild/bbs-3.14-bioc/R/include" -DNDEBUG -DHAVE_ZLIB=1  -I'/home/biocbuild/bbs-3.14-bioc/R/library/preprocessCore/include' -I/usr/local/include   -fpic  -g -O2  -Wall -c rma_common.c -o rma_common.o
gcc -shared -L/home/biocbuild/bbs-3.14-bioc/R/lib -L/usr/local/lib -o affy.so chipbackground.o getall_locations.o mas5calls.o rma2.o rma_common.o -lz -L/home/biocbuild/bbs-3.14-bioc/R/lib -lR
installing to /home/biocbuild/bbs-3.14-bioc/R/library/00LOCK-affy/00new/affy/libs
** R
** data
** demo
** inst
** byte-compile and prepare package for lazy loading
** help
*** installing help indices
** building package indices
** installing vignettes
** testing if installed package can be loaded from temporary location
** checking absolute paths in shared objects and dynamic libraries
** testing if installed package can be loaded from final location
** testing if installed package keeps a record of temporary installation path
* DONE (affy)

Tests output


Example timings

affy.Rcheck/affy-Ex.timings

nameusersystemelapsed
AffyBatch-class3.9090.1484.058
AffyRNAdeg1.9260.0551.983
MAplot12.476 0.23612.712
ProbeSet-class0.2760.0000.276
ProgressBarText-class 0.848 0.00716.349
affy-options000
barplot.ProbeSet0.5360.0120.547
bgc3.6720.0883.763
cleancdfname0.0050.0000.005
expresso7.9660.0608.026
expressoWidget000
fit.li.wong3.1470.0643.212
generateExprSet-methods0.2880.0040.292
generateExprVal-methods0.2600.0040.264
generateExprVal.method.avgdiff0.1240.0120.136
list.celfiles000
maffy.subset0.0090.0000.010
mas517.631 0.20417.835
mas5calls1.4840.0181.503
mva.pairs0.0790.0000.079
normalize-methods0.2130.0040.217
normalize.loess0.0100.0000.009
plot.ProbeSet0.0120.0000.012
plot.density0.4230.0160.439
plotLocation1.3540.0241.378
pmcorrect0.2390.0000.239
ppsetApply000
read.affybatch1.2570.0281.286
rma1.5340.0081.542
setAffyOptions0.0000.0000.001
xy2indices1.7290.0481.777