Back to Multiple platform build/check report for BioC 3.14
ABCDEFGHIJKLMNOPQRSTU[V]WXYZ

This page was generated on 2022-01-24 13:08:34 -0500 (Mon, 24 Jan 2022).

HostnameOSArch (*)R versionInstalled pkgs
nebbiolo2Linux (Ubuntu 20.04.4 LTS)x86_644.1.2 (2021-11-01) -- "Bird Hippie" 4329
tokay2Windows Server 2012 R2 Standardx644.1.2 (2021-11-01) -- "Bird Hippie" 4080
machv2macOS 10.14.6 Mojavex86_644.1.2 (2021-11-01) -- "Bird Hippie" 4141
Click on any hostname to see more info about the system (e.g. compilers)      (*) as reported by 'uname -p', except on Windows and Mac OS X

CHECK results for VanillaICE on machv2


To the developers/maintainers of the VanillaICE package:
- Please allow up to 24 hours (and sometimes 48 hours) for your latest push to git@git.bioconductor.org:packages/VanillaICE.git to
reflect on this report. See How and When does the builder pull? When will my changes propagate? here for more information.
- Make sure to use the following settings in order to reproduce any error or warning you see on this page.

raw results

Package 2035/2083HostnameOS / ArchINSTALLBUILDCHECKBUILD BIN
VanillaICE 1.56.3  (landing page)
R.B. Scharpf
Snapshot Date: 2022-01-23 01:55:04 -0500 (Sun, 23 Jan 2022)
git_url: https://git.bioconductor.org/packages/VanillaICE
git_branch: RELEASE_3_14
git_last_commit: 65bbda3
git_last_commit_date: 2021-12-05 08:54:51 -0500 (Sun, 05 Dec 2021)
nebbiolo2Linux (Ubuntu 20.04.4 LTS) / x86_64  OK    OK    WARNINGS  UNNEEDED, same version is already published
tokay2Windows Server 2012 R2 Standard / x64  OK    OK    WARNINGS    OK  UNNEEDED, same version is already published
machv2macOS 10.14.6 Mojave / x86_64  OK    OK    WARNINGS    OK  UNNEEDED, same version is already published

Summary

Package: VanillaICE
Version: 1.56.3
Command: /Library/Frameworks/R.framework/Resources/bin/R CMD check --install=check:VanillaICE.install-out.txt --library=/Library/Frameworks/R.framework/Resources/library --no-vignettes --timings VanillaICE_1.56.3.tar.gz
StartedAt: 2022-01-23 19:26:11 -0500 (Sun, 23 Jan 2022)
EndedAt: 2022-01-23 19:32:14 -0500 (Sun, 23 Jan 2022)
EllapsedTime: 363.3 seconds
RetCode: 0
Status:   WARNINGS  
CheckDir: VanillaICE.Rcheck
Warnings: 1

Command output

##############################################################################
##############################################################################
###
### Running command:
###
###   /Library/Frameworks/R.framework/Resources/bin/R CMD check --install=check:VanillaICE.install-out.txt --library=/Library/Frameworks/R.framework/Resources/library --no-vignettes --timings VanillaICE_1.56.3.tar.gz
###
##############################################################################
##############################################################################


* using log directory ‘/Users/biocbuild/bbs-3.14-bioc/meat/VanillaICE.Rcheck’
* using R version 4.1.2 (2021-11-01)
* using platform: x86_64-apple-darwin17.0 (64-bit)
* using session charset: UTF-8
* using option ‘--no-vignettes’
* checking for file ‘VanillaICE/DESCRIPTION’ ... OK
* this is package ‘VanillaICE’ version ‘1.56.3’
* package encoding: UTF-8
* checking package namespace information ... OK
* checking package dependencies ... NOTE
Packages which this enhances but not available for checking:
  'doMC', 'doMPI', 'doRedis'
* checking if this is a source package ... OK
* checking if there is a namespace ... OK
* checking for hidden files and directories ... OK
* checking for portable file names ... OK
* checking for sufficient/correct file permissions ... OK
* checking whether package ‘VanillaICE’ can be installed ... OK
* checking installed package size ... OK
* checking package directory ... OK
* checking ‘build’ directory ... OK
* checking DESCRIPTION meta-information ... OK
* checking top-level files ... OK
* checking for left-over files ... OK
* checking index information ... OK
* checking package subdirectories ... OK
* checking R files for non-ASCII characters ... OK
* checking R files for syntax errors ... OK
* checking whether the package can be loaded ... OK
* checking whether the package can be loaded with stated dependencies ... OK
* checking whether the package can be unloaded cleanly ... OK
* checking whether the namespace can be loaded with stated dependencies ... OK
* checking whether the namespace can be unloaded cleanly ... OK
* checking dependencies in R code ... NOTE
Namespaces in Imports field not imported from:
  ‘BSgenome.Hsapiens.UCSC.hg18’ ‘MatrixGenerics’
  All declared Imports should be used.
* checking S3 generic/method consistency ... OK
* checking replacement functions ... OK
* checking foreign function calls ... OK
* checking R code for possible problems ... OK
* checking Rd files ... WARNING
checkRd: (5) VanillaICE.Rd:0-7: Must have a \description
* checking Rd metadata ... OK
* checking Rd cross-references ... OK
* checking for missing documentation entries ... OK
* checking for code/documentation mismatches ... OK
* checking Rd \usage sections ... OK
* checking Rd contents ... OK
* checking for unstated dependencies in examples ... OK
* checking contents of ‘data’ directory ... OK
* checking data for non-ASCII characters ... OK
* checking data for ASCII and uncompressed saves ... OK
* checking line endings in C/C++/Fortran sources/headers ... OK
* checking line endings in Makefiles ... OK
* checking compilation flags in Makevars ... OK
* checking for GNU extensions in Makefiles ... OK
* checking for portable use of $(BLAS_LIBS) and $(LAPACK_LIBS) ... OK
* checking use of PKG_*FLAGS in Makefiles ... OK
* checking include directives in Makefiles ... OK
* checking compiled code ... NOTE
Note: information on .o files is not available
* checking sizes of PDF files under ‘inst/doc’ ... OK
* checking files in ‘vignettes’ ... OK
* checking examples ... OK
Examples with CPU (user + system) or elapsed time > 5s
                  user system elapsed
ArrayViews-class 5.255  0.187   5.512
* checking for unstated dependencies in ‘tests’ ... OK
* checking tests ...
  Running ‘doRUnit.R’
 OK
* checking for unstated dependencies in vignettes ... OK
* checking package vignettes in ‘inst/doc’ ... OK
* checking running R code from vignettes ... SKIPPED
* checking re-building of vignette outputs ... SKIPPED
* checking PDF version of manual ... OK
* DONE

Status: 1 WARNING, 3 NOTEs
See
  ‘/Users/biocbuild/bbs-3.14-bioc/meat/VanillaICE.Rcheck/00check.log’
for details.



Installation output

VanillaICE.Rcheck/00install.out

##############################################################################
##############################################################################
###
### Running command:
###
###   /Library/Frameworks/R.framework/Resources/bin/R CMD INSTALL VanillaICE
###
##############################################################################
##############################################################################


* installing to library ‘/Library/Frameworks/R.framework/Versions/4.1/Resources/library’
* installing *source* package ‘VanillaICE’ ...
** using staged installation
** libs
clang -mmacosx-version-min=10.13 -I"/Library/Frameworks/R.framework/Resources/include" -DNDEBUG   -I/usr/local/include   -fPIC  -Wall -g -O2  -c rinit.c -o rinit.o
clang -mmacosx-version-min=10.13 -I"/Library/Frameworks/R.framework/Resources/include" -DNDEBUG   -I/usr/local/include   -fPIC  -Wall -g -O2  -c viterbi.c -o viterbi.o
clang -mmacosx-version-min=10.13 -dynamiclib -Wl,-headerpad_max_install_names -undefined dynamic_lookup -single_module -multiply_defined suppress -L/Library/Frameworks/R.framework/Resources/lib -L/usr/local/lib -o VanillaICE.so rinit.o viterbi.o -lm -F/Library/Frameworks/R.framework/.. -framework R -Wl,-framework -Wl,CoreFoundation
installing to /Library/Frameworks/R.framework/Versions/4.1/Resources/library/00LOCK-VanillaICE/00new/VanillaICE/libs
** R
** data
** inst
** byte-compile and prepare package for lazy loading
No methods found in package ‘oligoClasses’ for request: ‘mean’ when loading ‘crlmm’
Creating a new generic function for ‘distance’ in package ‘VanillaICE’
** help
*** installing help indices
** building package indices
** installing vignettes
** testing if installed package can be loaded from temporary location
No methods found in package ‘oligoClasses’ for request: ‘mean’ when loading ‘crlmm’
** checking absolute paths in shared objects and dynamic libraries
** testing if installed package can be loaded from final location
No methods found in package ‘oligoClasses’ for request: ‘mean’ when loading ‘crlmm’
** testing if installed package keeps a record of temporary installation path
* DONE (VanillaICE)

Tests output

VanillaICE.Rcheck/tests/doRUnit.Rout


R version 4.1.2 (2021-11-01) -- "Bird Hippie"
Copyright (C) 2021 The R Foundation for Statistical Computing
Platform: x86_64-apple-darwin17.0 (64-bit)

R is free software and comes with ABSOLUTELY NO WARRANTY.
You are welcome to redistribute it under certain conditions.
Type 'license()' or 'licence()' for distribution details.

R is a collaborative project with many contributors.
Type 'contributors()' for more information and
'citation()' on how to cite R or R packages in publications.

Type 'demo()' for some demos, 'help()' for on-line help, or
'help.start()' for an HTML browser interface to help.
Type 'q()' to quit R.

> ## from xmapcore package
> if( require( "RUnit", quietly=TRUE ) ) {
+     pkg <- "VanillaICE"
+ 
+     if( Sys.getenv( "RCMDCHECK" ) == "FALSE" ) {
+         path <- file.path( getwd(), "..", "inst", "unitTests" )
+     } else {
+         path <- system.file( package=pkg, "unitTests" )
+     }
+ 
+     cat( "\nRunning unit tests\n" )
+     print( list( pkg=pkg, getwd=getwd(), pathToUnitTests=path ) )
+     library( package=pkg, character.only=TRUE )
+ 
+     ##xmap.clear.cache()
+ 
+     ##Fail on warnings
+     options( warn=2 )
+ 
+     ## Get the pattern (if there is one?)
+     patt <- Sys.getenv( "RUNITFILEPATTERN" )
+     if( is.null( patt ) || nchar( patt ) == 0 ) {
+         testSuite <- defineTestSuite(name=paste( pkg, "unit testing" ),
+                                      dirs=path,
+                                      testFileRegexp=paste( "^test.+", patt, "\\.[rR]$", sep="" ),
+                                      rngKind="Mersenne-Twister")
+     } else {
+         testSuite <- defineTestSuite(name=paste( pkg, "unit testing" ),
+                                      testFileRegexp=paste( "^test.+", patt, "\\.[rR]$", sep="" ),
+                                      dirs=path ,
+                                      rngKind="Mersenne-Twister")
+     }
+     tests <- runTestSuite( testSuite )
+ 
+     pathReport <- file.path( path, "report" )
+ 
+     cat( "------------------- UNIT TEST SUMMARY ---------------------\n\n" )
+     printTextProtocol( tests, showDetails=FALSE )
+     printTextProtocol( tests, showDetails=FALSE, fileName=paste( pathReport, "Summary.txt", sep="" ) )
+     printTextProtocol( tests, showDetails=TRUE,  fileName=paste( pathReport, ".txt", sep="" ) )
+ 
+     printHTMLProtocol( tests, fileName=paste( pathReport, ".html", sep="" ) )
+ 
+     tmp <- getErrors( tests )
+     if( tmp$nFail > 0 | tmp$nErr > 0 ){
+         stop( paste( "\n\nunit testing failed (#test failures: ", tmp$nFail, ", #R errors: ",  tmp$nErr, ")\n\n", sep=""))
+     }
+ } else {
+     warning( "cannot run unit tests -- package RUnit is not available" )
+ }

Running unit tests
$pkg
[1] "VanillaICE"

$getwd
[1] "/Users/biocbuild/bbs-3.14-bioc/meat/VanillaICE.Rcheck/tests"

$pathToUnitTests
[1] "/Library/Frameworks/R.framework/Versions/4.1/Resources/library/VanillaICE/unitTests"

Loading required package: BiocGenerics

Attaching package: 'BiocGenerics'

The following objects are masked from 'package:stats':

    IQR, mad, sd, var, xtabs

The following objects are masked from 'package:base':

    Filter, Find, Map, Position, Reduce, anyDuplicated, append,
    as.data.frame, basename, cbind, colnames, dirname, do.call,
    duplicated, eval, evalq, get, grep, grepl, intersect, is.unsorted,
    lapply, mapply, match, mget, order, paste, pmax, pmax.int, pmin,
    pmin.int, rank, rbind, rownames, sapply, setdiff, sort, table,
    tapply, union, unique, unsplit, which.max, which.min

Loading required package: GenomicRanges
Loading required package: stats4
Loading required package: S4Vectors

Attaching package: 'S4Vectors'

The following objects are masked from 'package:base':

    I, expand.grid, unname

Loading required package: IRanges
Loading required package: GenomeInfoDb
Loading required package: SummarizedExperiment
Loading required package: MatrixGenerics
Loading required package: matrixStats

Attaching package: 'MatrixGenerics'

The following objects are masked from 'package:matrixStats':

    colAlls, colAnyNAs, colAnys, colAvgsPerRowSet, colCollapse,
    colCounts, colCummaxs, colCummins, colCumprods, colCumsums,
    colDiffs, colIQRDiffs, colIQRs, colLogSumExps, colMadDiffs,
    colMads, colMaxs, colMeans2, colMedians, colMins, colOrderStats,
    colProds, colQuantiles, colRanges, colRanks, colSdDiffs, colSds,
    colSums2, colTabulates, colVarDiffs, colVars, colWeightedMads,
    colWeightedMeans, colWeightedMedians, colWeightedSds,
    colWeightedVars, rowAlls, rowAnyNAs, rowAnys, rowAvgsPerColSet,
    rowCollapse, rowCounts, rowCummaxs, rowCummins, rowCumprods,
    rowCumsums, rowDiffs, rowIQRDiffs, rowIQRs, rowLogSumExps,
    rowMadDiffs, rowMads, rowMaxs, rowMeans2, rowMedians, rowMins,
    rowOrderStats, rowProds, rowQuantiles, rowRanges, rowRanks,
    rowSdDiffs, rowSds, rowSums2, rowTabulates, rowVarDiffs, rowVars,
    rowWeightedMads, rowWeightedMeans, rowWeightedMedians,
    rowWeightedSds, rowWeightedVars

Loading required package: Biobase
Welcome to Bioconductor

    Vignettes contain introductory material; view with
    'browseVignettes()'. To cite Bioconductor, see
    'citation("Biobase")', and for packages 'citation("pkgname")'.


Attaching package: 'Biobase'

The following object is masked from 'package:MatrixGenerics':

    rowMedians

The following objects are masked from 'package:matrixStats':

    anyMissing, rowMedians

No methods found in package 'oligoClasses' for request: 'mean' when loading 'crlmm'
Welcome to VanillaICE version 1.56.3
Loading required package: BSgenome.Hsapiens.UCSC.hg18
Loading required package: BSgenome
Loading required package: Biostrings
Loading required package: XVector

Attaching package: 'Biostrings'

The following object is masked from 'package:VanillaICE':

    deletion

The following object is masked from 'package:base':

    strsplit

Loading required package: rtracklayer
Loading required package: data.table

Attaching package: 'data.table'

The following object is masked from 'package:SummarizedExperiment':

    shift

The following object is masked from 'package:GenomicRanges':

    shift

The following object is masked from 'package:IRanges':

    shift

The following objects are masked from 'package:S4Vectors':

    first, second

Loading required package: foreach
Loading required package: oligoClasses
Welcome to oligoClasses version 1.56.0


Executing test function test_ArrayViews  ...  done successfully.



Executing test function test_columnSubset  ... Writing parsed files to /tmp/RtmpfZ1gWp
 done successfully.



Executing test function test_FilterParam  ...  done successfully.



Executing test function test_EmissionParam  ...  done successfully.



Executing test function test_SnpArrayExperiment  ... Error in (function (classes, fdef, mtable)  : 
  unable to find an inherited method for function 'SnpDataFrame' for signature '"numeric"'
Error in VanillaICE:::SnpDataFrame(DataFrame(x = 3)) : 
  isSnp must be specified
Error in .local(object, isSnp, ...) : isSnp must be specified
Error in validObject(.Object) : 
  invalid class "RangedSummarizedExperiment" object: 
    'x@assays' is not parallel to 'x'
Error in SnpArrayExperiment(x, y, rowRanges = rowranges) : 
   isSnp must be the same length as rowRanges
 done successfully.



Executing test function test_SnpArrayExperiment2  ...  done successfully.



Executing test function test_SnpGRanges  ...  done successfully.



Executing test function test_acf2  ...  done successfully.



Executing test function test_hmm_cnset  ... Loading required package: crlmm
Loading required package: preprocessCore
Welcome to crlmm version 1.52.0

Attaching package: 'crlmm'

The following object is masked from 'package:VanillaICE':

    genotypes

 done successfully.



Executing test function test_state4  ...  done successfully.



Executing test function test_rowMAD  ...  done successfully.



Executing test function test_scaleBy  ...  done successfully.



Executing test function test_duplicatedMapLocs  ...  done successfully.



Executing test function test_sweepMode.R  ...  done successfully.



Executing test function test_Viterbi  ...  done successfully.



Executing test function test_baf_emission  ...  done successfully.



Executing test function test_cn_NAs  ...  done successfully.



Executing test function test_emission_for_list  ...  done successfully.



Executing test function test_emission_update  ...  done successfully.



Executing test function test_multiple_chromosomes  ...  done successfully.



Executing test function test_null_assignment  ...  done successfully.



Executing test function test_oligoset_comparison  ...  done successfully.



Executing test function test_summarized_exp  ...  done successfully.



Executing test function test_updating  ...  done successfully.

------------------- UNIT TEST SUMMARY ---------------------

RUNIT TEST PROTOCOL -- Sun Jan 23 19:32:02 2022 
*********************************************** 
Number of test functions: 24 
Number of errors: 0 
Number of failures: 0 

 
1 Test Suite : 
VanillaICE unit testing - 24 test functions, 0 errors, 0 failures
> 
> proc.time()
   user  system elapsed 
 33.886   1.571  35.524 

Example timings

VanillaICE.Rcheck/VanillaICE-Ex.timings

nameusersystemelapsed
ArrayViews-class5.2550.1875.512
CopyNumScanParams0.0050.0000.005
EmissionParam-methods0.0150.0030.018
FilterParam-class0.0040.0010.005
HMM0.7360.0380.775
HMMList-class2.8490.0572.917
HmmParam0.0060.0010.006
IO0.0260.0010.027
IdiogramParams-class0.1830.0170.200
SnpArrayExperiment-class0.2270.0220.249
SnpExperiment0.2760.0290.305
SnpGRanges0.1530.0160.168
TransitionParam0.0010.0000.002
cnvFilter3.7830.1293.921
dropDuplicatedMapLocs0.2280.0040.232
emissionParam0.0060.0010.007
getExampleSnpExperiment000
getHmmParams0.0210.0010.022
hmm22.6270.0112.640
isHeterozygous0.4510.0140.470
parseSourceFile0.5640.0410.704
plotting1.7070.0721.801
robust-statistics000
snpArrayAssays0.0260.0010.028
sourcePaths0.0180.0000.018
sweepMode0.3770.0080.386
threshold0.0000.0010.001
viewports0.0010.0000.000