Back to Multiple platform build/check report for BioC 3.14
ABCDEFGHIJ[K]LMNOPQRSTUVWXYZ

This page was generated on 2022-01-14 13:06:36 -0500 (Fri, 14 Jan 2022).

HostnameOSArch (*)R versionInstalled pkgs
nebbiolo2Linux (Ubuntu 20.04.4 LTS)x86_644.1.2 (2021-11-01) -- "Bird Hippie" 4327
tokay2Windows Server 2012 R2 Standardx644.1.2 (2021-11-01) -- "Bird Hippie" 4076
machv2macOS 10.14.6 Mojavex86_644.1.2 (2021-11-01) -- "Bird Hippie" 4137
Click on any hostname to see more info about the system (e.g. compilers)      (*) as reported by 'uname -p', except on Windows and Mac OS X

CHECK results for KCsmart on tokay2


To the developers/maintainers of the KCsmart package:
- Please allow up to 24 hours (and sometimes 48 hours) for your latest push to git@git.bioconductor.org:packages/KCsmart.git to
reflect on this report. See How and When does the builder pull? When will my changes propagate? here for more information.
- Make sure to use the following settings in order to reproduce any error or warning you see on this page.

raw results

Package 977/2083HostnameOS / ArchINSTALLBUILDCHECKBUILD BIN
KCsmart 2.52.0  (landing page)
Jorma de Ronde
Snapshot Date: 2022-01-13 01:55:04 -0500 (Thu, 13 Jan 2022)
git_url: https://git.bioconductor.org/packages/KCsmart
git_branch: RELEASE_3_14
git_last_commit: e6b33a9
git_last_commit_date: 2021-10-26 11:53:01 -0500 (Tue, 26 Oct 2021)
nebbiolo2Linux (Ubuntu 20.04.4 LTS) / x86_64  OK    OK    WARNINGS  UNNEEDED, same version is already published
tokay2Windows Server 2012 R2 Standard / x64  OK    OK    WARNINGS    OK  UNNEEDED, same version is already published
machv2macOS 10.14.6 Mojave / x86_64  OK    OK    WARNINGS    OK  UNNEEDED, same version is already published

Summary

Package: KCsmart
Version: 2.52.0
Command: C:\Users\biocbuild\bbs-3.14-bioc\R\bin\R.exe CMD check --force-multiarch --install=check:KCsmart.install-out.txt --library=C:\Users\biocbuild\bbs-3.14-bioc\R\library --no-vignettes --timings KCsmart_2.52.0.tar.gz
StartedAt: 2022-01-13 21:30:39 -0500 (Thu, 13 Jan 2022)
EndedAt: 2022-01-13 21:33:22 -0500 (Thu, 13 Jan 2022)
EllapsedTime: 162.1 seconds
RetCode: 0
Status:   WARNINGS  
CheckDir: KCsmart.Rcheck
Warnings: 1

Command output

##############################################################################
##############################################################################
###
### Running command:
###
###   C:\Users\biocbuild\bbs-3.14-bioc\R\bin\R.exe CMD check --force-multiarch --install=check:KCsmart.install-out.txt --library=C:\Users\biocbuild\bbs-3.14-bioc\R\library --no-vignettes --timings KCsmart_2.52.0.tar.gz
###
##############################################################################
##############################################################################


* using log directory 'C:/Users/biocbuild/bbs-3.14-bioc/meat/KCsmart.Rcheck'
* using R version 4.1.2 (2021-11-01)
* using platform: x86_64-w64-mingw32 (64-bit)
* using session charset: ISO8859-1
* using option '--no-vignettes'
* checking for file 'KCsmart/DESCRIPTION' ... OK
* checking extension type ... Package
* this is package 'KCsmart' version '2.52.0'
* checking package namespace information ... OK
* checking package dependencies ... OK
* checking if this is a source package ... OK
* checking if there is a namespace ... OK
* checking for hidden files and directories ... OK
* checking for portable file names ... OK
* checking whether package 'KCsmart' can be installed ... OK
* checking installed package size ... OK
* checking package directory ... OK
* checking 'build' directory ... OK
* checking DESCRIPTION meta-information ... NOTE
Malformed Description field: should contain one or more complete sentences.
* checking top-level files ... OK
* checking for left-over files ... OK
* checking index information ... OK
* checking package subdirectories ... OK
* checking R files for non-ASCII characters ... OK
* checking R files for syntax errors ... OK
* loading checks for arch 'i386'
** checking whether the package can be loaded ... OK
** checking whether the package can be loaded with stated dependencies ... OK
** checking whether the package can be unloaded cleanly ... OK
** checking whether the namespace can be loaded with stated dependencies ... OK
** checking whether the namespace can be unloaded cleanly ... OK
* loading checks for arch 'x64'
** checking whether the package can be loaded ... OK
** checking whether the package can be loaded with stated dependencies ... OK
** checking whether the package can be unloaded cleanly ... OK
** checking whether the namespace can be loaded with stated dependencies ... OK
** checking whether the namespace can be unloaded cleanly ... OK
* checking dependencies in R code ... NOTE
'library' or 'require' call to 'siggenes' which was already attached by Depends.
  Please remove these calls from your code.
Packages in Depends field not imported from:
  'KernSmooth' 'siggenes'
  These packages need to be imported from (in the NAMESPACE file)
  for when this namespace is loaded but not attached.
There are ::: calls to the package's namespace in its code. A package
  almost never needs to use ::: for its own objects:
  '.add2spmc' '.checkMirrorLocs' '.comparativeKcPerms'
  '.comparativeKcSiggenes' '.convertCGHbase' '.findCutoffByFdr'
  '.findPeaks' '.findfdrcutoff' '.getRegions' '.getSigRegions'
  '.makePermutations' '.mirrorData' '.permutedSpm' '.samplePointMatrix'
  '.samplePointMatrixOld' '.snr' '.spm2spmc' '.varr'
* checking S3 generic/method consistency ... OK
* checking replacement functions ... OK
* checking foreign function calls ... OK
* checking R code for possible problems ... NOTE
.comparativeKcSiggenes: no visible binding for global variable 'sam'
.samplePointMatrix: no visible global function definition for 'locpoly'
.samplePointMatrix: no visible global function definition for 'bkde'
.samplePointMatrixOld: no visible global function definition for
  'aggregate'
.samplePointMatrixOld: no visible global function definition for
  'dnorm'
.snr: no visible global function definition for 'quantile'
getSigRegionsCompKC: no visible global function definition for
  'findDelta'
idPoints: no visible global function definition for 'dev.set'
idPoints: no visible global function definition for 'identify'
plot,compKc-missing: no visible global function definition for 'layout'
plot,compKc-missing: no visible global function definition for 'abline'
plot,compKc-missing: no visible global function definition for 'rect'
plot,compKc-missing: no visible global function definition for 'lines'
plot,compKc-missing: no visible global function definition for 'text'
plot,compKc-missing: no visible global function definition for 'axis'
plot,samplePointMatrix-missing: no visible global function definition
  for 'layout'
plot,samplePointMatrix-missing: no visible global function definition
  for 'abline'
plot,samplePointMatrix-missing: no visible global function definition
  for 'tail'
plot,samplePointMatrix-missing: no visible global function definition
  for 'polygon'
plot,samplePointMatrix-missing: no visible global function definition
  for 'lines'
plot,samplePointMatrix-missing: no visible global function definition
  for 'segments'
plot,samplePointMatrix-missing: no visible global function definition
  for 'text'
plot,samplePointMatrix-missing: no visible global function definition
  for 'axis'
plot,scaleSpace-missing: no visible global function definition for
  'dev.cur'
plot,scaleSpace-missing: no visible global function definition for
  'x11'
plot,scaleSpace-missing: no visible global function definition for
  'heat.colors'
plot,scaleSpace-missing: no visible global function definition for
  'dev.set'
plot,scaleSpace-missing: no visible global function definition for
  'segments'
plot,scaleSpace-missing: no visible global function definition for
  'abline'
plot,scaleSpace-missing: no visible global function definition for
  'text'
plot,scaleSpace-missing: no visible global function definition for
  'axis'
Undefined global functions or variables:
  abline aggregate axis bkde dev.cur dev.set dnorm findDelta
  heat.colors identify layout lines locpoly polygon quantile rect sam
  segments tail text x11
Consider adding
  importFrom("grDevices", "dev.cur", "dev.set", "heat.colors", "x11")
  importFrom("graphics", "abline", "axis", "identify", "layout", "lines",
             "polygon", "rect", "segments", "text")
  importFrom("stats", "aggregate", "dnorm", "quantile")
  importFrom("utils", "tail")
to your NAMESPACE file.
* checking Rd files ... OK
* checking Rd metadata ... OK
* checking Rd cross-references ... OK
* checking for missing documentation entries ... WARNING
Undocumented S4 methods:
  generic '[' and siglist 'probeAnnotation,ANY,ANY,ANY'
All user-level objects in a package (including S4 classes and methods)
should have documentation entries.
See chapter 'Writing R documentation files' in the 'Writing R
Extensions' manual.
* checking for code/documentation mismatches ... OK
* checking Rd \usage sections ... OK
* checking Rd contents ... OK
* checking for unstated dependencies in examples ... OK
* checking contents of 'data' directory ... OK
* checking data for non-ASCII characters ... OK
* checking data for ASCII and uncompressed saves ... OK
* checking files in 'vignettes' ... OK
* checking examples ...
** running examples for arch 'i386' ... OK
Examples with CPU (user + system) or elapsed time > 5s
                  user system elapsed
KCsmart-package   8.44   0.19    8.63
calcSpmCollection 3.95   0.07    5.86
** running examples for arch 'x64' ... OK
Examples with CPU (user + system) or elapsed time > 5s
                user system elapsed
KCsmart-package 8.44   0.27     8.7
* checking for unstated dependencies in vignettes ... OK
* checking package vignettes in 'inst/doc' ... OK
* checking running R code from vignettes ... SKIPPED
* checking re-building of vignette outputs ... SKIPPED
* checking PDF version of manual ... OK
* DONE

Status: 1 WARNING, 3 NOTEs
See
  'C:/Users/biocbuild/bbs-3.14-bioc/meat/KCsmart.Rcheck/00check.log'
for details.



Installation output

KCsmart.Rcheck/00install.out

##############################################################################
##############################################################################
###
### Running command:
###
###   C:\cygwin\bin\curl.exe -O http://155.52.207.166/BBS/3.14/bioc/src/contrib/KCsmart_2.52.0.tar.gz && rm -rf KCsmart.buildbin-libdir && mkdir KCsmart.buildbin-libdir && C:\Users\biocbuild\bbs-3.14-bioc\R\bin\R.exe CMD INSTALL --merge-multiarch --build --library=KCsmart.buildbin-libdir KCsmart_2.52.0.tar.gz && C:\Users\biocbuild\bbs-3.14-bioc\R\bin\R.exe CMD INSTALL KCsmart_2.52.0.zip && rm KCsmart_2.52.0.tar.gz KCsmart_2.52.0.zip
###
##############################################################################
##############################################################################


  % Total    % Received % Xferd  Average Speed   Time    Time     Time  Current
                                 Dload  Upload   Total   Spent    Left  Speed

  0     0    0     0    0     0      0      0 --:--:-- --:--:-- --:--:--     0
100  354k  100  354k    0     0   896k      0 --:--:-- --:--:-- --:--:--  899k

install for i386

* installing *source* package 'KCsmart' ...
** using staged installation
** R
** data
** byte-compile and prepare package for lazy loading
Creating a generic function for 'write.table' from package 'utils' in package 'KCsmart'
** help
*** installing help indices
  converting help for package 'KCsmart'
    finding HTML links ... done
    KCData-class                            html  
    KCsmart-package                         html  
    KcghData-class                          html  
    KcghDataMirror-class                    html  
    KcghDataSplit-class                     html  
    KcghDataSum-class                       html  
    calcSpm                                 html  
    calcSpmCollection                       html  
    compKc-class                            html  
    compKcSigRegions-class                  html  
    compareSpmCollection                    html  
    findSigLevelFdr                         html  
    findSigLevelTrad                        html  
    getSigRegionsCompKC                     html  
    getSigSegments                          html  
    hsMirrorLocs                            html  
    hsSampleData                            html  
    idPoints                                html  
    mmMirrorLocs                            html  
    plot                                    html  
    plotScaleSpace                          html  
    probeAnnotation-class                   html  
    samplePointMatrix-class                 html  
    sigSegments-class                       html  
    spmCollection-class                     html  
    write.table                             html  
** building package indices
** installing vignettes
** testing if installed package can be loaded from temporary location
** testing if installed package can be loaded from final location
** testing if installed package keeps a record of temporary installation path

install for x64

* installing *source* package 'KCsmart' ...
** testing if installed package can be loaded
* MD5 sums
packaged installation of 'KCsmart' as KCsmart_2.52.0.zip
* DONE (KCsmart)
* installing to library 'C:/Users/biocbuild/bbs-3.14-bioc/R/library'
package 'KCsmart' successfully unpacked and MD5 sums checked

Tests output


Example timings

KCsmart.Rcheck/examples_i386/KCsmart-Ex.timings

nameusersystemelapsed
KCsmart-package8.440.198.63
calcSpm0.970.010.98
calcSpmCollection3.950.075.86
compKc-class000
compKcSigRegions-class000
compareSpmCollection3.750.113.86
findSigLevelFdr1.960.011.99
findSigLevelTrad1.680.021.69
getSigRegionsCompKC3.890.144.03
getSigSegments1.030.001.03
idPoints0.010.000.01
plot2.020.042.07
plotScaleSpace2.300.002.29
samplePointMatrix-class000
sigSegments-class000
spmCollection-class000
write.table0.930.020.96

KCsmart.Rcheck/examples_x64/KCsmart-Ex.timings

nameusersystemelapsed
KCsmart-package8.440.278.70
calcSpm1.230.001.24
calcSpmCollection3.890.154.20
compKc-class000
compKcSigRegions-class000
compareSpmCollection3.850.113.95
findSigLevelFdr2.060.022.08
findSigLevelTrad1.280.031.32
getSigRegionsCompKC3.530.173.70
getSigSegments0.860.020.87
idPoints0.020.000.02
plot1.900.031.94
plotScaleSpace2.250.032.28
samplePointMatrix-class000
sigSegments-class000
spmCollection-class000
write.table0.920.000.92