Back to Multiple platform build/check report for BioC 3.12
AB[C]DEFGHIJKLMNOPQRSTUVWXYZ

CHECK report for chimera on malbec1

This page was generated on 2020-08-10 11:37:01 -0400 (Mon, 10 Aug 2020).

TO THE DEVELOPERS/MAINTAINERS OF THE chimera PACKAGE: Please make sure to use the following settings in order to reproduce any error or warning you see on this page.
Package 268/1882HostnameOS / ArchINSTALLBUILDCHECKBUILD BIN
chimera 1.31.1
Raffaele A Calogero
Snapshot Date: 2020-08-09 14:51:29 -0400 (Sun, 09 Aug 2020)
URL: https://git.bioconductor.org/packages/chimera
Branch: master
Last Commit: f48abc1
Last Changed Date: 2020-06-01 10:00:40 -0400 (Mon, 01 Jun 2020)
malbec1 Linux (Ubuntu 18.04.4 LTS) / x86_64  OK  OK [ WARNINGS ]UNNEEDED, same version exists in internal repository
nebbiolo1 Linux (Ubuntu 20.04.1 LTS) / x86_64  OK  OK  WARNINGS 
tokay1 Windows Server 2012 R2 Standard / x64  OK  ERROR  skipped  skipped 
merida1 macOS 10.14.6 Mojave / x86_64  OK  OK  WARNINGS  OK UNNEEDED, same version exists in internal repository

Summary

Package: chimera
Version: 1.31.1
Command: /home/biocbuild/bbs-3.12-bioc/R/bin/R CMD check --install=check:chimera.install-out.txt --library=/home/biocbuild/bbs-3.12-bioc/R/library --no-vignettes --timings chimera_1.31.1.tar.gz
StartedAt: 2020-08-10 00:04:08 -0400 (Mon, 10 Aug 2020)
EndedAt: 2020-08-10 00:10:29 -0400 (Mon, 10 Aug 2020)
EllapsedTime: 381.2 seconds
RetCode: 0
Status:  WARNINGS 
CheckDir: chimera.Rcheck
Warnings: 1

Command output

##############################################################################
##############################################################################
###
### Running command:
###
###   /home/biocbuild/bbs-3.12-bioc/R/bin/R CMD check --install=check:chimera.install-out.txt --library=/home/biocbuild/bbs-3.12-bioc/R/library --no-vignettes --timings chimera_1.31.1.tar.gz
###
##############################################################################
##############################################################################


* using log directory ‘/home/biocbuild/bbs-3.12-bioc/meat/chimera.Rcheck’
* using R version 4.0.2 (2020-06-22)
* using platform: x86_64-pc-linux-gnu (64-bit)
* using session charset: UTF-8
* using option ‘--no-vignettes’
* checking for file ‘chimera/DESCRIPTION’ ... OK
* checking extension type ... Package
* this is package ‘chimera’ version ‘1.31.1’
* checking package namespace information ... OK
* checking package dependencies ... NOTE
Depends: includes the non-default packages:
  'Biobase', 'GenomicRanges', 'Rsamtools', 'GenomicAlignments',
  'AnnotationDbi', 'BSgenome.Hsapiens.UCSC.hg19',
  'TxDb.Hsapiens.UCSC.hg19.knownGene', 'Homo.sapiens'
Adding so many packages to the search path is excessive and importing
selectively is preferable.
* checking if this is a source package ... OK
* checking if there is a namespace ... OK
* checking for hidden files and directories ... OK
* checking for portable file names ... OK
* checking for sufficient/correct file permissions ... OK
* checking whether package ‘chimera’ can be installed ... WARNING
Found the following significant warnings:
  Warning: Package 'chimera' is deprecated and will be removed from Bioconductor
See ‘/home/biocbuild/bbs-3.12-bioc/meat/chimera.Rcheck/00install.out’ for details.
* checking installed package size ... NOTE
  installed size is  6.8Mb
  sub-directories of 1Mb or more:
    examples   5.7Mb
* checking package directory ... OK
* checking ‘build’ directory ... OK
* checking DESCRIPTION meta-information ... OK
* checking top-level files ... OK
* checking for left-over files ... OK
* checking index information ... OK
* checking package subdirectories ... OK
* checking R files for non-ASCII characters ... OK
* checking R files for syntax errors ... OK
* checking whether the package can be loaded ... OK
* checking whether the package can be loaded with stated dependencies ... OK
* checking whether the package can be unloaded cleanly ... OK
* checking whether the namespace can be loaded with stated dependencies ... OK
* checking whether the namespace can be unloaded cleanly ... OK
* checking dependencies in R code ... NOTE
'library' or 'require' calls in package code:
  ‘BSgenome.Hsapiens.NCBI.GRCh38’ ‘BSgenome.Mmusculus.UCSC.mm10’
  ‘BSgenome.Mmusculus.UCSC.mm9’ ‘BiocParallel’ ‘Mus.musculus’
  ‘Rsubread’ ‘TxDb.Hsapiens.UCSC.hg38.knownGene’
  ‘TxDb.Mmusculus.UCSC.mm10.knownGene’
  ‘TxDb.Mmusculus.UCSC.mm9.knownGene’
  Please use :: or requireNamespace() instead.
  See section 'Suggested packages' in the 'Writing R Extensions' manual.
* checking S3 generic/method consistency ... OK
* checking replacement functions ... OK
* checking foreign function calls ... OK
* checking R code for possible problems ... NOTE
.bfImport: no visible global function definition for ‘read.table’
.bfImport: no visible global function definition for ‘IRanges’
.buildFusion: no visible global function definition for ‘exons’
.buildFusion: no visible global function definition for ‘IRanges’
.buildFusion: no visible global function definition for ‘DNAString’
.csImport: no visible global function definition for ‘read.table’
.csImport: no visible global function definition for ‘IRanges’
.detectIntronic: no visible binding for global variable
  ‘org.Hs.egSYMBOL’
.detectIntronic: no visible global function definition for
  ‘transcripts’
.dfImport: no visible global function definition for ‘read.table’
.dfImport: no visible global function definition for ‘IRanges’
.fcImport: no visible global function definition for ‘read.table’
.fcImport: no visible global function definition for ‘IRanges’
.ffImport: no visible global function definition for ‘read.table’
.ffImport: no visible global function definition for ‘IRanges’
.fhImport: no visible global function definition for ‘read.table’
.fhImport: no visible global function definition for ‘IRanges’
.fmImport: no visible global function definition for ‘read.table’
.fmImport: no visible global function definition for ‘IRanges’
.geneLevelAnnotation: no visible global function definition for ‘genes’
.geneLevelAnnotation: no visible global function definition for
  ‘select’
.geneLevelAnnotation: no visible binding for global variable
  ‘TxDb.Mmusculus.UCSC.mm9.knownGene’
.geneLevelAnnotation: no visible binding for global variable
  ‘Mus.musculus’
.geneLevelAnnotation: no visible binding for global variable
  ‘TxDb.Mmusculus.UCSC.mm10.knownGene’
.geneLevelAnnotation: no visible binding for global variable
  ‘TxDb.Hsapiens.UCSC.hg38.knownGene’
.gfWrap: no visible global function definition for ‘writeXStringSet’
.msImport: no visible global function definition for ‘read.table’
.msImport: no visible global function definition for ‘IRanges’
.onlyExons: no visible global function definition for ‘exons’
.plotCoverage: no visible global function definition for ‘window’
.plotCoverage: no visible global function definition for ‘polygon’
.plotCoverage: no visible global function definition for ‘abline’
.rsImport: no visible global function definition for ‘MulticoreParam’
.rsImport: no visible global function definition for ‘read.table’
.rsImport : .fusionInfo: no visible global function definition for
  ‘IRanges’
.rsImport : .fusionInfo: no visible binding for global variable
  ‘BSgenome.Hsapiens.NCBI.GRCh38’
.rsImport : .fusionInfo: no visible global function definition for
  ‘seqlevelsStyle<-’
.rsImport: no visible global function definition for ‘bplapply’
.starImport: no visible global function definition for ‘read.table’
.starImport: no visible global function definition for ‘IRanges’
.thfImport: no visible global function definition for ‘read.table’
.thfImport: no visible global function definition for ‘IRanges’
.thfPostImport: no visible global function definition for ‘read.table’
.thfPostImport: no visible global function definition for ‘IRanges’
bam2fastq: no visible global function definition for ‘MulticoreParam’
bam2fastq: no visible global function definition for ‘bplapply’
breakpointOverlaps: no visible global function definition for ‘IRanges’
breakpointOverlaps: no visible global function definition for
  ‘seqlengths<-’
breakpointOverlaps: no visible global function definition for
  ‘seqlengths’
breakpointOverlaps: no visible global function definition for
  ‘subjectHits’
chimeraSeqSet: no visible global function definition for
  ‘MulticoreParam’
chimeraSeqSet: no visible global function definition for ‘bplapply’
chimeraSeqSet : <anonymous>: no visible global function definition for
  ‘DNAStringSet’
chimeraSeqs: no visible binding for global variable ‘org.Hs.egSYMBOL’
chimeraSeqs: no visible global function definition for ‘transcripts’
chimeraSeqs: no visible global function definition for ‘DNAStringSet’
defuseTPTN: no visible global function definition for ‘read.table’
defuseTPTN : .my.newfset: no visible global function definition for
  ‘IRanges’
defuseTPTN : .my.newfset: no visible global function definition for
  ‘DNAStringSet’
filterList: no visible global function definition for ‘MulticoreParam’
filterList: no visible global function definition for ‘bplapply’
fusionName: no visible global function definition for ‘MulticoreParam’
fusionName: no visible global function definition for ‘bplapply’
fusionPeptides: no visible binding for global variable
  ‘org.Hs.egUCSCKG’
fusionPeptides: no visible binding for global variable
  ‘org.Hs.egSYMBOL’
fusionPeptides: no visible global function definition for ‘cdsBy’
fusionPeptides: no visible global function definition for
  ‘extractTranscriptSeqs’
fusionPeptides: no visible global function definition for ‘translate’
fusionPeptides: no visible global function definition for ‘AAStringSet’
fusionPeptides : <anonymous>: no visible global function definition for
  ‘pairwiseAlignment’
fusionPeptides: no visible global function definition for ‘pattern’
fusionPeptides: no visible global function definition for
  ‘matchPattern’
gapfillerInstallation: no visible global function definition for
  ‘download.file’
gapfillerRun: no visible global function definition for
  ‘readDNAStringSet’
gapfillerRun: no visible global function definition for
  ‘pairwiseAlignment’
gapfillerRun: no visible global function definition for ‘Views’
gapfillerRun: no visible global function definition for ‘DNAStringSet’
gapfillerWrap: no visible global function definition for
  ‘MulticoreParam’
gapfillerWrap: no visible global function definition for ‘bplapply’
newfSet: no visible global function definition for ‘DNAStringSet’
oncofuseInstallation: no visible global function definition for
  ‘download.file’
oncofuseRun: no visible global function definition for ‘write.table’
oncofuseRun: no visible global function definition for ‘read.table’
oncofuseRun: no visible global function definition for ‘smoothScatter’
picardInstallation: no visible global function definition for
  ‘download.file’
plotCoverage: no visible binding for global variable ‘org.Hs.egSYMBOL’
plotCoverage: no visible global function definition for ‘transcripts’
plotCoverage: no visible global function definition for ‘exons’
plotCoverage: no visible global function definition for ‘IRanges’
plotCoverage: no visible global function definition for ‘window’
plotCoverage: no visible global function definition for ‘polygon’
plotCoverage: no visible global function definition for ‘abline’
plotCoverage: no visible global function definition for ‘rect’
prettyPrint: no visible global function definition for ‘write.table’
starInstallation: no visible global function definition for
  ‘.path.package’
starInstallation: no visible global function definition for
  ‘download.file’
starReads: no visible global function definition for ‘MulticoreParam’
starReads: no visible global function definition for ‘read.table’
starReads: no visible global function definition for ‘IRanges’
subreadRun: no visible global function definition for ‘bowtie_build’
subreadRun: no visible global function definition for ‘bowtie’
supportingReads: no visible global function definition for
  ‘MulticoreParam’
supportingReads: no visible global function definition for ‘bplapply’
tophatInstallation: no visible global function definition for
  ‘.path.package’
tophatInstallation: no visible global function definition for
  ‘download.file’
tophatInstallation: no visible global function definition for ‘unzip’
Undefined global functions or variables:
  .path.package AAStringSet BSgenome.Hsapiens.NCBI.GRCh38 DNAString
  DNAStringSet IRanges MulticoreParam Mus.musculus
  TxDb.Hsapiens.UCSC.hg38.knownGene TxDb.Mmusculus.UCSC.mm10.knownGene
  TxDb.Mmusculus.UCSC.mm9.knownGene Views abline bowtie bowtie_build
  bplapply cdsBy download.file exons extractTranscriptSeqs genes
  matchPattern org.Hs.egSYMBOL org.Hs.egUCSCKG pairwiseAlignment
  pattern polygon read.table readDNAStringSet rect select seqlengths
  seqlengths<- seqlevelsStyle<- smoothScatter subjectHits transcripts
  translate unzip window write.table writeXStringSet
Consider adding
  importFrom("graphics", "abline", "polygon", "rect", "smoothScatter")
  importFrom("stats", "window")
  importFrom("utils", "download.file", "read.table", "unzip",
             "write.table")
to your NAMESPACE file.
* checking Rd files ... OK
* checking Rd metadata ... OK
* checking Rd cross-references ... OK
* checking for missing documentation entries ... OK
* checking for code/documentation mismatches ... OK
* checking Rd \usage sections ... OK
* checking Rd contents ... OK
* checking for unstated dependencies in examples ... OK
* checking line endings in C/C++/Fortran sources/headers ... OK
* checking compiled code ... NOTE
Note: information on .o files is not available
* checking files in ‘vignettes’ ... OK
* checking examples ... OK
Examples with CPU (user + system) or elapsed time > 5s
                 user system elapsed
fusionPeptides 29.784  0.108  30.037
subreadRun     12.452  8.548  21.076
plotCoverage   11.652  0.012  11.696
chimeraSeqSet  11.056  0.028  11.258
defuseTPTN     10.224  0.000  10.244
chimeraSeqs     7.232  0.032   7.277
class.fSet      6.220  0.024   6.267
* checking for unstated dependencies in vignettes ... OK
* checking package vignettes in ‘inst/doc’ ... OK
* checking running R code from vignettes ... SKIPPED
* checking re-building of vignette outputs ... SKIPPED
* checking PDF version of manual ... OK
* DONE

Status: 1 WARNING, 5 NOTEs
See
  ‘/home/biocbuild/bbs-3.12-bioc/meat/chimera.Rcheck/00check.log’
for details.



Installation output

chimera.Rcheck/00install.out

##############################################################################
##############################################################################
###
### Running command:
###
###   /home/biocbuild/bbs-3.12-bioc/R/bin/R CMD INSTALL chimera
###
##############################################################################
##############################################################################


* installing to library ‘/home/biocbuild/bbs-3.12-bioc/R/library’
* installing *source* package ‘chimera’ ...
** using staged installation
** libs
g++ -std=gnu++11 -I"/home/biocbuild/bbs-3.12-bioc/R/include" -DNDEBUG   -I/usr/local/include   -fpic  -g -O2  -Wall -c StarParser.cpp -o StarParser.o
g++ -std=gnu++11 -shared -L/home/biocbuild/bbs-3.12-bioc/R/lib -L/usr/local/lib -o chimera.so StarParser.o -L/home/biocbuild/bbs-3.12-bioc/R/lib -lR
installing to /home/biocbuild/bbs-3.12-bioc/R/library/00LOCK-chimera/00new/chimera/libs
** R
** inst
** byte-compile and prepare package for lazy loading
** help
*** installing help indices
** building package indices
** installing vignettes
** testing if installed package can be loaded from temporary location
Warning: Package 'chimera' is deprecated and will be removed from Bioconductor
  version 3.13
** checking absolute paths in shared objects and dynamic libraries
** testing if installed package can be loaded from final location
Warning: Package 'chimera' is deprecated and will be removed from Bioconductor
  version 3.13
** testing if installed package keeps a record of temporary installation path
* DONE (chimera)

Tests output


Example timings

chimera.Rcheck/chimera-Ex.timings

nameusersystemelapsed
MHmakeRandomString0.0000.0000.001
bam2fastq0.0000.0000.001
breakpointOverlaps2.6160.0842.718
chimeraSeqSet11.056 0.02811.258
chimeraSeqs7.2320.0327.277
class.fSet6.2200.0246.267
defuseTPTN10.224 0.00010.244
filterList3.7320.0003.738
filterSamReads0.0000.0000.001
fusionName3.9160.0003.922
fusionPeptides29.784 0.10830.037
gapfillerInstallation000
gapfillerRun000
gapfillerWrap000
importFusionData4.6280.0004.637
is.fSet4.0400.0044.046
newfSet0.0280.0000.028
oncofuseInstallation000
oncofuseRun000
picardInstallation000
plotCoverage11.652 0.01211.696
prettyPrint000
removingErrorLine000
starInstallation000
starReads0.0040.0000.001
starRun0.0000.0000.001
subreadRun12.452 8.54821.076
supportingReads3.7400.0683.812
tophatInstallation000
tophatRun0.0000.0000.001
validateSamFile000