Back to Multiple platform build/check report for BioC 3.18:   simplified   long
ABCDEFGHIJKLMNOPQR[S]TUVWXYZ

This page was generated on 2024-02-22 11:36:21 -0500 (Thu, 22 Feb 2024).

HostnameOSArch (*)R versionInstalled pkgs
nebbiolo2Linux (Ubuntu 22.04.3 LTS)x86_644.3.2 Patched (2023-11-13 r85521) -- "Eye Holes" 4691
palomino4Windows Server 2022 Datacenterx644.3.2 (2023-10-31 ucrt) -- "Eye Holes" 4444
lconwaymacOS 12.7.1 Montereyx86_644.3.2 Patched (2023-11-01 r85457) -- "Eye Holes" 4465
Click on any hostname to see more info about the system (e.g. compilers)      (*) as reported by 'uname -p', except on Windows and Mac OS X

Package 1902/2266HostnameOS / ArchINSTALLBUILDCHECKBUILD BIN
scTensor 2.12.0  (landing page)
Koki Tsuyuzaki
Snapshot Date: 2024-02-21 14:05:05 -0500 (Wed, 21 Feb 2024)
git_url: https://git.bioconductor.org/packages/scTensor
git_branch: RELEASE_3_18
git_last_commit: 40a43b3
git_last_commit_date: 2023-10-24 11:09:40 -0500 (Tue, 24 Oct 2023)
nebbiolo2Linux (Ubuntu 22.04.3 LTS) / x86_64  OK    OK    WARNINGS  UNNEEDED, same version is already published
palomino4Windows Server 2022 Datacenter / x64  OK    OK    WARNINGS    OK  UNNEEDED, same version is already published
lconwaymacOS 12.7.1 Monterey / x86_64  OK    OK    WARNINGS    OK  UNNEEDED, same version is already published
kjohnson1macOS 13.6.1 Ventura / arm64see weekly results here

CHECK results for scTensor on nebbiolo2


To the developers/maintainers of the scTensor package:
- Allow up to 24 hours (and sometimes 48 hours) for your latest push to git@git.bioconductor.org:packages/scTensor.git to reflect on this report. See Troubleshooting Build Report for more information.
- Use the following Renviron settings to reproduce errors and warnings.
- If 'R CMD check' started to fail recently on the Linux builder(s) over a missing dependency, add the missing dependency to 'Suggests:' in your DESCRIPTION file. See Renviron.bioc for more information.

raw results


Summary

Package: scTensor
Version: 2.12.0
Command: /home/biocbuild/bbs-3.18-bioc/R/bin/R CMD check --install=check:scTensor.install-out.txt --library=/home/biocbuild/bbs-3.18-bioc/R/site-library --timings scTensor_2.12.0.tar.gz
StartedAt: 2024-02-22 02:24:21 -0500 (Thu, 22 Feb 2024)
EndedAt: 2024-02-22 02:31:14 -0500 (Thu, 22 Feb 2024)
EllapsedTime: 413.0 seconds
RetCode: 0
Status:   WARNINGS  
CheckDir: scTensor.Rcheck
Warnings: 1

Command output

##############################################################################
##############################################################################
###
### Running command:
###
###   /home/biocbuild/bbs-3.18-bioc/R/bin/R CMD check --install=check:scTensor.install-out.txt --library=/home/biocbuild/bbs-3.18-bioc/R/site-library --timings scTensor_2.12.0.tar.gz
###
##############################################################################
##############################################################################


* using log directory ‘/home/biocbuild/bbs-3.18-bioc/meat/scTensor.Rcheck’
* using R version 4.3.2 Patched (2023-11-13 r85521)
* using platform: x86_64-pc-linux-gnu (64-bit)
* R was compiled by
    gcc (Ubuntu 11.4.0-1ubuntu1~22.04) 11.4.0
    GNU Fortran (Ubuntu 11.4.0-1ubuntu1~22.04) 11.4.0
* running under: Ubuntu 22.04.3 LTS
* using session charset: UTF-8
* checking for file ‘scTensor/DESCRIPTION’ ... OK
* checking extension type ... Package
* this is package ‘scTensor’ version ‘2.12.0’
* checking package namespace information ... OK
* checking package dependencies ... OK
* checking if this is a source package ... OK
* checking if there is a namespace ... OK
* checking for hidden files and directories ... OK
* checking for portable file names ... OK
* checking for sufficient/correct file permissions ... OK
* checking whether package ‘scTensor’ can be installed ... OK
* checking installed package size ... OK
* checking package directory ... OK
* checking ‘build’ directory ... OK
* checking DESCRIPTION meta-information ... OK
* checking top-level files ... OK
* checking for left-over files ... OK
* checking index information ... OK
* checking package subdirectories ... OK
* checking R files for non-ASCII characters ... OK
* checking R files for syntax errors ... OK
* checking whether the package can be loaded ... OK
* checking whether the package can be loaded with stated dependencies ... OK
* checking whether the package can be unloaded cleanly ... OK
* checking whether the namespace can be loaded with stated dependencies ... OK
* checking whether the namespace can be unloaded cleanly ... OK
* checking loading without being on the library search path ... OK
* checking dependencies in R code ... OK
* checking S3 generic/method consistency ... OK
* checking replacement functions ... OK
* checking foreign function calls ... OK
* checking R code for possible problems ... NOTE
.simulateDropoutCounts: no visible binding for global variable ‘v’
.simulateDropoutCounts: no visible binding for global variable ‘m’
Undefined global functions or variables:
  m v
* checking Rd files ... WARNING
checkRd: (5) newCCSParams.Rd:8: \item in \arguments must have non-empty label
* checking Rd metadata ... OK
* checking Rd cross-references ... OK
* checking for missing documentation entries ... OK
* checking for code/documentation mismatches ... OK
* checking Rd \usage sections ... OK
* checking Rd contents ... OK
* checking for unstated dependencies in examples ... OK
* checking contents of ‘data’ directory ... OK
* checking data for non-ASCII characters ... OK
* checking data for ASCII and uncompressed saves ... OK
* checking files in ‘vignettes’ ... OK
* checking examples ... OK
* checking for unstated dependencies in ‘tests’ ... OK
* checking tests ...
  Running ‘testthat.R’
 OK
* checking for unstated dependencies in vignettes ... OK
* checking package vignettes in ‘inst/doc’ ... OK
* checking running R code from vignettes ...
  ‘scTensor.Rmd’ using ‘UTF-8’... OK
  ‘scTensor_1_Data_format_ID_Conversion.Rmd’ using ‘UTF-8’... OK
  ‘scTensor_2_Report_Interpretation.Rmd’ using ‘UTF-8’... OK
  ‘scTensor_3_CCI_Simulation.Rmd’ using ‘UTF-8’... OK
  ‘scTensor_4_Reanalysis.Rmd’ using ‘UTF-8’... OK
 NONE
* checking re-building of vignette outputs ... OK
* checking PDF version of manual ... OK
* DONE

Status: 1 WARNING, 1 NOTE
See
  ‘/home/biocbuild/bbs-3.18-bioc/meat/scTensor.Rcheck/00check.log’
for details.



Installation output

scTensor.Rcheck/00install.out

##############################################################################
##############################################################################
###
### Running command:
###
###   /home/biocbuild/bbs-3.18-bioc/R/bin/R CMD INSTALL scTensor
###
##############################################################################
##############################################################################


* installing to library ‘/home/biocbuild/bbs-3.18-bioc/R/site-library’
* installing *source* package ‘scTensor’ ...
** using staged installation
** R
** data
** inst
** byte-compile and prepare package for lazy loading
Creating a new generic function for ‘show’ in package ‘scTensor’
** help
*** installing help indices
** building package indices
** installing vignettes
** testing if installed package can be loaded from temporary location
** testing if installed package can be loaded from final location
** testing if installed package keeps a record of temporary installation path
* DONE (scTensor)

Tests output

scTensor.Rcheck/tests/testthat.Rout


R version 4.3.2 Patched (2023-11-13 r85521) -- "Eye Holes"
Copyright (C) 2023 The R Foundation for Statistical Computing
Platform: x86_64-pc-linux-gnu (64-bit)

R is free software and comes with ABSOLUTELY NO WARRANTY.
You are welcome to redistribute it under certain conditions.
Type 'license()' or 'licence()' for distribution details.

R is a collaborative project with many contributors.
Type 'contributors()' for more information and
'citation()' on how to cite R or R packages in publications.

Type 'demo()' for some demos, 'help()' for on-line help, or
'help.start()' for an HTML browser interface to help.
Type 'q()' to quit R.

> library("testthat")
> library("scTensor")

> 
> options(testthat.use_colours = FALSE)
> 
> test_file("testthat/test_GermMale.R")

══ Testing test_GermMale.R ═════════════════════════════════════════════════════

[ FAIL 0 | WARN 0 | SKIP 0 | PASS 0 ]
[ FAIL 0 | WARN 0 | SKIP 0 | PASS 0 ]
[ FAIL 1 | WARN 0 | SKIP 0 | PASS 0 ]

── Failure ('test_GermMale.R:5:1'): (code run outside of `test_that()`) ────────
dim(GermMale) not equivalent to c(2547, 852).
1/2 mismatches
[1] 242 - 2547 == -2305

[ FAIL 1 | WARN 0 | SKIP 0 | PASS 0 ]
> test_file("testthat/test_tsneGermMale.R")

══ Testing test_tsneGermMale.R ═════════════════════════════════════════════════

[ FAIL 0 | WARN 0 | SKIP 0 | PASS 0 ]
[ FAIL 0 | WARN 0 | SKIP 0 | PASS 0 ]
[ FAIL 0 | WARN 0 | SKIP 0 | PASS 1 ] Done!
> test_file("testthat/test_labelGermMale.R")

══ Testing test_labelGermMale.R ════════════════════════════════════════════════

[ FAIL 0 | WARN 0 | SKIP 0 | PASS 0 ]
[ FAIL 0 | WARN 0 | SKIP 0 | PASS 0 ]
[ FAIL 0 | WARN 0 | SKIP 0 | PASS 1 ] Done!
> test_file("testthat/test_cellCellFunctions.R")

══ Testing test_cellCellFunctions.R ════════════════════════════════════════════

[ FAIL 0 | WARN 0 | SKIP 0 | PASS 0 ]
[ FAIL 0 | WARN 0 | SKIP 0 | PASS 0 ]
[ FAIL 1 | WARN 0 | SKIP 0 | PASS 0 ]

── Error ('test_cellCellFunctions.R:4:1'): (code run outside of `test_that()`) ──
<packageNotFoundError/error/condition>
Error in `library(LRBase.Hsa.eg.db)`: there is no package called 'LRBase.Hsa.eg.db'
Backtrace:
    ▆
 1. └─base::library(LRBase.Hsa.eg.db) at test_cellCellFunctions.R:4:1

[ FAIL 1 | WARN 0 | SKIP 0 | PASS 0 ]
> test_file("testthat/test_CCSParamsFunctions.R")

══ Testing test_CCSParamsFunctions.R ═══════════════════════════════════════════

[ FAIL 0 | WARN 0 | SKIP 0 | PASS 0 ]
[ FAIL 0 | WARN 0 | SKIP 0 | PASS 0 ]
[ FAIL 0 | WARN 0 | SKIP 0 | PASS 1 ]
[ FAIL 0 | WARN 0 | SKIP 0 | PASS 2 ]
[ FAIL 0 | WARN 0 | SKIP 0 | PASS 3 ]
[ FAIL 0 | WARN 0 | SKIP 0 | PASS 4 ]
[ FAIL 0 | WARN 0 | SKIP 0 | PASS 5 ]
[ FAIL 0 | WARN 0 | SKIP 0 | PASS 6 ]
[ FAIL 0 | WARN 0 | SKIP 0 | PASS 7 ]
[ FAIL 0 | WARN 0 | SKIP 0 | PASS 8 ]
[ FAIL 0 | WARN 0 | SKIP 0 | PASS 9 ]
[ FAIL 0 | WARN 0 | SKIP 0 | PASS 10 ]
[ FAIL 0 | WARN 0 | SKIP 0 | PASS 11 ] Done!
> 
> proc.time()
   user  system elapsed 
 14.430   1.117  15.537 

Example timings

scTensor.Rcheck/scTensor-Ex.timings

nameusersystemelapsed
GermMale0.0120.0000.011
cellCellDecomp0.0020.0000.002
cellCellRanks0.0010.0000.001
cellCellReport0.0030.0000.003
cellCellSetting0.0010.0000.001
cellCellSimulate0.0010.0000.000
getParam0.0010.0000.001
labelGermMale0.0020.0000.001
m0.0020.0000.001
newCCSParams000
scTensor-package000
setParam0.0010.0000.001
tsneGermMale0.0010.0000.001
v0.0020.0000.001