Back to Multiple platform build/check report for BioC 3.18:   simplified   long
ABCDEFGHIJKLMNOPQ[R]STUVWXYZ

This page was generated on 2024-02-28 11:36:17 -0500 (Wed, 28 Feb 2024).

HostnameOSArch (*)R versionInstalled pkgs
nebbiolo2Linux (Ubuntu 22.04.3 LTS)x86_644.3.2 Patched (2023-11-13 r85521) -- "Eye Holes" 4692
palomino4Windows Server 2022 Datacenterx644.3.2 (2023-10-31 ucrt) -- "Eye Holes" 4445
lconwaymacOS 12.7.1 Montereyx86_644.3.2 Patched (2023-11-01 r85457) -- "Eye Holes" 4466
Click on any hostname to see more info about the system (e.g. compilers)      (*) as reported by 'uname -p', except on Windows and Mac OS X

Package 1649/2266HostnameOS / ArchINSTALLBUILDCHECKBUILD BIN
raer 1.0.0  (landing page)
Kent Riemondy
Snapshot Date: 2024-02-27 14:05:07 -0500 (Tue, 27 Feb 2024)
git_url: https://git.bioconductor.org/packages/raer
git_branch: RELEASE_3_18
git_last_commit: e9fce7f
git_last_commit_date: 2023-10-24 11:52:07 -0500 (Tue, 24 Oct 2023)
nebbiolo2Linux (Ubuntu 22.04.3 LTS) / x86_64  OK    OK    WARNINGS  UNNEEDED, same version is already published
palomino4Windows Server 2022 Datacenter / x64  OK    OK    OK    OK  UNNEEDED, same version is already published
lconwaymacOS 12.7.1 Monterey / x86_64  OK    OK    WARNINGS    OK  UNNEEDED, same version is already published
kjohnson1macOS 13.6.1 Ventura / arm64see weekly results here

CHECK results for raer on nebbiolo2


To the developers/maintainers of the raer package:
- Allow up to 24 hours (and sometimes 48 hours) for your latest push to git@git.bioconductor.org:packages/raer.git to reflect on this report. See Troubleshooting Build Report for more information.
- Use the following Renviron settings to reproduce errors and warnings.
- If 'R CMD check' started to fail recently on the Linux builder(s) over a missing dependency, add the missing dependency to 'Suggests:' in your DESCRIPTION file. See Renviron.bioc for more information.

raw results


Summary

Package: raer
Version: 1.0.0
Command: /home/biocbuild/bbs-3.18-bioc/R/bin/R CMD check --install=check:raer.install-out.txt --library=/home/biocbuild/bbs-3.18-bioc/R/site-library --timings raer_1.0.0.tar.gz
StartedAt: 2024-02-28 01:31:08 -0500 (Wed, 28 Feb 2024)
EndedAt: 2024-02-28 01:42:55 -0500 (Wed, 28 Feb 2024)
EllapsedTime: 707.1 seconds
RetCode: 0
Status:   WARNINGS  
CheckDir: raer.Rcheck
Warnings: 1

Command output

##############################################################################
##############################################################################
###
### Running command:
###
###   /home/biocbuild/bbs-3.18-bioc/R/bin/R CMD check --install=check:raer.install-out.txt --library=/home/biocbuild/bbs-3.18-bioc/R/site-library --timings raer_1.0.0.tar.gz
###
##############################################################################
##############################################################################


* using log directory ‘/home/biocbuild/bbs-3.18-bioc/meat/raer.Rcheck’
* using R version 4.3.2 Patched (2023-11-13 r85521)
* using platform: x86_64-pc-linux-gnu (64-bit)
* R was compiled by
    gcc (Ubuntu 11.4.0-1ubuntu1~22.04) 11.4.0
    GNU Fortran (Ubuntu 11.4.0-1ubuntu1~22.04) 11.4.0
* running under: Ubuntu 22.04.3 LTS
* using session charset: UTF-8
* checking for file ‘raer/DESCRIPTION’ ... OK
* checking extension type ... Package
* this is package ‘raer’ version ‘1.0.0’
* package encoding: UTF-8
* checking package namespace information ... OK
* checking package dependencies ... OK
* checking if this is a source package ... OK
* checking if there is a namespace ... OK
* checking for hidden files and directories ... OK
* checking for portable file names ... OK
* checking for sufficient/correct file permissions ... OK
* checking whether package ‘raer’ can be installed ... OK
* used C compiler: ‘gcc (Ubuntu 11.4.0-1ubuntu1~22.04) 11.4.0’
* checking installed package size ... OK
* checking package directory ... OK
* checking ‘build’ directory ... OK
* checking DESCRIPTION meta-information ... OK
* checking top-level files ... OK
* checking for left-over files ... OK
* checking index information ... OK
* checking package subdirectories ... OK
* checking R files for non-ASCII characters ... OK
* checking R files for syntax errors ... OK
* checking whether the package can be loaded ... OK
* checking whether the package can be loaded with stated dependencies ... OK
* checking whether the package can be unloaded cleanly ... OK
* checking whether the namespace can be loaded with stated dependencies ... OK
* checking whether the namespace can be unloaded cleanly ... OK
* checking loading without being on the library search path ... OK
* checking dependencies in R code ... OK
* checking S3 generic/method consistency ... OK
* checking replacement functions ... OK
* checking foreign function calls ... OK
* checking R code for possible problems ... OK
* checking Rd files ... OK
* checking Rd metadata ... OK
* checking Rd cross-references ... OK
* checking for missing documentation entries ... OK
* checking for code/documentation mismatches ... OK
* checking Rd \usage sections ... OK
* checking Rd contents ... OK
* checking for unstated dependencies in examples ... OK
* checking line endings in C/C++/Fortran sources/headers ... OK
* checking line endings in Makefiles ... OK
* checking compilation flags in Makevars ... OK
* checking for GNU extensions in Makefiles ... NOTE
GNU make is a SystemRequirements.
* checking for portable use of $(BLAS_LIBS) and $(LAPACK_LIBS) ... OK
* checking use of PKG_*FLAGS in Makefiles ... OK
* checking compiled code ... WARNING
Note: information on .o files is not available
File ‘/home/biocbuild/bbs-3.18-bioc/R/site-library/raer/libs/raer.so’:
  Found ‘__sprintf_chk’, possibly from ‘sprintf’ (C)
  Found ‘abort’, possibly from ‘abort’ (C)
  Found ‘exit’, possibly from ‘exit’ (C)
  Found ‘stderr’, possibly from ‘stderr’ (C)
  Found ‘stdout’, possibly from ‘stdout’ (C)

Compiled code should not call entry points which might terminate R nor
write to stdout/stderr instead of to the console, nor use Fortran I/O
nor system RNGs nor [v]sprintf. The detected symbols are linked into
the code but might come from libraries and not actually be called.

See ‘Writing portable packages’ in the ‘Writing R Extensions’ manual.
* checking files in ‘vignettes’ ... OK
* checking examples ... OK
Examples with CPU (user + system) or elapsed time > 5s
                   user system elapsed
annot_snps       16.798  1.424  18.231
get_splice_sites  8.140  0.731   8.892
* checking for unstated dependencies in ‘tests’ ... OK
* checking tests ...
  Running ‘testthat.R’
 OK
* checking for unstated dependencies in vignettes ... OK
* checking package vignettes in ‘inst/doc’ ... OK
* checking running R code from vignettes ...
  ‘raer.Rmd’ using ‘UTF-8’... OK
 NONE
* checking re-building of vignette outputs ... OK
* checking PDF version of manual ... OK
* DONE

Status: 1 WARNING, 1 NOTE
See
  ‘/home/biocbuild/bbs-3.18-bioc/meat/raer.Rcheck/00check.log’
for details.



Installation output

raer.Rcheck/00install.out

##############################################################################
##############################################################################
###
### Running command:
###
###   /home/biocbuild/bbs-3.18-bioc/R/bin/R CMD INSTALL raer
###
##############################################################################
##############################################################################


* installing to library ‘/home/biocbuild/bbs-3.18-bioc/R/site-library’
* installing *source* package ‘raer’ ...
** using staged installation
** libs
using C compiler: ‘gcc (Ubuntu 11.4.0-1ubuntu1~22.04) 11.4.0’
gcc -I"/home/biocbuild/bbs-3.18-bioc/R/include" -DNDEBUG -D_FILE_OFFSET_BITS=64 -I'/home/biocbuild/bbs-3.18-bioc/R/site-library/Rhtslib/include' -I/usr/local/include    -fpic  -g -O2  -Wall -c init.c -o init.o
gcc -I"/home/biocbuild/bbs-3.18-bioc/R/include" -DNDEBUG -D_FILE_OFFSET_BITS=64 -I'/home/biocbuild/bbs-3.18-bioc/R/site-library/Rhtslib/include' -I/usr/local/include    -fpic  -g -O2  -Wall -c plp.c -o plp.o
gcc -I"/home/biocbuild/bbs-3.18-bioc/R/include" -DNDEBUG -D_FILE_OFFSET_BITS=64 -I'/home/biocbuild/bbs-3.18-bioc/R/site-library/Rhtslib/include' -I/usr/local/include    -fpic  -g -O2  -Wall -c plp_data.c -o plp_data.o
gcc -I"/home/biocbuild/bbs-3.18-bioc/R/include" -DNDEBUG -D_FILE_OFFSET_BITS=64 -I'/home/biocbuild/bbs-3.18-bioc/R/site-library/Rhtslib/include' -I/usr/local/include    -fpic  -g -O2  -Wall -c plp_utils.c -o plp_utils.o
gcc -I"/home/biocbuild/bbs-3.18-bioc/R/include" -DNDEBUG -D_FILE_OFFSET_BITS=64 -I'/home/biocbuild/bbs-3.18-bioc/R/site-library/Rhtslib/include' -I/usr/local/include    -fpic  -g -O2  -Wall -c regfile.c -o regfile.o
gcc -I"/home/biocbuild/bbs-3.18-bioc/R/include" -DNDEBUG -D_FILE_OFFSET_BITS=64 -I'/home/biocbuild/bbs-3.18-bioc/R/site-library/Rhtslib/include' -I/usr/local/include    -fpic  -g -O2  -Wall -c sc-plp.c -o sc-plp.o
gcc -I"/home/biocbuild/bbs-3.18-bioc/R/include" -DNDEBUG -D_FILE_OFFSET_BITS=64 -I'/home/biocbuild/bbs-3.18-bioc/R/site-library/Rhtslib/include' -I/usr/local/include    -fpic  -g -O2  -Wall -c utils.c -o utils.o
gcc -I"/home/biocbuild/bbs-3.18-bioc/R/include" -DNDEBUG -D_FILE_OFFSET_BITS=64 -I'/home/biocbuild/bbs-3.18-bioc/R/site-library/Rhtslib/include' -I/usr/local/include    -fpic  -g -O2  -Wall -c ext/bcftools/bcftools-ext.c -o ext/bcftools/bcftools-ext.o
gcc -I"/home/biocbuild/bbs-3.18-bioc/R/include" -DNDEBUG -D_FILE_OFFSET_BITS=64 -I'/home/biocbuild/bbs-3.18-bioc/R/site-library/Rhtslib/include' -I/usr/local/include    -fpic  -g -O2  -Wall -c ext/htsbox/htsbox-ext.c -o ext/htsbox/htsbox-ext.o
gcc -I"/home/biocbuild/bbs-3.18-bioc/R/include" -DNDEBUG -D_FILE_OFFSET_BITS=64 -I'/home/biocbuild/bbs-3.18-bioc/R/site-library/Rhtslib/include' -I/usr/local/include    -fpic  -g -O2  -Wall -c ext/samtools/samtools-ext.c -o ext/samtools/samtools-ext.o
gcc -shared -L/home/biocbuild/bbs-3.18-bioc/R/lib -L/usr/local/lib -o raer.so init.o plp.o plp_data.o plp_utils.o regfile.o sc-plp.o utils.o ext/bcftools/bcftools-ext.o ext/htsbox/htsbox-ext.o ext/samtools/samtools-ext.o /home/biocbuild/bbs-3.18-bioc/R/site-library/Rhtslib/usrlib/libhts.a -lcurl -lbz2 -llzma -lz -L/home/biocbuild/bbs-3.18-bioc/R/lib -lR
installing to /home/biocbuild/bbs-3.18-bioc/R/site-library/00LOCK-raer/00new/raer/libs
** R
** inst
** byte-compile and prepare package for lazy loading
** help
*** installing help indices
*** copying figures
** building package indices
** installing vignettes
** testing if installed package can be loaded from temporary location
** checking absolute paths in shared objects and dynamic libraries
** testing if installed package can be loaded from final location
** testing if installed package keeps a record of temporary installation path
* DONE (raer)

Tests output

raer.Rcheck/tests/testthat.Rout


R version 4.3.2 Patched (2023-11-13 r85521) -- "Eye Holes"
Copyright (C) 2023 The R Foundation for Statistical Computing
Platform: x86_64-pc-linux-gnu (64-bit)

R is free software and comes with ABSOLUTELY NO WARRANTY.
You are welcome to redistribute it under certain conditions.
Type 'license()' or 'licence()' for distribution details.

R is a collaborative project with many contributors.
Type 'contributors()' for more information and
'citation()' on how to cite R or R packages in publications.

Type 'demo()' for some demos, 'help()' for on-line help, or
'help.start()' for an HTML browser interface to help.
Type 'q()' to quit R.

> # This file is part of the standard setup for testthat.
> # It is recommended that you do not modify it.
> #
> # Where should you do additional test configuration?
> # Learn more about the roles of various files in:
> # * https://r-pkgs.org/tests.html
> # * https://testthat.r-lib.org/reference/test_package.html#special-files
> 
> library(testthat)
> library(raer)
> 
> test_check("raer")
Using classic mode.

Attaching package: 'GenomicAlignments'

The following object is masked from 'package:data.table':

    last

[raer internal] fail to parse region 'chr1' with /home/biocbuild/bbs-3.18-bioc/R/site-library/raer/extdata/SRR5564269_Aligned.sortedByCoord.out.md.bam
[raer internal] fail to parse region 'chrHello' with /home/biocbuild/bbs-3.18-bioc/R/site-library/raer/extdata/SRR5564269_Aligned.sortedByCoord.out.md.bam
Loading required package: SNPlocs.Hsapiens.dbSNP144.GRCh38
Loading required package: BSgenome
Loading required package: BiocIO

Attaching package: 'BiocIO'

The following object is masked from 'package:rtracklayer':

    FileForFormat

Loading required package: BSgenome.Hsapiens.NCBI.GRCh38
i `filter_clustered_variants()`:  removed 70 sites from 72 (2 remain)
i `filter_clustered_variants()`:  removed 3 sites from 9 (6 remain)
i `filter_clustered_variants()`:  removed 6 sites from 9 (3 remain)
[ FAIL 0 | WARN 1 | SKIP 0 | PASS 259 ]

[ FAIL 0 | WARN 1 | SKIP 0 | PASS 259 ]
> 
> proc.time()
   user  system elapsed 
 87.349   5.162  92.218 

Example timings

raer.Rcheck/raer-Ex.timings

nameusersystemelapsed
annot_from_gr0.8670.0890.957
annot_snps16.798 1.42418.231
calc_AEI1.7670.1521.919
calc_confidence0.2940.0000.294
calc_edit_frequency0.4860.0000.487
calc_scAEI1.1540.0041.160
correct_strand0.6100.0160.627
filter_clustered_variants1.3010.0401.340
filter_multiallelic0.2740.0040.278
filter_splice_variants1.1860.0281.214
find_de_sites1.2700.0321.302
find_mispriming_sites0.5670.0120.578
find_scde_sites2.1910.0522.244
get_overlapping_snps2.2520.0122.263
get_splice_sites8.1400.7318.892
make_de_object0.7410.0810.822
mock_rse0.2250.0040.229
pileup_cells1.0130.0431.057
pileup_sites2.4330.0162.449
raer_example0.0010.0000.001
read_sparray0.9440.0200.963