Back to Multiple platform build/check report for BioC 3.18:   simplified   long
ABCDEFGHIJKLMNO[P]QRSTUVWXYZ

This page was generated on 2024-02-28 11:36:16 -0500 (Wed, 28 Feb 2024).

HostnameOSArch (*)R versionInstalled pkgs
nebbiolo2Linux (Ubuntu 22.04.3 LTS)x86_644.3.2 Patched (2023-11-13 r85521) -- "Eye Holes" 4692
palomino4Windows Server 2022 Datacenterx644.3.2 (2023-10-31 ucrt) -- "Eye Holes" 4445
lconwaymacOS 12.7.1 Montereyx86_644.3.2 Patched (2023-11-01 r85457) -- "Eye Holes" 4466
Click on any hostname to see more info about the system (e.g. compilers)      (*) as reported by 'uname -p', except on Windows and Mac OS X

Package 1570/2266HostnameOS / ArchINSTALLBUILDCHECKBUILD BIN
podkat 1.34.0  (landing page)
Ulrich Bodenhofer
Snapshot Date: 2024-02-27 14:05:07 -0500 (Tue, 27 Feb 2024)
git_url: https://git.bioconductor.org/packages/podkat
git_branch: RELEASE_3_18
git_last_commit: 0a4ab12
git_last_commit_date: 2023-10-24 10:42:31 -0500 (Tue, 24 Oct 2023)
nebbiolo2Linux (Ubuntu 22.04.3 LTS) / x86_64  OK    OK    WARNINGS  UNNEEDED, same version is already published
palomino4Windows Server 2022 Datacenter / x64  OK    OK    OK    OK  UNNEEDED, same version is already published
lconwaymacOS 12.7.1 Monterey / x86_64  OK    OK    WARNINGS    OK  UNNEEDED, same version is already published
kjohnson1macOS 13.6.1 Ventura / arm64see weekly results here

CHECK results for podkat on nebbiolo2


To the developers/maintainers of the podkat package:
- Allow up to 24 hours (and sometimes 48 hours) for your latest push to git@git.bioconductor.org:packages/podkat.git to reflect on this report. See Troubleshooting Build Report for more information.
- Use the following Renviron settings to reproduce errors and warnings.
- If 'R CMD check' started to fail recently on the Linux builder(s) over a missing dependency, add the missing dependency to 'Suggests:' in your DESCRIPTION file. See Renviron.bioc for more information.

raw results


Summary

Package: podkat
Version: 1.34.0
Command: /home/biocbuild/bbs-3.18-bioc/R/bin/R CMD check --install=check:podkat.install-out.txt --library=/home/biocbuild/bbs-3.18-bioc/R/site-library --timings podkat_1.34.0.tar.gz
StartedAt: 2024-02-28 01:14:30 -0500 (Wed, 28 Feb 2024)
EndedAt: 2024-02-28 01:20:58 -0500 (Wed, 28 Feb 2024)
EllapsedTime: 387.8 seconds
RetCode: 0
Status:   WARNINGS  
CheckDir: podkat.Rcheck
Warnings: 1

Command output

##############################################################################
##############################################################################
###
### Running command:
###
###   /home/biocbuild/bbs-3.18-bioc/R/bin/R CMD check --install=check:podkat.install-out.txt --library=/home/biocbuild/bbs-3.18-bioc/R/site-library --timings podkat_1.34.0.tar.gz
###
##############################################################################
##############################################################################


* using log directory ‘/home/biocbuild/bbs-3.18-bioc/meat/podkat.Rcheck’
* using R version 4.3.2 Patched (2023-11-13 r85521)
* using platform: x86_64-pc-linux-gnu (64-bit)
* R was compiled by
    gcc (Ubuntu 11.4.0-1ubuntu1~22.04) 11.4.0
    GNU Fortran (Ubuntu 11.4.0-1ubuntu1~22.04) 11.4.0
* running under: Ubuntu 22.04.3 LTS
* using session charset: UTF-8
* checking for file ‘podkat/DESCRIPTION’ ... OK
* checking extension type ... Package
* this is package ‘podkat’ version ‘1.34.0’
* checking package namespace information ... OK
* checking package dependencies ... OK
* checking if this is a source package ... OK
* checking if there is a namespace ... OK
* checking for hidden files and directories ... OK
* checking for portable file names ... OK
* checking for sufficient/correct file permissions ... OK
* checking whether package ‘podkat’ can be installed ... OK
* used C++ compiler: ‘g++ (Ubuntu 11.4.0-1ubuntu1~22.04) 11.4.0’
* checking installed package size ... NOTE
  installed size is  8.6Mb
  sub-directories of 1Mb or more:
    R      1.1Mb
    libs   7.1Mb
* checking package directory ... OK
* checking ‘build’ directory ... OK
* checking DESCRIPTION meta-information ... OK
* checking top-level files ... OK
* checking for left-over files ... OK
* checking index information ... OK
* checking package subdirectories ... OK
* checking R files for non-ASCII characters ... OK
* checking R files for syntax errors ... OK
* checking whether the package can be loaded ... OK
* checking whether the package can be loaded with stated dependencies ... OK
* checking whether the package can be unloaded cleanly ... OK
* checking whether the namespace can be loaded with stated dependencies ... OK
* checking whether the namespace can be unloaded cleanly ... OK
* checking loading without being on the library search path ... OK
* checking dependencies in R code ... OK
* checking S3 generic/method consistency ... OK
* checking replacement functions ... OK
* checking foreign function calls ... OK
* checking R code for possible problems ... OK
* checking Rd files ... OK
* checking Rd metadata ... OK
* checking Rd cross-references ... OK
* checking for missing documentation entries ... OK
* checking for code/documentation mismatches ... OK
* checking Rd \usage sections ... OK
* checking Rd contents ... OK
* checking for unstated dependencies in examples ... OK
* checking contents of ‘data’ directory ... OK
* checking data for non-ASCII characters ... OK
* checking data for ASCII and uncompressed saves ... OK
* checking line endings in C/C++/Fortran sources/headers ... OK
* checking line endings in Makefiles ... OK
* checking compilation flags in Makevars ... OK
* checking for GNU extensions in Makefiles ... NOTE
GNU make is a SystemRequirements.
* checking for portable use of $(BLAS_LIBS) and $(LAPACK_LIBS) ... OK
* checking use of PKG_*FLAGS in Makefiles ... OK
* checking compiled code ... WARNING
Note: information on .o files is not available
File ‘/home/biocbuild/bbs-3.18-bioc/R/site-library/podkat/libs/podkat.so’:
  Found ‘__sprintf_chk’, possibly from ‘sprintf’ (C)
  Found ‘abort’, possibly from ‘abort’ (C)
  Found ‘exit’, possibly from ‘exit’ (C)
  Found ‘stderr’, possibly from ‘stderr’ (C)
  Found ‘stdout’, possibly from ‘stdout’ (C)

Compiled code should not call entry points which might terminate R nor
write to stdout/stderr instead of to the console, nor use Fortran I/O
nor system RNGs nor [v]sprintf. The detected symbols are linked into
the code but might come from libraries and not actually be called.

See ‘Writing portable packages’ in the ‘Writing R Extensions’ manual.
* checking files in ‘vignettes’ ... OK
* checking examples ... OK
Examples with CPU (user + system) or elapsed time > 5s
                    user system elapsed
unmaskedRegions   22.262  4.400  28.039
assocTest-methods 10.354  0.612  10.968
plot-methods       8.984  0.764   9.747
* checking for unstated dependencies in vignettes ... OK
* checking package vignettes in ‘inst/doc’ ... OK
* checking running R code from vignettes ...
  ‘podkat.Rnw’... OK
 NONE
* checking re-building of vignette outputs ... OK
* checking PDF version of manual ... OK
* DONE

Status: 1 WARNING, 2 NOTEs
See
  ‘/home/biocbuild/bbs-3.18-bioc/meat/podkat.Rcheck/00check.log’
for details.



Installation output

podkat.Rcheck/00install.out

##############################################################################
##############################################################################
###
### Running command:
###
###   /home/biocbuild/bbs-3.18-bioc/R/bin/R CMD INSTALL podkat
###
##############################################################################
##############################################################################


* installing to library ‘/home/biocbuild/bbs-3.18-bioc/R/site-library’
* installing *source* package ‘podkat’ ...
** using staged installation
** libs
using C++ compiler: ‘g++ (Ubuntu 11.4.0-1ubuntu1~22.04) 11.4.0’
g++ -std=gnu++17 -I"/home/biocbuild/bbs-3.18-bioc/R/include" -DNDEBUG -D_FILE_OFFSET_BITS=64 -I'/home/biocbuild/bbs-3.18-bioc/R/site-library/Rcpp/include' -I'/home/biocbuild/bbs-3.18-bioc/R/site-library/Rhtslib/include' -I/usr/local/include    -fpic  -g -O2  -Wall -c R_init_podkat.cpp -o R_init_podkat.o
g++ -std=gnu++17 -I"/home/biocbuild/bbs-3.18-bioc/R/include" -DNDEBUG -D_FILE_OFFSET_BITS=64 -I'/home/biocbuild/bbs-3.18-bioc/R/site-library/Rcpp/include' -I'/home/biocbuild/bbs-3.18-bioc/R/site-library/Rhtslib/include' -I/usr/local/include    -fpic  -g -O2  -Wall -c bernoulliExact.cpp -o bernoulliExact.o
g++ -std=gnu++17 -I"/home/biocbuild/bbs-3.18-bioc/R/include" -DNDEBUG -D_FILE_OFFSET_BITS=64 -I'/home/biocbuild/bbs-3.18-bioc/R/site-library/Rcpp/include' -I'/home/biocbuild/bbs-3.18-bioc/R/site-library/Rhtslib/include' -I/usr/local/include    -fpic  -g -O2  -Wall -c checkAndFixGenotype.cpp -o checkAndFixGenotype.o
g++ -std=gnu++17 -I"/home/biocbuild/bbs-3.18-bioc/R/include" -DNDEBUG -D_FILE_OFFSET_BITS=64 -I'/home/biocbuild/bbs-3.18-bioc/R/site-library/Rcpp/include' -I'/home/biocbuild/bbs-3.18-bioc/R/site-library/Rhtslib/include' -I/usr/local/include    -fpic  -g -O2  -Wall -c cumMax.cpp -o cumMax.o
g++ -std=gnu++17 -I"/home/biocbuild/bbs-3.18-bioc/R/include" -DNDEBUG -D_FILE_OFFSET_BITS=64 -I'/home/biocbuild/bbs-3.18-bioc/R/site-library/Rcpp/include' -I'/home/biocbuild/bbs-3.18-bioc/R/site-library/Rhtslib/include' -I/usr/local/include    -fpic  -g -O2  -Wall -c doubleMale.cpp -o doubleMale.o
g++ -std=gnu++17 -I"/home/biocbuild/bbs-3.18-bioc/R/include" -DNDEBUG -D_FILE_OFFSET_BITS=64 -I'/home/biocbuild/bbs-3.18-bioc/R/site-library/Rcpp/include' -I'/home/biocbuild/bbs-3.18-bioc/R/site-library/Rhtslib/include' -I/usr/local/include    -fpic  -g -O2  -Wall -c kernels.cpp -o kernels.o
g++ -std=gnu++17 -I"/home/biocbuild/bbs-3.18-bioc/R/include" -DNDEBUG -D_FILE_OFFSET_BITS=64 -I'/home/biocbuild/bbs-3.18-bioc/R/site-library/Rcpp/include' -I'/home/biocbuild/bbs-3.18-bioc/R/site-library/Rhtslib/include' -I/usr/local/include    -fpic  -g -O2  -Wall -c pValues.cpp -o pValues.o
g++ -std=gnu++17 -I"/home/biocbuild/bbs-3.18-bioc/R/include" -DNDEBUG -D_FILE_OFFSET_BITS=64 -I'/home/biocbuild/bbs-3.18-bioc/R/site-library/Rcpp/include' -I'/home/biocbuild/bbs-3.18-bioc/R/site-library/Rhtslib/include' -I/usr/local/include    -fpic  -g -O2  -Wall -c partitionRegions.cpp -o partitionRegions.o
g++ -std=gnu++17 -I"/home/biocbuild/bbs-3.18-bioc/R/include" -DNDEBUG -D_FILE_OFFSET_BITS=64 -I'/home/biocbuild/bbs-3.18-bioc/R/site-library/Rcpp/include' -I'/home/biocbuild/bbs-3.18-bioc/R/site-library/Rhtslib/include' -I/usr/local/include    -fpic  -g -O2  -Wall -c qfc.cpp -o qfc.o
g++ -std=gnu++17 -I"/home/biocbuild/bbs-3.18-bioc/R/include" -DNDEBUG -D_FILE_OFFSET_BITS=64 -I'/home/biocbuild/bbs-3.18-bioc/R/site-library/Rcpp/include' -I'/home/biocbuild/bbs-3.18-bioc/R/site-library/Rhtslib/include' -I/usr/local/include    -fpic  -g -O2  -Wall -c readGenotypeMatrix.cpp -o readGenotypeMatrix.o
g++ -std=gnu++17 -I"/home/biocbuild/bbs-3.18-bioc/R/include" -DNDEBUG -D_FILE_OFFSET_BITS=64 -I'/home/biocbuild/bbs-3.18-bioc/R/site-library/Rcpp/include' -I'/home/biocbuild/bbs-3.18-bioc/R/site-library/Rhtslib/include' -I/usr/local/include    -fpic  -g -O2  -Wall -c readVariantInfo.cpp -o readVariantInfo.o
g++ -std=gnu++17 -shared -L/home/biocbuild/bbs-3.18-bioc/R/lib -L/usr/local/lib -o podkat.so R_init_podkat.o bernoulliExact.o checkAndFixGenotype.o cumMax.o doubleMale.o kernels.o pValues.o partitionRegions.o qfc.o readGenotypeMatrix.o readVariantInfo.o /home/biocbuild/bbs-3.18-bioc/R/site-library/Rhtslib/usrlib/libhts.a -lcurl -lbz2 -llzma -lz -L/home/biocbuild/bbs-3.18-bioc/R/lib -lR
installing to /home/biocbuild/bbs-3.18-bioc/R/site-library/00LOCK-podkat/00new/podkat/libs
** R
** data
** inst
** byte-compile and prepare package for lazy loading
Creating a generic function for ‘p.adjust’ from package ‘stats’ in package ‘podkat’
** help
*** installing help indices
** building package indices
** installing vignettes
** testing if installed package can be loaded from temporary location
** checking absolute paths in shared objects and dynamic libraries
** testing if installed package can be loaded from final location
** testing if installed package keeps a record of temporary installation path
* DONE (podkat)

Tests output


Example timings

podkat.Rcheck/podkat-Ex.timings

nameusersystemelapsed
AssocTestResult-class0.4550.0310.489
AssocTestResultRanges-class1.3660.0751.442
GenotypeMatrix-class3.9640.2164.180
NullModel-class1.8000.1361.936
VariantInfo-class0.2590.0080.267
assocTest-methods10.354 0.61210.968
computeKernel0.0030.0000.003
filterResult-methods1.1610.0441.204
genotypeMatrix-methods0.6870.0480.735
hgA0.0200.0000.021
nullModel-methods0.6800.0440.724
p.adjust-methods0.8690.0040.873
partitionRegions-methods0.6870.0160.702
plot-methods8.9840.7649.747
podkat-package1.0220.0081.030
print-methods0.9860.0241.011
qqplot-methods1.5870.0521.639
readGenotypeMatrix-methods0.2270.0040.230
readRegionsFromBedFile0.0290.0000.030
readSampleNamesFromVcfHeader0.0350.0000.035
readVariantInfo-methods0.2680.0000.268
sort-methods0.9240.0320.956
split-methods2.4620.0722.538
unmasked-datasets0.3710.0000.370
unmaskedRegions22.262 4.40028.039
weightFuncs0.0050.0010.006
weights-methods1.1320.0071.138