Back to Multiple platform build/check report for BioC 3.17:   simplified   long
[A]BCDEFGHIJKLMNOPQRSTUVWXYZ

This page was generated on 2023-09-22 11:37:06 -0400 (Fri, 22 Sep 2023).

HostnameOSArch (*)R versionInstalled pkgs
nebbiolo1Linux (Ubuntu 22.04.2 LTS)x86_644.3.1 (2023-06-16) -- "Beagle Scouts" 4625
palomino3Windows Server 2022 Datacenterx644.3.1 (2023-06-16 ucrt) -- "Beagle Scouts" 4378
merida1macOS 12.6.4 Montereyx86_644.3.1 (2023-06-16) -- "Beagle Scouts" 4394
Click on any hostname to see more info about the system (e.g. compilers)      (*) as reported by 'uname -p', except on Windows and Mac OS X

Package 64/2230HostnameOS / ArchINSTALLBUILDCHECKBUILD BIN
animalcules 1.16.0  (landing page)
Yue Zhao
Snapshot Date: 2023-09-21 14:00:15 -0400 (Thu, 21 Sep 2023)
git_url: https://git.bioconductor.org/packages/animalcules
git_branch: RELEASE_3_17
git_last_commit: e7416c0
git_last_commit_date: 2023-04-25 11:10:12 -0400 (Tue, 25 Apr 2023)
nebbiolo1Linux (Ubuntu 22.04.2 LTS) / x86_64  OK    OK    ERROR  
palomino3Windows Server 2022 Datacenter / x64  OK    OK    WARNINGS    OK  UNNEEDED, same version is already published
merida1macOS 12.6.4 Monterey / x86_64  OK    OK    WARNINGS    OK  UNNEEDED, same version is already published

CHECK results for animalcules on merida1


To the developers/maintainers of the animalcules package:
- Allow up to 24 hours (and sometimes 48 hours) for your latest push to git@git.bioconductor.org:packages/animalcules.git to reflect on this report. See Troubleshooting Build Report for more information.
- Use the following Renviron settings to reproduce errors and warnings.
- If 'R CMD check' started to fail recently on the Linux builder(s) over a missing dependency, add the missing dependency to 'Suggests:' in your DESCRIPTION file. See Renviron.bioc for more information.

raw results


Summary

Package: animalcules
Version: 1.16.0
Command: /Library/Frameworks/R.framework/Resources/bin/R CMD check --install=check:animalcules.install-out.txt --library=/Library/Frameworks/R.framework/Resources/library --no-vignettes --timings animalcules_1.16.0.tar.gz
StartedAt: 2023-09-21 22:54:38 -0400 (Thu, 21 Sep 2023)
EndedAt: 2023-09-21 23:06:06 -0400 (Thu, 21 Sep 2023)
EllapsedTime: 687.3 seconds
RetCode: 0
Status:   WARNINGS  
CheckDir: animalcules.Rcheck
Warnings: 1

Command output

##############################################################################
##############################################################################
###
### Running command:
###
###   /Library/Frameworks/R.framework/Resources/bin/R CMD check --install=check:animalcules.install-out.txt --library=/Library/Frameworks/R.framework/Resources/library --no-vignettes --timings animalcules_1.16.0.tar.gz
###
##############################################################################
##############################################################################


* using log directory ‘/Users/biocbuild/bbs-3.17-bioc/meat/animalcules.Rcheck’
* using R version 4.3.1 (2023-06-16)
* using platform: x86_64-apple-darwin20 (64-bit)
* R was compiled by
    Apple clang version 14.0.3 (clang-1403.0.22.14.1)
    GNU Fortran (GCC) 12.2.0
* running under: macOS Monterey 12.6.4
* using session charset: UTF-8
* using option ‘--no-vignettes’
* checking for file ‘animalcules/DESCRIPTION’ ... OK
* this is package ‘animalcules’ version ‘1.16.0’
* package encoding: UTF-8
* checking package namespace information ... OK
* checking package dependencies ... OK
* checking if this is a source package ... OK
* checking if there is a namespace ... OK
* checking for hidden files and directories ... OK
* checking for portable file names ... OK
* checking for sufficient/correct file permissions ... OK
* checking whether package ‘animalcules’ can be installed ... WARNING
Found the following significant warnings:
  Warning: replacing previous import ‘SummarizedExperiment::rownames’ by ‘biomformat::rownames’ when loading ‘animalcules’
  Warning: replacing previous import ‘SummarizedExperiment::colnames’ by ‘biomformat::colnames’ when loading ‘animalcules’
  Warning: replacing previous import ‘ape::where’ by ‘dplyr::where’ when loading ‘animalcules’
See ‘/Users/biocbuild/bbs-3.17-bioc/meat/animalcules.Rcheck/00install.out’ for details.
* checking installed package size ... OK
* checking package directory ... OK
* checking ‘build’ directory ... OK
* checking DESCRIPTION meta-information ... OK
* checking top-level files ... OK
* checking for left-over files ... OK
* checking index information ... OK
* checking package subdirectories ... OK
* checking R files for non-ASCII characters ... OK
* checking R files for syntax errors ... OK
* checking whether the package can be loaded ... OK
* checking whether the package can be loaded with stated dependencies ... OK
* checking whether the package can be unloaded cleanly ... OK
* checking whether the namespace can be loaded with stated dependencies ... OK
* checking whether the namespace can be unloaded cleanly ... OK
* checking dependencies in R code ... OK
* checking S3 generic/method consistency ... OK
* checking replacement functions ... OK
* checking foreign function calls ... OK
* checking R code for possible problems ... NOTE
alpha_div_boxplot: no visible binding for global variable ‘richness’
differential_abundance: no visible binding for global variable ‘padj’
differential_abundance: no visible binding for global variable ‘pValue’
differential_abundance: no visible binding for global variable
  ‘log2FoldChange’
diversities_help: no visible binding for global variable ‘x’
find_biomarker: no visible binding for global variable ‘rowname’
find_biomarker: no visible binding for global variable ‘importance’
find_biomarker: no visible binding for global variable ‘.’
find_biomarker: no visible binding for global variable ‘Overall’
find_biomarker: no visible binding for global variable ‘y’
find_biomarker: no visible binding for global variable ‘m’
find_biomarker: no visible binding for global variable ‘d’
relabu_barplot: no visible binding for global variable ‘.’
relabu_boxplot: no visible binding for global variable ‘.’
relabu_heatmap: no visible binding for global variable ‘.’
upsample_counts: no visible binding for global variable ‘.’
Undefined global functions or variables:
  . Overall d importance log2FoldChange m pValue padj richness rowname
  x y
* checking Rd files ... OK
* checking Rd metadata ... OK
* checking Rd cross-references ... OK
* checking for missing documentation entries ... OK
* checking for code/documentation mismatches ... OK
* checking Rd \usage sections ... OK
* checking Rd contents ... OK
* checking for unstated dependencies in examples ... OK
* checking files in ‘vignettes’ ... OK
* checking examples ... OK
Examples with CPU (user + system) or elapsed time > 5s
                         user system elapsed
dimred_tsne            14.514  0.233  19.489
differential_abundance  9.934  0.263  13.304
find_biomarker          8.668  0.076  11.617
* checking for unstated dependencies in ‘tests’ ... OK
* checking tests ...
  Running ‘testthat.R’
 OK
* checking for unstated dependencies in vignettes ... OK
* checking package vignettes in ‘inst/doc’ ... OK
* checking running R code from vignettes ... SKIPPED
* checking re-building of vignette outputs ... SKIPPED
* checking PDF version of manual ... OK
* DONE

Status: 1 WARNING, 1 NOTE
See
  ‘/Users/biocbuild/bbs-3.17-bioc/meat/animalcules.Rcheck/00check.log’
for details.



Installation output

animalcules.Rcheck/00install.out

##############################################################################
##############################################################################
###
### Running command:
###
###   /Library/Frameworks/R.framework/Resources/bin/R CMD INSTALL animalcules
###
##############################################################################
##############################################################################


* installing to library ‘/Library/Frameworks/R.framework/Versions/4.3-x86_64/Resources/library’
* installing *source* package ‘animalcules’ ...
** using staged installation
** R
** inst
** byte-compile and prepare package for lazy loading
Warning: replacing previous import ‘SummarizedExperiment::rownames’ by ‘biomformat::rownames’ when loading ‘animalcules’
Warning: replacing previous import ‘SummarizedExperiment::colnames’ by ‘biomformat::colnames’ when loading ‘animalcules’
Warning: replacing previous import ‘ape::where’ by ‘dplyr::where’ when loading ‘animalcules’
** help
*** installing help indices
** building package indices
** installing vignettes
** testing if installed package can be loaded from temporary location
Warning: replacing previous import ‘SummarizedExperiment::rownames’ by ‘biomformat::rownames’ when loading ‘animalcules’
Warning: replacing previous import ‘SummarizedExperiment::colnames’ by ‘biomformat::colnames’ when loading ‘animalcules’
Warning: replacing previous import ‘ape::where’ by ‘dplyr::where’ when loading ‘animalcules’
** testing if installed package can be loaded from final location
Warning: replacing previous import ‘SummarizedExperiment::rownames’ by ‘biomformat::rownames’ when loading ‘animalcules’
Warning: replacing previous import ‘SummarizedExperiment::colnames’ by ‘biomformat::colnames’ when loading ‘animalcules’
Warning: replacing previous import ‘ape::where’ by ‘dplyr::where’ when loading ‘animalcules’
** testing if installed package keeps a record of temporary installation path
* DONE (animalcules)

Tests output

animalcules.Rcheck/tests/testthat.Rout


R version 4.3.1 (2023-06-16) -- "Beagle Scouts"
Copyright (C) 2023 The R Foundation for Statistical Computing
Platform: x86_64-apple-darwin20 (64-bit)

R is free software and comes with ABSOLUTELY NO WARRANTY.
You are welcome to redistribute it under certain conditions.
Type 'license()' or 'licence()' for distribution details.

R is a collaborative project with many contributors.
Type 'contributors()' for more information and
'citation()' on how to cite R or R packages in publications.

Type 'demo()' for some demos, 'help()' for on-line help, or
'help.start()' for an HTML browser interface to help.
Type 'q()' to quit R.

> library(testthat)
> library(animalcules)
Warning messages:
1: replacing previous import 'SummarizedExperiment::rownames' by 'biomformat::rownames' when loading 'animalcules' 
2: replacing previous import 'SummarizedExperiment::colnames' by 'biomformat::colnames' when loading 'animalcules' 
3: replacing previous import 'ape::where' by 'dplyr::where' when loading 'animalcules' 
> 
> test_check("animalcules")
[ FAIL 0 | WARN 8 | SKIP 0 | PASS 38 ]

[ FAIL 0 | WARN 8 | SKIP 0 | PASS 38 ]
> 
> proc.time()
   user  system elapsed 
 60.320   1.903  79.570 

Example timings

animalcules.Rcheck/animalcules-Ex.timings

nameusersystemelapsed
alpha_div_boxplot1.0650.1151.521
alpha_div_test0.0070.0000.011
counts_to_logcpm0.0020.0010.003
counts_to_relabu0.0050.0010.009
df_char_to_factor0.0010.0010.002
differential_abundance 9.934 0.26313.304
dimred_pca0.3470.0660.546
dimred_pcoa0.2660.0690.419
dimred_tsne14.514 0.23319.489
dimred_umap0.8520.0731.255
diversities0.0000.0000.002
diversities_help0.0010.0010.001
diversity_beta_boxplot0.5010.0620.768
diversity_beta_heatmap0.4490.0650.700
diversity_beta_test0.1920.0020.252
do_alpha_div_test0.0990.0020.125
filter_categorize0.5160.1370.837
filter_summary_bar_density0.6270.0630.869
filter_summary_pie_box0.4500.0590.657
find_biomarker 8.668 0.07611.617
find_taxon_mat0.3940.0231.117
find_taxonomy0.0510.0010.565
find_taxonomy_3000.0500.0010.618
gini_simpson0.0010.0010.001
grep_tid0.0000.0010.001
inverse_simpson000
is_categorical0.0010.0000.001
is_integer00.0000.0010.001
is_integer10.0000.0010.001
mae_pick_organisms0.2000.0020.209
mae_pick_samples0.1440.0010.172
pct2str0.0010.0010.001
percent0.0000.0010.001
relabu_barplot2.4170.0703.159
relabu_boxplot0.3360.0890.542
relabu_heatmap0.2670.0660.416
run_animalcules000
shannon0.0010.0000.001
simpson_index0.0000.0000.001
upsample_counts0.0230.0020.030